000
CXUS54 KJAN 030232
CLMGLH


CLIMATE REPORT
NATIONAL WEATHER SERVICE JACKSON MS
930 PM CDT TUE SEP 2 2014

...................................

...THE GREENVILLE CLIMATE SUMMARY FOR THE MONTH OF AUGUST 2014...

CLIMATE NORMAL PERIOD 1981 TO 2010
CLIMATE RECORD PERIOD 1920 TO 2014

WEATHER         OBSERVED          NORMAL  DEPART  LAST YEAR`S
                 VALUE   DATE(S)  VALUE   FROM    VALUE  DATE(S)
                                          NORMAL
................................................................
TEMPERATURE (F)
RECORD
 HIGH             107   08/08/1935
                        08/08/1930
 LOW               50   08/14/2004
HIGHEST            96   08/25        MM      MM       98  08/31
                        08/24                             08/09
                                                          08/07
LOWEST             60   08/14        MM      MM       60  08/16
AVG. MAXIMUM     90.8              92.1    -1.3     92.9
AVG. MINIMUM     70.1              70.8    -0.7     69.5
MEAN             80.4              81.5    -1.1     81.2
DAYS MAX >= 90     21              21.6    -0.6       25
DAYS MAX <= 32      0               0.0     0.0        0
DAYS MIN <= 32      0               0.0     0.0        0
DAYS MIN <= 0       0               0.0     0.0        0

PRECIPITATION (INCHES)
RECORD
 MAXIMUM         8.10   1923
 MINIMUM         0.05   1983
TOTALS           3.90              2.46    1.44     0.78
DAILY AVG.       0.13              0.08    0.05     0.03
DAYS >= .01         9                MM      MM        5
DAYS >= .10         7                MM      MM        2
DAYS >= .50         3                MM      MM        0
DAYS >= 1.00        1                MM      MM        0
GREATEST
 24 HR. TOTAL    1.81   08/10 TO 08/11              0.37

SNOWFALL (INCHES)
TOTALS            0.0

DEGREE_DAYS
HEATING TOTAL       0                 0       0        0
 SINCE 7/1          0                 0       0        0
COOLING TOTAL     488               510     -22      508
 SINCE 1/1       1667              1779    -112     1727
.................................................................

WIND (MPH)
AVERAGE WIND SPEED              4.6
HIGHEST WIND SPEED/DIRECTION    39/320    DATE  08/10
HIGHEST GUST SPEED/DIRECTION    53/310    DATE  08/10

SKY COVER
POSSIBLE SUNSHINE (PERCENT)   MM
AVERAGE SKY COVER           0.20
NUMBER OF DAYS FAIR           26
NUMBER OF DAYS PC              2
NUMBER OF DAYS CLOUDY          3

AVERAGE RH (PERCENT)     74

WEATHER CONDITIONS. NUMBER OF DAYS WITH
THUNDERSTORM              9     MIXED PRECIP               0
HEAVY RAIN                6     RAIN                       8
LIGHT RAIN               10     FREEZING RAIN              0
LT FREEZING RAIN          0     HAIL                       0
HEAVY SNOW                0     SNOW                       0
LIGHT SNOW                0     SLEET                      0
FOG                      26     FOG W/VIS <= 1/4 MILE      7
HAZE                     12

-  INDICATES NEGATIVE NUMBERS.
R  INDICATES RECORD WAS SET OR TIED.
MM INDICATES DATA IS MISSING.
T  INDICATES TRACE AMOUNT.

$$
