000
CXUS54 KJAN 011235
CLMGLH


CLIMATE REPORT
NATIONAL WEATHER SERVICE JACKSON MS
733 AM CDT FRI JUL 1 2016

...................................

...THE GREENVILLE CLIMATE SUMMARY FOR THE MONTH OF JUNE 2016...

CLIMATE NORMAL PERIOD 1981 TO 2010
CLIMATE RECORD PERIOD 1920 TO 2016

WEATHER         OBSERVED          NORMAL  DEPART  LAST YEAR`S
                 VALUE   DATE(S)  VALUE   FROM    VALUE  DATE(S)
                                          NORMAL
................................................................
TEMPERATURE (F)
RECORD
 HIGH             105   06/20/1936
 LOW               49   06/03/1956
HIGHEST            98   06/26        MM      MM       98  06/24
LOWEST             62   06/07        MM      MM       59  06/03
AVG. MAXIMUM     91.5              89.1     2.4     91.0
AVG. MINIMUM     71.4              68.9     2.5     70.2
MEAN             81.5              79.0     2.5     80.6
DAYS MAX >= 90     23              13.8     9.2       23
DAYS MAX <= 32      0               0.0     0.0        0
DAYS MIN <= 32      0               0.0     0.0        0
DAYS MIN <= 0       0               0.0     0.0        0

PRECIPITATION (INCHES)
RECORD
 MAXIMUM         9.63   1957
 MINIMUM            T   1952
TOTALS           1.25              4.04   -2.79     1.52
DAILY AVG.       0.04              0.13   -0.09     0.05
DAYS >= .01         5                MM      MM        6
DAYS >= .10         4                MM      MM        3
DAYS >= .50         0                MM      MM        1
DAYS >= 1.00        0                MM      MM        1
GREATEST
 24 HR. TOTAL    0.50   06/02 TO 06/03              1.16

SNOWFALL (INCHES)
TOTALS            0.0

DEGREE_DAYS
HEATING TOTAL       0                 0       0        0
 SINCE 7/1       1925              2774    -849     2869
COOLING TOTAL     500               420      80      476
 SINCE 1/1        842               742     100      857
.................................................................

WIND (MPH)
AVERAGE WIND SPEED              5.8
HIGHEST WIND SPEED/DIRECTION    29/130    DATE  06/02
HIGHEST GUST SPEED/DIRECTION    39/150    DATE  06/02

SKY COVER
POSSIBLE SUNSHINE (PERCENT)   MM
AVERAGE SKY COVER           0.20
NUMBER OF DAYS FAIR           25
NUMBER OF DAYS PC              5
NUMBER OF DAYS CLOUDY          0

AVERAGE RH (PERCENT)     70

WEATHER CONDITIONS. NUMBER OF DAYS WITH
THUNDERSTORM              6     MIXED PRECIP               0
HEAVY RAIN                3     RAIN                       4
LIGHT RAIN                8     FREEZING RAIN              0
LT FREEZING RAIN          0     HAIL                       0
HEAVY SNOW                0     SNOW                       0
LIGHT SNOW                0     SLEET                      0
FOG                      12     FOG W/VIS <= 1/4 MILE      0
HAZE                      5

-  INDICATES NEGATIVE NUMBERS.
R  INDICATES RECORD WAS SET OR TIED.
MM INDICATES DATA IS MISSING.
T  INDICATES TRACE AMOUNT.

$$
