000
CXUS54 KJAN 012010
CLMGLH


CLIMATE REPORT
NATIONAL WEATHER SERVICE JACKSON MS
307 PM CDT TUE SEP 1 2015

...................................

...THE GREENVILLE CLIMATE SUMMARY FOR THE MONTH OF AUGUST 2015...

CLIMATE NORMAL PERIOD 1981 TO 2010
CLIMATE RECORD PERIOD 1920 TO 2015

WEATHER         OBSERVED          NORMAL  DEPART  LAST YEAR`S
                 VALUE   DATE(S)  VALUE   FROM    VALUE  DATE(S)
                                          NORMAL
................................................................
TEMPERATURE (F)
RECORD
 HIGH             107   08/08/1935
                        08/08/1930
 LOW               50   08/14/2004
HIGHEST            99   08/10        MM      MM       96  08/25
                        08/09                             08/24
                        08/04
LOWEST             56   08/27        MM      MM       60  08/14
AVG. MAXIMUM     92.8              92.1     0.7     90.8
AVG. MINIMUM     69.5              70.8    -1.3     70.1
MEAN             81.1              81.5    -0.4     80.4
DAYS MAX >= 90     24              21.6     2.4       21
DAYS MAX <= 32      0               0.0     0.0        0
DAYS MIN <= 32      0               0.0     0.0        0
DAYS MIN <= 0       0               0.0     0.0        0

PRECIPITATION (INCHES)
RECORD
 MAXIMUM         8.10   1923
 MINIMUM         0.05   1983
TOTALS           1.76              2.46   -0.70     3.90
DAILY AVG.       0.06              0.08   -0.02     0.13
DAYS >= .01         5                MM      MM        9
DAYS >= .10         3                MM      MM        7
DAYS >= .50         1                MM      MM        3
DAYS >= 1.00        1                MM      MM        1
GREATEST
 24 HR. TOTAL    1.11   08/16 TO 08/16              1.81

SNOWFALL (INCHES)
TOTALS            0.0

DEGREE_DAYS
HEATING TOTAL       0                 0       0        0
 SINCE 7/1          0                 0       0        0
COOLING TOTAL     507               510      -3      488
 SINCE 1/1       1964              1779     185     1667
.................................................................

WIND (MPH)
AVERAGE WIND SPEED              5.8
HIGHEST WIND SPEED/DIRECTION    28/070    DATE  08/15
HIGHEST GUST SPEED/DIRECTION    36/320    DATE  08/19

SKY COVER
POSSIBLE SUNSHINE (PERCENT)   MM
AVERAGE SKY COVER           0.20
NUMBER OF DAYS FAIR           27
NUMBER OF DAYS PC              2
NUMBER OF DAYS CLOUDY          2

AVERAGE RH (PERCENT)     67

WEATHER CONDITIONS. NUMBER OF DAYS WITH
THUNDERSTORM              6     MIXED PRECIP               0
HEAVY RAIN                2     RAIN                       3
LIGHT RAIN                8     FREEZING RAIN              0
LT FREEZING RAIN          0     HAIL                       0
HEAVY SNOW                0     SNOW                       0
LIGHT SNOW                0     SLEET                      0
FOG                      16     FOG W/VIS <= 1/4 MILE      0
HAZE                     13

-  INDICATES NEGATIVE NUMBERS.
R  INDICATES RECORD WAS SET OR TIED.
MM INDICATES DATA IS MISSING.
T  INDICATES TRACE AMOUNT.

$$
