000
CXUS54 KJAN 020316
CLMGLH


CLIMATE REPORT
NATIONAL WEATHER SERVICE JACKSON MS
915 PM CST SUN FEB 1 2015

...................................

...THE GREENVILLE CLIMATE SUMMARY FOR THE MONTH OF JANUARY 2015...

CLIMATE NORMAL PERIOD 1981 TO 2010
CLIMATE RECORD PERIOD 1920 TO 2015

WEATHER         OBSERVED          NORMAL  DEPART  LAST YEAR`S
                 VALUE   DATE(S)  VALUE   FROM    VALUE  DATE(S)
                                          NORMAL
................................................................
TEMPERATURE (F)
RECORD
 HIGH              90   01/25/1950
 LOW                0   01/11/1982
                        01/12/1962
                        01/11/1962
HIGHEST            71   01/29        MM      MM       69  01/20
LOWEST             13   01/08        MM      MM        8  01/29
AVG. MAXIMUM     51.8              51.8     0.0     50.6
AVG. MINIMUM     32.5              32.8    -0.3     25.9
MEAN             42.2              42.3    -0.1     38.3
DAYS MAX >= 90      0               0.0     0.0        0
DAYS MAX <= 32      1               0.9     0.1        3
DAYS MIN <= 32     15              15.0     0.0       24
DAYS MIN <= 0       0               0.0     0.0        0

PRECIPITATION (INCHES)
RECORD
 MAXIMUM        15.40   1939
 MINIMUM         0.27   1986
TOTALS           3.37              4.97   -1.60     0.84
DAILY AVG.       0.11              0.16   -0.05     0.03
DAYS >= .01         6                MM      MM        5
DAYS >= .10         6                MM      MM        2
DAYS >= .50         3                MM      MM        1
DAYS >= 1.00        1                MM      MM        0
GREATEST
 24 HR. TOTAL    1.39   01/01 TO 01/02              0.51

SNOWFALL (INCHES)
TOTALS            0.0

DEGREE_DAYS
HEATING TOTAL     702               705      -3      820
 SINCE 7/1       1769              1789     -20     1996
COOLING TOTAL       0                 1      -1        0
 SINCE 1/1          0                 0       0        0
.................................................................

WIND (MPH)
AVERAGE WIND SPEED              9.3
HIGHEST WIND SPEED/DIRECTION    31/010    DATE  01/07
HIGHEST GUST SPEED/DIRECTION    43/240    DATE  01/03

SKY COVER
POSSIBLE SUNSHINE (PERCENT)   MM
AVERAGE SKY COVER           0.40
NUMBER OF DAYS FAIR           18
NUMBER OF DAYS PC              5
NUMBER OF DAYS CLOUDY          8

AVERAGE RH (PERCENT)     68

WEATHER CONDITIONS. NUMBER OF DAYS WITH
THUNDERSTORM              1     MIXED PRECIP               1
HEAVY RAIN                4     RAIN                       5
LIGHT RAIN                9     FREEZING RAIN              0
LT FREEZING RAIN          0     HAIL                       0
HEAVY SNOW                0     SNOW                       0
LIGHT SNOW                1     SLEET                      1
FOG                      14     FOG W/VIS <= 1/4 MILE      4
HAZE                      7

-  INDICATES NEGATIVE NUMBERS.
R  INDICATES RECORD WAS SET OR TIED.
MM INDICATES DATA IS MISSING.
T  INDICATES TRACE AMOUNT.

$$
