000
CXUS54 KJAN 011551
CLMGLH


CLIMATE REPORT
NATIONAL WEATHER SERVICE JACKSON MS
949 AM CST WED MAR 1 2017

...................................

...THE GREENVILLE CLIMATE SUMMARY FOR THE MONTH OF FEBRUARY 2017...

CLIMATE NORMAL PERIOD 1981 TO 2010
CLIMATE RECORD PERIOD 1920 TO 2017

WEATHER         OBSERVED          NORMAL  DEPART  LAST YEAR`S
                 VALUE   DATE(S)  VALUE   FROM    VALUE  DATE(S)
                                          NORMAL
................................................................
TEMPERATURE (F)
RECORD
 HIGH              91   02/09/1950
 LOW               -2   02/02/1951
HIGHEST            81   02/11        MM      MM       78  02/02
LOWEST             29   02/04        MM      MM       24  02/10
AVG. MAXIMUM     66.1              56.8     9.3     61.0
AVG. MINIMUM     44.4              36.3     8.1     39.6
MEAN             55.2              46.6     8.6     50.3
DAYS MAX >= 90      0               0.0     0.0        0
DAYS MAX <= 32      0               0.1    -0.1        0
DAYS MIN <= 32      3               9.5    -6.5        9
DAYS MIN <= 0       0               0.0     0.0        0

PRECIPITATION (INCHES)
RECORD
 MAXIMUM        12.39   1991
 MINIMUM         0.41   1972
TOTALS           2.92              5.02   -2.10     3.44
DAILY AVG.       0.10              0.18   -0.08     0.12
DAYS >= .01         9                MM      MM        4
DAYS >= .10         3                MM      MM        4
DAYS >= .50         2                MM      MM        3
DAYS >= 1.00        1                MM      MM        2
GREATEST
 24 HR. TOTAL    1.77   02/04 TO 02/05              1.43

SNOWFALL (INCHES)
TOTALS            0.0

DEGREE_DAYS
HEATING TOTAL     284               520    -236      423
 SINCE 7/1       1533              2309    -776     1680
COOLING TOTAL      18                 4      14        4
 SINCE 1/1         29                 5      24        4
.................................................................

WIND (MPH)
AVERAGE WIND SPEED              10.1
HIGHEST WIND SPEED/DIRECTION    31/210    DATE  02/28
HIGHEST GUST SPEED/DIRECTION    39/210    DATE  02/11

SKY COVER
POSSIBLE SUNSHINE (PERCENT)   MM
AVERAGE SKY COVER           0.50
NUMBER OF DAYS FAIR           12
NUMBER OF DAYS PC              9
NUMBER OF DAYS CLOUDY          7

AVERAGE RH (PERCENT)     67

WEATHER CONDITIONS. NUMBER OF DAYS WITH
THUNDERSTORM              4     MIXED PRECIP               0
HEAVY RAIN                3     RAIN                       5
LIGHT RAIN               14     FREEZING RAIN              0
LT FREEZING RAIN          0     HAIL                       0
HEAVY SNOW                0     SNOW                       0
LIGHT SNOW                0     SLEET                      0
FOG                      15     FOG W/VIS <= 1/4 MILE      4
HAZE                      6

-  INDICATES NEGATIVE NUMBERS.
R  INDICATES RECORD WAS SET OR TIED.
MM INDICATES DATA IS MISSING.
T  INDICATES TRACE AMOUNT.

$$
