000
CXUS54 KJAN 011219
CLMGLH


CLIMATE REPORT
NATIONAL WEATHER SERVICE JACKSON MS
616 AM CST MON FEB 1 2016

...................................

...THE GREENVILLE CLIMATE SUMMARY FOR THE MONTH OF JANUARY 2016...

CLIMATE NORMAL PERIOD 1981 TO 2010
CLIMATE RECORD PERIOD 1920 TO 2016

WEATHER         OBSERVED          NORMAL  DEPART  LAST YEAR`S
                 VALUE   DATE(S)  VALUE   FROM    VALUE  DATE(S)
                                          NORMAL
................................................................
TEMPERATURE (F)
RECORD
 HIGH              90   01/25/1950
 LOW                0   01/11/1982
                        01/12/1962
                        01/11/1962
HIGHEST            74   01/31        MM      MM       71  01/29
LOWEST             24   01/19        MM      MM       13  01/08
                        01/18
                        01/11
AVG. MAXIMUM     52.2              51.8     0.4     51.8
AVG. MINIMUM     33.9              32.8     1.1     32.5
MEAN             43.0              42.3     0.7     42.2
DAYS MAX >= 90      0               0.0     0.0        0
DAYS MAX <= 32      0               0.9    -0.9        1
DAYS MIN <= 32     15              15.0     0.0       15
DAYS MIN <= 0       0               0.0     0.0        0

PRECIPITATION (INCHES)
RECORD
 MAXIMUM        15.40   1939
 MINIMUM         0.27   1986
TOTALS           3.07              4.97   -1.90     3.37
DAILY AVG.       0.10              0.16   -0.06     0.11
DAYS >= .01         7                MM      MM        6
DAYS >= .10         6                MM      MM        6
DAYS >= .50         2                MM      MM        3
DAYS >= 1.00        1                MM      MM        1
GREATEST
 24 HR. TOTAL    1.15   01/21 TO 01/22              1.39

SNOWFALL (INCHES)
TOTALS             M

DEGREE_DAYS
HEATING TOTAL     673               705     -32      702
 SINCE 7/1       1257              1789    -532     1769
COOLING TOTAL       0                 1      -1        0
 SINCE 1/1          0                 0       0        0
.................................................................

WIND (MPH)
AVERAGE WIND SPEED              9.4
HIGHEST WIND SPEED/DIRECTION    31/190    DATE  01/31
HIGHEST GUST SPEED/DIRECTION    39/200    DATE  01/31

SKY COVER
POSSIBLE SUNSHINE (PERCENT)   MM
AVERAGE SKY COVER           0.40
NUMBER OF DAYS FAIR           17
NUMBER OF DAYS PC              7
NUMBER OF DAYS CLOUDY          7

AVERAGE RH (PERCENT)     70

WEATHER CONDITIONS. NUMBER OF DAYS WITH
THUNDERSTORM              5     MIXED PRECIP               0
HEAVY RAIN                4     RAIN                       6
LIGHT RAIN               10     FREEZING RAIN              0
LT FREEZING RAIN          0     HAIL                       0
HEAVY SNOW                0     SNOW                       0
LIGHT SNOW                1     SLEET                      0
FOG                      15     FOG W/VIS <= 1/4 MILE      3
HAZE                      9

-  INDICATES NEGATIVE NUMBERS.
R  INDICATES RECORD WAS SET OR TIED.
MM INDICATES DATA IS MISSING.
T  INDICATES TRACE AMOUNT.

$$
