000
CXUS54 KHGX 012043 RRA
CLMGLS

CLIMATE REPORT
NATIONAL WEATHER SERVICE HOUSTON/GALVESTON TX
343 PM CDT WED JUN 1 2016

...................................

...THE GALVESTON CLIMATE SUMMARY FOR THE MONTH OF MAY 2016...

CLIMATE NORMAL PERIOD 1981 TO 2010
CLIMATE RECORD PERIOD 1875 TO 2016

WEATHER         OBSERVED          NORMAL  DEPART  LAST YEAR`S
                 VALUE   DATE(S)  VALUE   FROM    VALUE  DATE(S)
                                          NORMAL
................................................................
TEMPERATURE (F)
RECORD
 HIGH              94   05/03/1984
 LOW               50   05/03/2013

HIGHEST            85   05/25        MM      MM       87  05/30
LOWEST             63   05/03        MM      MM       65  05/01

AVG. MAXIMUM     81.2              83.0    -1.8     83.0
AVG. MINIMUM     71.6              72.3    -0.7     73.3
MEAN             76.4              77.6    -1.2     78.2

DAYS MAX >= 90      0               0.4    -0.4        0
DAYS MAX <= 32      0               0.0     0.0        0
DAYS MIN <= 32      0               0.0     0.0        0
DAYS MIN <= 0       0               0.0     0.0        0

PRECIPITATION (INCHES)
RECORD
 MAXIMUM        11.03   1991
 MINIMUM            T   1978
                        1899
TOTALS           7.66              4.32    3.34     3.05
DAILY AVG.       0.25              0.14    0.11     0.10

DAYS >= .01        10                MM      MM       10
DAYS >= .10         8                MM      MM        7
DAYS >= .50         5                MM      MM        2
DAYS >= 1.00        2                MM      MM        0

DEGREE_DAYS
HEATING TOTAL       0                 0       0        0
 SINCE 7/1        745              1009    -264     1182
COOLING TOTAL     363               392     -29      419
 SINCE 1/1        667               635      32      702
.................................................................

WIND (MPH)
AVERAGE WIND SPEED              11.4
HIGHEST WIND SPEED/DIRECTION    41/330    DATE  05/19
HIGHEST GUST SPEED/DIRECTION    48/330    DATE  05/19

SKY COVER
AVERAGE SKY COVER           0.40

AVERAGE RH (PERCENT)     83

WEATHER CONDITIONS. NUMBER OF DAYS WITH
THUNDERSTORM             15     MIXED PRECIP               0
HEAVY RAIN                4     RAIN                       7
LIGHT RAIN               15     FREEZING RAIN              0
LT FREEZING RAIN          0     HAIL                       0
HEAVY SNOW                0     SNOW                       0
LIGHT SNOW                0     SLEET                      0
FOG                      16     FOG W/VIS <= 1/4 MILE      0
HAZE                      4

-  INDICATES NEGATIVE NUMBERS.
R  INDICATES RECORD WAS SET OR TIED.
MM INDICATES DATA IS MISSING.
T  INDICATES TRACE AMOUNT.

$$
