000
CXUS54 KHGX 011453
CLMGLS

CLIMATE REPORT
NATIONAL WEATHER SERVICE HOUSTON/GALVESTON TX
845 AM CST THU DEC 1 2016

...................................

...THE GALVESTON CLIMATE SUMMARY FOR THE MONTH OF NOVEMBER 2016...

CLIMATE NORMAL PERIOD 1981 TO 2010
CLIMATE RECORD PERIOD 1875 TO 2016

WEATHER         OBSERVED          NORMAL  DEPART  LAST YEAR`S
                 VALUE   DATE(S)  VALUE   FROM    VALUE  DATE(S)
                                          NORMAL
................................................................
TEMPERATURE (F)
RECORD
 HIGH              85   11/02/2016
                        11/04/1988
                        11/03/1886
 LOW               26   11/29/1911
HIGHEST            85R  11/02                         81  11/06
LOWEST             52   11/20                         44  11/22
AVG. MAXIMUM     77.0              71.6     5.4     72.2
AVG. MINIMUM     65.4              58.6     6.8     61.0
MEAN             71.2              65.1     6.1     66.6
DAYS MAX >= 90      0               0.0     0.0        0
DAYS MAX <= 32      0               0.0     0.0        0
DAYS MIN <= 32      0               0.0     0.0        0
DAYS MIN <= 0       0               0.0     0.0        0

PRECIPITATION (INCHES)
RECORD
 MAXIMUM        16.18   1940
 MINIMUM         0.03   1903
TOTALS           1.26              4.51   -3.25     5.55
DAILY AVG.       0.04              0.15   -0.11     0.19
DAYS >= .01         5                                  9
DAYS >= .10         3                                  5
DAYS >= .50         1                                  3
DAYS >= 1.00        0                                  3

SNOWFALL (INCHES)
RECORDS
 TOTAL            0.0   2002
                        2001
TOTALS            0.0                                0.0
SINCE 7/1         0.0                                0.0
SNOWDEPTH AVG.      0                                  0
DAYS >= 1.0         0                                  0
GREATEST
 SNOW DEPTH         0                                  0
 24 HR TOTAL      0.0   11/30 TO 11/30

DEGREE_DAYS
HEATING TOTAL      12                94     -82       53
 SINCE 7/1         12               103     -91       53
COOLING TOTAL     204                97     107      108
 SINCE 1/1       3678              3289     389     3565
.................................................................

WIND (MPH)
AVERAGE WIND SPEED              10.4
HIGHEST WIND SPEED/DIRECTION    35/360    DATE  11/18
HIGHEST GUST SPEED/DIRECTION    44/360    DATE  11/18

SKY COVER
AVERAGE SKY COVER           0.30

AVERAGE RH (PERCENT)     74

WEATHER CONDITIONS. NUMBER OF DAYS WITH
THUNDERSTORM              3     MIXED PRECIP               0
HEAVY RAIN                3     RAIN                       2
LIGHT RAIN                7     FREEZING RAIN              0
LT FREEZING RAIN          0     HAIL                       0
HEAVY SNOW                0     SNOW                       0
LIGHT SNOW                0     SLEET                      0
FOG                      11     FOG W/VIS <= 1/4 MILE      3
HAZE                      5

-  INDICATES NEGATIVE NUMBERS.
R  INDICATES RECORD WAS SET OR TIED.
MM INDICATES DATA IS MISSING.
T  INDICATES TRACE AMOUNT.

$$
