000
CXUS52 KJAX 011307
CLMGNV

CLIMATE REPORT
NATIONAL WEATHER SERVICE JACKSONVILLE
859 AM EDT TUE APR 1 2014

...................................

...THE GAINESVILLE CLIMATE SUMMARY FOR THE MONTH OF MARCH 2014...

CLIMATE NORMAL PERIOD 1981 TO 2010
CLIMATE RECORD PERIOD 1890 TO 2014

WEATHER         OBSERVED          NORMAL  DEPART  LAST YEAR`S
                 VALUE   DATE(S)  VALUE   FROM    VALUE  DATE(S)
                                          NORMAL
................................................................
TEMPERATURE (F)
RECORD
 HIGH              96   03/31/1907
 LOW               22   03/03/1980
HIGHEST            83   03/16        75       8       83  03/24
LOWEST             33   03/14        50     -17       27  03/04
AVG. MAXIMUM     72.2              74.6    -2.4     71.3
AVG. MINIMUM     48.4              50.0    -1.6     41.3
MEAN             60.3              62.3    -2.0     56.3
DAYS MAX >= 90      0               0.0     0.0        0
DAYS MAX <= 32      0               0.0     0.0        0
DAYS MIN <= 32      0               0.9    -0.9        5
DAYS MIN <= 0       0               0.0     0.0        0

PRECIPITATION (INCHES)
RECORD
 MAXIMUM        11.13   1996
 MINIMUM            T   1945
TOTALS           5.50              4.33    1.17     0.98
DAILY AVG.       0.18              0.14    0.04     0.03
DAYS >= .01         7               7.9    -0.9        8
DAYS >= .10         6               5.7     0.3        4
DAYS >= .50         4               2.5     1.5        0
DAYS >= 1.00        2               1.3     0.7        0
GREATEST
 24 HR. TOTAL    2.26

SNOWFALL (INCHES)
RECORDS
 TOTAL              T   1991
TOTALS            0.0               0.0     0.0      0.0
SINCE 7/1         0.0               0.0     0.0      0.0
SNOWDEPTH AVG.      0                MM      MM        0
DAYS >= 1.0         0               0.0     0.0        0
GREATEST
 SNOW DEPTH         0   MM                             0  MM
 24 HR TOTAL      0.0

DEGREE_DAYS
HEATING TOTAL     163               137      26      280
 SINCE 7/1       1073              1171     -98     1012
COOLING TOTAL      25                54     -29       18
 SINCE 1/1         62                86     -24      118
.................................................................

WIND (MPH)
AVERAGE WIND SPEED              6.3
HIGHEST WIND SPEED/DIRECTION    35/260    DATE  03/29
HIGHEST GUST SPEED/DIRECTION    48/270    DATE  03/29

SKY COVER
POSSIBLE SUNSHINE (PERCENT)   MM
AVERAGE SKY COVER           0.40
NUMBER OF DAYS FAIR           14
NUMBER OF DAYS PC             11
NUMBER OF DAYS CLOUDY          6

AVERAGE RH (PERCENT)     72

WEATHER CONDITIONS. NUMBER OF DAYS WITH
THUNDERSTORM              0     MIXED PRECIP               0
HEAVY RAIN                5     RAIN                       7
LIGHT RAIN                9     FREEZING RAIN              0
LT FREEZING RAIN          0     HAIL                       0
HEAVY SNOW                0     SNOW                       0
LIGHT SNOW                0     SLEET                      0
FOG                      15     FOG W/VIS <= 1/4 MILE      5
HAZE                      4

-  INDICATES NEGATIVE NUMBERS.
R  INDICATES RECORD WAS SET OR TIED.
MM INDICATES DATA IS MISSING.
T  INDICATES TRACE AMOUNT.

$$
