000
CXUS52 KJAX 011557 RRA
CLMGNV

CLIMATE REPORT
NATIONAL WEATHER SERVICE JACKSONVILLE FL
1056 AM EST THU DEC 1 2016

...................................

...THE GAINESVILLE CLIMATE SUMMARY FOR THE MONTH OF NOVEMBER 2016...

CLIMATE NORMAL PERIOD 1981 TO 2010
CLIMATE RECORD PERIOD 1890 TO 2016

WEATHER         OBSERVED          NORMAL  DEPART  LAST YEAR`S
                 VALUE   DATE(S)  VALUE   FROM    VALUE  DATE(S)
                                          NORMAL
................................................................
TEMPERATURE (F)
RECORD
 HIGH              91   11/03/2015
 LOW               20   11/25/1970
HIGHEST            87   11/04        74      13       91  11/03
LOWEST             31   11/21        51     -20       36  11/23
AVG. MAXIMUM     78.3              74.4     3.9     80.2
AVG. MINIMUM     50.1              51.1    -1.0     59.7
MEAN             64.2              62.8     1.4     70.0
DAYS MAX >= 90      0               0.0     0.0        1
DAYS MAX <= 32      0               0.0     0.0        0
DAYS MIN <= 32      3               0.7     2.3        0
DAYS MIN <= 0       0               0.0     0.0        0

PRECIPITATION (INCHES)
RECORD
 MAXIMUM         7.27   1972
 MINIMUM            T   1978
TOTALS           0.02              2.06   -2.04     2.75
DAILY AVG.       0.00              0.07   -0.07     0.09
DAYS >= .01         2               6.1    -4.1        8
DAYS >= .10         0               3.4    -3.4        4
DAYS >= .50         0               1.4    -1.4        2
DAYS >= 1.00        0               0.7    -0.7        2
GREATEST
 24 HR. TOTAL    0.01

SNOWFALL (INCHES)
RECORDS
 TOTAL              T   1911
TOTALS            0.0               0.0     0.0      0.0
SINCE 7/1         0.0               0.0     0.0      0.0
SNOWDEPTH AVG.      0                MM      MM        0
DAYS >= 1.0         0               0.0     0.0        0
GREATEST
 SNOW DEPTH         0   MM                             0  MM
 24 HR TOTAL      0.0

DEGREE_DAYS
HEATING TOTAL      90               134     -44       38
 SINCE 7/1        106               161     -55       39
COOLING TOTAL      73                66       7      195
 SINCE 1/1       3034              2616     418     3126
.................................................................

WIND (MPH)
AVERAGE WIND SPEED              4.8
HIGHEST WIND SPEED/DIRECTION    22/210    DATE  11/30
HIGHEST GUST SPEED/DIRECTION    30/090    DATE  11/10

SKY COVER
POSSIBLE SUNSHINE (PERCENT)   MM
AVERAGE SKY COVER           0.20
NUMBER OF DAYS FAIR           20
NUMBER OF DAYS PC             10
NUMBER OF DAYS CLOUDY          0

AVERAGE RH (PERCENT)     68

WEATHER CONDITIONS. NUMBER OF DAYS WITH
THUNDERSTORM              0     MIXED PRECIP               0
HEAVY RAIN                0     RAIN                       0
LIGHT RAIN                3     FREEZING RAIN              0
LT FREEZING RAIN          0     HAIL                       0
HEAVY SNOW                0     SNOW                       0
LIGHT SNOW                0     SLEET                      0
FOG                      12     FOG W/VIS <= 1/4 MILE      2
HAZE                      1

-  INDICATES NEGATIVE NUMBERS.
R  INDICATES RECORD WAS SET OR TIED.
MM INDICATES DATA IS MISSING.
T  INDICATES TRACE AMOUNT.

$$
