000
CXUS52 KJAX 030257
CLMGNV

CLIMATE REPORT
NATIONAL WEATHER SERVICE JACKSONVILLE FL
350 PM EDT SAT AUG 1 2015

...................................

...THE GAINESVILLE CLIMATE SUMMARY FOR THE MONTH OF JULY 2015...

CLIMATE NORMAL PERIOD 1981 TO 2010
CLIMATE RECORD PERIOD 1890 TO 2015

WEATHER         OBSERVED          NORMAL  DEPART  LAST YEAR`S
                 VALUE   DATE(S)  VALUE   FROM    VALUE  DATE(S)
                                          NORMAL
................................................................
TEMPERATURE (F)
RECORD
 HIGH             102   07/21/1942
 LOW               60   07/15/1897
HIGHEST            96   07/12        91       5       93  07/29
                        07/11                             07/28
                                                          07/24
LOWEST             65   07/06        71      -6       66  07/31
                                                          07/30
AVG. MAXIMUM     91.8              90.9     0.9     90.5
AVG. MINIMUM     72.4              71.5     0.9     70.8
MEAN             82.1              81.2     0.9     80.6
DAYS MAX >= 90     26              20.5     5.5       23
DAYS MAX <= 32      0               0.0     0.0        0
DAYS MIN <= 32      0               0.0     0.0        0
DAYS MIN <= 0       0               0.0     0.0        0

PRECIPITATION (INCHES)
RECORD
 MAXIMUM        16.65   2013
 MINIMUM         1.44   1977
TOTALS           8.09              6.07    2.02     6.79
DAILY AVG.       0.26              0.20    0.06     0.22
DAYS >= .01        22              15.4     6.6       13
DAYS >= .10        16              10.2     5.8        9
DAYS >= .50         7               4.0     3.0        4
DAYS >= 1.00        2               1.6     0.4        4
GREATEST
 24 HR. TOTAL    1.91

SNOWFALL (INCHES)
RECORDS
 TOTAL             MM   MM
TOTALS            0.0               0.0     0.0      0.0
SINCE 7/1         0.0               0.0     0.0      0.0
SNOWDEPTH AVG.      0                MM      MM        0
DAYS >= 1.0         0               0.0     0.0        0
GREATEST
 SNOW DEPTH         0   MM                             0  MM
 24 HR TOTAL      0.0

DEGREE_DAYS
HEATING TOTAL       0                 0       0        0
 SINCE 7/1          0                 0       0        0
COOLING TOTAL     540               502      38      492
 SINCE 1/1       1765              1451     314     1421
.................................................................

WIND (MPH)
AVERAGE WIND SPEED              5.0
HIGHEST WIND SPEED/DIRECTION    31/270    DATE  07/05
HIGHEST GUST SPEED/DIRECTION    43/140    DATE  07/08

SKY COVER
POSSIBLE SUNSHINE (PERCENT)   MM
AVERAGE SKY COVER           0.30
NUMBER OF DAYS FAIR           24
NUMBER OF DAYS PC              7
NUMBER OF DAYS CLOUDY          0

AVERAGE RH (PERCENT)     76

WEATHER CONDITIONS. NUMBER OF DAYS WITH
THUNDERSTORM              0     MIXED PRECIP               0
HEAVY RAIN               17     RAIN                      14
LIGHT RAIN               23     FREEZING RAIN              0
LT FREEZING RAIN          0     HAIL                       0
HEAVY SNOW                0     SNOW                       0
LIGHT SNOW                0     SLEET                      0
FOG                      25     FOG W/VIS <= 1/4 MILE      4
HAZE                      3

-  INDICATES NEGATIVE NUMBERS.
R  INDICATES RECORD WAS SET OR TIED.
MM INDICATES DATA IS MISSING.
T  INDICATES TRACE AMOUNT.

$$
