000
CXUS52 KJAX 062012
CLMGNV

CLIMATE REPORT
NATIONAL WEATHER SERVICE JACKSONVILLE FL
1217 PM EST SUN FEB 1 2015

...................................

...THE GAINESVILLE CLIMATE SUMMARY FOR THE MONTH OF JANUARY 2015...

CLIMATE NORMAL PERIOD 1981 TO 2010
CLIMATE RECORD PERIOD 1890 TO 2015

WEATHER         OBSERVED          NORMAL  DEPART  LAST YEAR`S
                 VALUE   DATE(S)  VALUE   FROM    VALUE  DATE(S)
                                          NORMAL
................................................................
TEMPERATURE (F)
RECORD
 HIGH              89   01/27/1943
                        01/30/1902
 LOW               10   01/21/1985
HIGHEST            83   01/03        66      17       79  01/10
LOWEST             28   01/08        42     -14       25  01/07
AVG. MAXIMUM     66.3              66.2     0.1     61.8
AVG. MINIMUM     42.5              42.3     0.2     39.4
MEAN             54.4              54.3     0.1     50.6
DAYS MAX >= 90      0               0.0     0.0        0
DAYS MAX <= 32      0               0.0     0.0        0
DAYS MIN <= 32      4               5.6    -1.6        9
DAYS MIN <= 0       0               0.0     0.0        0

PRECIPITATION (INCHES)
RECORD
 MAXIMUM        11.79   1904
 MINIMUM         0.11   1950
TOTALS           3.24              3.31   -0.07     5.20
DAILY AVG.       0.10              0.11   -0.01     0.17
DAYS >= .01         7               8.9    -1.9       10
DAYS >= .10         5               5.7    -0.7        8
DAYS >= .50         2               2.2    -0.2        3
DAYS >= 1.00        1               1.1    -0.1        2
GREATEST
 24 HR. TOTAL    1.92

SNOWFALL (INCHES)
RECORDS
 TOTAL              T   1996
TOTALS            0.0               0.0     0.0      0.0
SINCE 7/1         0.0               0.0     0.0      0.0
SNOWDEPTH AVG.      0                MM      MM        0
DAYS >= 1.0         0               0.0     0.0        0
GREATEST
 SNOW DEPTH         0   MM                             0  MM
 24 HR TOTAL      0.0

DEGREE_DAYS
HEATING TOTAL     336               345      -9      450
 SINCE 7/1        815               802      13      715
COOLING TOTAL      14                12       2       10
 SINCE 1/1         14                 0      14       10
.................................................................

WIND (MPH)
AVERAGE WIND SPEED              6.2
HIGHEST WIND SPEED/DIRECTION    32/280    DATE  01/24
HIGHEST GUST SPEED/DIRECTION    43/270    DATE  01/24

SKY COVER
POSSIBLE SUNSHINE (PERCENT)   MM
AVERAGE SKY COVER           0.40
NUMBER OF DAYS FAIR           16
NUMBER OF DAYS PC              6
NUMBER OF DAYS CLOUDY          9

AVERAGE RH (PERCENT)     75

WEATHER CONDITIONS. NUMBER OF DAYS WITH
THUNDERSTORM              0     MIXED PRECIP               0
HEAVY RAIN                3     RAIN                       5
LIGHT RAIN               10     FREEZING RAIN              0
LT FREEZING RAIN          0     HAIL                       0
HEAVY SNOW                0     SNOW                       0
LIGHT SNOW                0     SLEET                      0
FOG                      15     FOG W/VIS <= 1/4 MILE      6
HAZE                      2

-  INDICATES NEGATIVE NUMBERS.
R  INDICATES RECORD WAS SET OR TIED.
MM INDICATES DATA IS MISSING.
T  INDICATES TRACE AMOUNT.

$$
