000
CXUS52 KJAX 041224
CLMGNV

CLIMATE REPORT
NATIONAL WEATHER SERVICE JACKSONVILLE FL
1112 AM EDT SAT NOV 1 2014

...................................

...THE GAINESVILLE CLIMATE SUMMARY FOR THE MONTH OF OCTOBER 2014...

CLIMATE NORMAL PERIOD 1981 TO 2010
CLIMATE RECORD PERIOD 1890 TO 2014

WEATHER         OBSERVED          NORMAL  DEPART  LAST YEAR`S
                 VALUE   DATE(S)  VALUE   FROM    VALUE  DATE(S)
                                          NORMAL
................................................................
TEMPERATURE (F)
RECORD
 HIGH              96   10/09/1941
                        10/05/1911
 LOW               32   10/29/2008
HIGHEST            89   10/13        81       8       91  10/04
                        10/11
                        10/02
LOWEST             45   10/26        59     -14       43  10/27
                        10/24
AVG. MAXIMUM     82.5              81.3     1.2     83.8
AVG. MINIMUM     57.3              60.5    -3.2     60.1
MEAN             69.9              70.9    -1.0     72.0
DAYS MAX >= 90      0               0.8    -0.8        2
DAYS MAX <= 32      0               0.0     0.0        0
DAYS MIN <= 32      0               0.0     0.0        0
DAYS MIN <= 0       0               0.0     0.0        0

PRECIPITATION (INCHES)
RECORD
 MAXIMUM        10.00   1944
 MINIMUM            T   2010
TOTALS           1.55              2.88   -1.33     0.08
DAILY AVG.       0.05              0.09   -0.04     0.00
DAYS >= .01         4               7.3    -3.3        3
DAYS >= .10         3               4.1    -1.1        0
DAYS >= .50         1               1.9    -0.9        0
DAYS >= 1.00        0               0.7    -0.7        0
GREATEST
 24 HR. TOTAL    0.98

SNOWFALL (INCHES)
RECORDS
 TOTAL             MM   MM
TOTALS            0.0               0.0     0.0      0.0
SINCE 7/1         0.0               0.0     0.0      0.0
SNOWDEPTH AVG.      0                MM      MM        0
DAYS >= 1.0         0               0.0     0.0        0
GREATEST
 SNOW DEPTH         0   MM                             0  MM
 24 HR TOTAL      0.0

DEGREE_DAYS
HEATING TOTAL      18                27      -9       15
 SINCE 7/1         18                27      -9       15
COOLING TOTAL     178               210     -32      240
 SINCE 1/1       2531              2550     -19     2741
.................................................................

WIND (MPH)
AVERAGE WIND SPEED              4.0
HIGHEST WIND SPEED/DIRECTION    24/180    DATE  10/14
HIGHEST GUST SPEED/DIRECTION    31/180    DATE  10/14

SKY COVER
POSSIBLE SUNSHINE (PERCENT)   MM
AVERAGE SKY COVER           0.20
NUMBER OF DAYS FAIR           23
NUMBER OF DAYS PC              7
NUMBER OF DAYS CLOUDY          1

AVERAGE RH (PERCENT)     72

WEATHER CONDITIONS. NUMBER OF DAYS WITH
THUNDERSTORM              0     MIXED PRECIP               0
HEAVY RAIN                3     RAIN                       3
LIGHT RAIN                6     FREEZING RAIN              0
LT FREEZING RAIN          0     HAIL                       0
HEAVY SNOW                0     SNOW                       0
LIGHT SNOW                0     SLEET                      0
FOG                      13     FOG W/VIS <= 1/4 MILE      4
HAZE                      1

-  INDICATES NEGATIVE NUMBERS.
R  INDICATES RECORD WAS SET OR TIED.
MM INDICATES DATA IS MISSING.
T  INDICATES TRACE AMOUNT.

$$
