000
CXUS52 KJAX 011701 RRA
CLMGNV

CLIMATE REPORT
NATIONAL WEATHER SERVICE JACKSONVILLE FL
1201 PM EST WED FEB 1 2017

...................................

...THE GAINESVILLE CLIMATE SUMMARY FOR THE MONTH OF JANUARY 2017...

CLIMATE NORMAL PERIOD 1981 TO 2010
CLIMATE RECORD PERIOD 1890 TO 2017

WEATHER         OBSERVED          NORMAL  DEPART  LAST YEAR`S
                 VALUE   DATE(S)  VALUE   FROM    VALUE  DATE(S)
                                          NORMAL
................................................................
TEMPERATURE (F)
RECORD
 HIGH              89   01/27/1943
                        01/30/1902
 LOW               10   01/21/1985
HIGHEST            85   01/02        66      19       78  01/01
LOWEST             25   01/09        42     -17       25  01/24
                        01/08                             01/20
AVG. MAXIMUM     73.8              66.2     7.6     63.4
AVG. MINIMUM     47.4              42.3     5.1     41.3
MEAN             60.6              54.3     6.3     52.4
DAYS MAX >= 90      0               0.0     0.0        0
DAYS MAX <= 32      0               0.0     0.0        0
DAYS MIN <= 32      2               5.6    -3.6        7
DAYS MIN <= 0       0               0.0     0.0        0

PRECIPITATION (INCHES)
RECORD
 MAXIMUM        11.79   1904
 MINIMUM         0.11   1950
TOTALS           1.45              3.31   -1.86     2.73
DAILY AVG.       0.05              0.11   -0.06     0.09
DAYS >= .01         7               8.9    -1.9       10
DAYS >= .10         4               5.7    -1.7        8
DAYS >= .50         1               2.2    -1.2        1
DAYS >= 1.00        0               1.1    -1.1        0
GREATEST
 24 HR. TOTAL    0.81

SNOWFALL (INCHES)
RECORDS
 TOTAL              T   1996
TOTALS            0.0               0.0     0.0      0.0
SINCE 7/1         0.0               0.0     0.0      0.0
SNOWDEPTH AVG.      0                MM      MM        0
DAYS >= 1.0         0               0.0     0.0        0
GREATEST
 SNOW DEPTH         0   MM                             0  MM
 24 HR TOTAL      0.0

DEGREE_DAYS
HEATING TOTAL     175               345    -170      386
 SINCE 7/1        419               802    -383      497
COOLING TOTAL      46                12      34        2
 SINCE 1/1         46                 0      46        2
.................................................................

WIND (MPH)
AVERAGE WIND SPEED              5.9
HIGHEST WIND SPEED/DIRECTION    33/220    DATE  01/22
HIGHEST GUST SPEED/DIRECTION    45/180    DATE  01/22

SKY COVER
POSSIBLE SUNSHINE (PERCENT)   MM
AVERAGE SKY COVER           0.30
NUMBER OF DAYS FAIR           17
NUMBER OF DAYS PC             12
NUMBER OF DAYS CLOUDY          2

AVERAGE RH (PERCENT)     69

WEATHER CONDITIONS. NUMBER OF DAYS WITH
THUNDERSTORM              0     MIXED PRECIP               0
HEAVY RAIN                2     RAIN                       5
LIGHT RAIN                7     FREEZING RAIN              0
LT FREEZING RAIN          0     HAIL                       0
HEAVY SNOW                0     SNOW                       0
LIGHT SNOW                0     SLEET                      0
FOG                      22     FOG W/VIS <= 1/4 MILE      9
HAZE                      5

-  INDICATES NEGATIVE NUMBERS.
R  INDICATES RECORD WAS SET OR TIED.
MM INDICATES DATA IS MISSING.
T  INDICATES TRACE AMOUNT.

$$
