000
CXUS52 KJAX 011548
CLMGNV

CLIMATE REPORT
NATIONAL WEATHER SERVICE JACKSONVILLE FL

1122 AM EDT MON MAY 1 2017

...................................

...THE GAINESVILLE CLIMATE SUMMARY FOR THE MONTH OF APRIL 2017...

CLIMATE NORMAL PERIOD 1981 TO 2010
CLIMATE RECORD PERIOD 1890 TO 2017

WEATHER         OBSERVED          NORMAL  DEPART  LAST YEAR`S
                 VALUE   DATE(S)  VALUE   FROM    VALUE  DATE(S)
                                          NORMAL
................................................................
TEMPERATURE (F)
RECORD
 HIGH              96   04/27/2011
 LOW               32   04/17/1962
                        04/02/1919
HIGHEST            95   04/29        80      15       90  04/29
                        04/28
LOWEST             40   04/09        55     -15       46  04/18
                                                          04/17
AVG. MAXIMUM     84.9              80.3     4.6     81.9
AVG. MINIMUM     55.6              54.9     0.7     56.3
MEAN             70.2              67.6     2.6     69.1
DAYS MAX >= 90      6               0.8     5.2        1
DAYS MAX <= 32      0               0.0     0.0        0
DAYS MIN <= 32      0               0.0     0.0        0
DAYS MIN <= 0       0               0.0     0.0        0

PRECIPITATION (INCHES)
RECORD
 MAXIMUM         8.95   1949
 MINIMUM         0.08   1998
TOTALS           2.74              2.67    0.07     1.66
DAILY AVG.       0.09              0.09    0.00     0.06
DAYS >= .01         2               5.8    -3.8        8
DAYS >= .10         1               3.4    -2.4        3
DAYS >= .50         1               1.7    -0.7        1
DAYS >= 1.00        1               0.7     0.3        0
GREATEST
 24 HR. TOTAL    2.67

SNOWFALL (INCHES)
RECORDS
 TOTAL              T   1997
TOTALS            0.0               0.0     0.0      0.0
SINCE 7/1         0.0               0.0     0.0      0.0
SNOWDEPTH AVG.      0                MM      MM        0
DAYS >= 1.0         0               0.0     0.0        0
GREATEST
 SNOW DEPTH         0   MM                             0  MM
 24 HR TOTAL      0.0

DEGREE_DAYS
HEATING TOTAL      18                43     -25        9
 SINCE 7/1        646              1214    -568      848
COOLING TOTAL     182               121      61      139
 SINCE 1/1        339               207     132      293
.................................................................

WIND (MPH)
AVERAGE WIND SPEED              6.9
HIGHEST WIND SPEED/DIRECTION    29/040    DATE  04/04
HIGHEST GUST SPEED/DIRECTION    36/320    DATE  04/06

SKY COVER
POSSIBLE SUNSHINE (PERCENT)   MM
AVERAGE SKY COVER           0.20
NUMBER OF DAYS FAIR           23
NUMBER OF DAYS PC              7
NUMBER OF DAYS CLOUDY          0

AVERAGE RH (PERCENT)     64

WEATHER CONDITIONS. NUMBER OF DAYS WITH
THUNDERSTORM              0     MIXED PRECIP               0
HEAVY RAIN                1     RAIN                       2
LIGHT RAIN                4     FREEZING RAIN              0
LT FREEZING RAIN          0     HAIL                       0
HEAVY SNOW                0     SNOW                       0
LIGHT SNOW                0     SLEET                      0
FOG                      12     FOG W/VIS <= 1/4 MILE      2
HAZE                      0

-  INDICATES NEGATIVE NUMBERS.
R  INDICATES RECORD WAS SET OR TIED.
MM INDICATES DATA IS MISSING.
T  INDICATES TRACE AMOUNT.

$$
