000
CXUS55 KMSO 011247
CLMGPI


CLIMATE REPORT
NATIONAL WEATHER SERVICE MISSOULA, MT
646 AM MDT THU JUN 1 2017

...................................

...THE KALISPELL MT CLIMATE SUMMARY FOR THE MONTH OF MAY 2017...

CLIMATE NORMAL PERIOD 1981 TO 2010
CLIMATE RECORD PERIOD 1894 TO 2017

WEATHER         OBSERVED          NORMAL  DEPART  LAST YEAR`S
                 VALUE   DATE(S)  VALUE   FROM    VALUE
                                          NORMAL
.............................................................
TEMPERATURE (F)
RECORD
 HIGH              95   05/30/1936
                        05/27/1936
 LOW               17   05/01/1899
HIGHEST            88   05/31        MM      MM       80
LOWEST             26   05/15        MM      MM       33
AVG. MAXIMUM     68.0              65.1     2.9     66.1
AVG. MINIMUM     38.8              38.5     0.3     40.6
MEAN             53.4              51.8     1.6
DAYS MAX >= 90      0               0.2    -0.2        0
DAYS MAX <= 32      0               0.0     0.0        0
DAYS MIN <= 32      5               5.5    -0.5        0
DAYS MIN <= 0       0               0.0     0.0        0

PRECIPITATION (INCHES)
RECORD
 MAXIMUM         4.75   1990
 MINIMUM         0.22   2015
TOTALS           0.80              1.98   -1.18
DAILY AVG.       0.03              0.06   -0.03     0.10
DAYS >= .01        10              12.4    -2.4       14
DAYS >= .10         4               5.9    -1.9        6
DAYS >= .50         0               0.9    -0.9        2
DAYS >= 1.00        0               0.1    -0.1        0
GREATEST
 24 HR. TOTAL    0.19   05/12 TO 05/12              1.45

SNOWFALL (INCHES)
TOTALS            0.0               0.2    -0.2      0.0
SINCE 7/1        89.8              55.4    34.4     41.4
DAYS >= TRACE       0               0.3    -0.3        0
DAYS >= 1.0         0               0.0     0.0        0
GREATEST
 SNOW DEPTH         0   MM
 24 HR TOTAL      0.0   05/31 TO 05/31               0.0

DEGREE_DAYS
HEATING TOTAL     359               412     -53
 SINCE 7/1       8123              7823     300
COOLING TOTAL       5                 3       2
 SINCE 1/1          5                 3       2
..............................................................

WIND (MPH)
AVERAGE WIND SPEED              5.6
HIGHEST WIND SPEED/DIRECTION    33/230    DATE  05/24
HIGHEST GUST SPEED/DIRECTION    44/270    DATE  05/24

SKY COVER
POSSIBLE SUNSHINE (PERCENT)   MM
AVERAGE SKY COVER           0.40
NUMBER OF DAYS FAIR           15
NUMBER OF DAYS PC             13
NUMBER OF DAYS CLOUDY          3

AVERAGE RH (PERCENT)     67

WEATHER CONDITIONS. NUMBER OF DAYS WITH
THUNDERSTORM              0     MIXED PRECIP               0
HEAVY RAIN                0     RAIN                       1
LIGHT RAIN               18     FREEZING RAIN              0
LT FREEZING RAIN          0     HAIL                       0
HEAVY SNOW                0     SNOW                       0
LIGHT SNOW                0     SLEET                      0
FOG                       9     FOG W/VIS <= 1/4 MILE      1
HAZE                      2

-  INDICATES NEGATIVE NUMBERS.
R  INDICATES RECORD WAS SET OR TIED.
MM INDICATES DATA IS MISSING.
T  INDICATES TRACE AMOUNT.

$$
