000
CXUS55 KMSO 011449
CLMGPI


CLIMATE REPORT
NATIONAL WEATHER SERVICE MISSOULA, MT
847 AM MDT SUN MAY 1 2016

...................................

...THE KALISPELL MT CLIMATE SUMMARY FOR THE MONTH OF APRIL 2016...

CLIMATE NORMAL PERIOD 1981 TO 2010
CLIMATE RECORD PERIOD 1894 TO 2016

WEATHER         OBSERVED          NORMAL  DEPART  LAST YEAR`S
                 VALUE   DATE(S)  VALUE   FROM    VALUE
                                          NORMAL
.............................................................
TEMPERATURE (F)
RECORD
 HIGH              85   04/18/1936
 LOW               -8   04/01/1936
HIGHEST            79   04/21        MM      MM       75
                        04/20
LOWEST             24   04/01        MM      MM       21
AVG. MAXIMUM     64.1              56.1     8.0     58.5
AVG. MINIMUM     34.4              31.2     3.2     28.9
MEAN             49.3              43.6     5.7
DAYS MAX >= 90      0               0.0     0.0        0
DAYS MAX <= 32      0               0.0     0.0        0
DAYS MIN <= 32     13              17.3    -4.3       23
DAYS MIN <= 0       0               0.0     0.0        0

PRECIPITATION (INCHES)
RECORD
 MAXIMUM         2.37   1978
 MINIMUM         0.01   1924
TOTALS           1.58              1.24    0.34
DAILY AVG.       0.05              0.04    0.01     0.01
DAYS >= .01         7              10.7    -3.7        4
DAYS >= .10         4               4.0     0.0        2
DAYS >= .50         1               0.3     0.7        0
DAYS >= 1.00        0               0.0     0.0        0
GREATEST
 24 HR. TOTAL    0.80   04/23 TO 04/24              0.18

SNOWFALL (INCHES)
TOTALS              T               2.2    -2.2        T
SINCE 7/1        41.4              55.2   -13.8     59.4
DAYS >= TRACE       1               2.7    -1.7        3
DAYS >= 1.0         0               0.8    -0.8        0
GREATEST
 SNOW DEPTH         0   MM
 24 HR TOTAL        T   04/14 TO 04/14                 T

DEGREE_DAYS
HEATING TOTAL     463               640    -177
 SINCE 7/1       6595              7411    -816
COOLING TOTAL       0                 0       0
 SINCE 1/1          0                 0       0
..............................................................

WIND (MPH)
AVERAGE WIND SPEED              6.0
HIGHEST WIND SPEED/DIRECTION    32/220    DATE  04/22
HIGHEST GUST SPEED/DIRECTION    42/200    DATE  04/22

SKY COVER
POSSIBLE SUNSHINE (PERCENT)   MM
AVERAGE SKY COVER           0.40
NUMBER OF DAYS FAIR           16
NUMBER OF DAYS PC              9
NUMBER OF DAYS CLOUDY          5

AVERAGE RH (PERCENT)     61

WEATHER CONDITIONS. NUMBER OF DAYS WITH
THUNDERSTORM              0     MIXED PRECIP               0
HEAVY RAIN                0     RAIN                       4
LIGHT RAIN                9     FREEZING RAIN              0
LT FREEZING RAIN          0     HAIL                       0
HEAVY SNOW                0     SNOW                       0
LIGHT SNOW                1     SLEET                      0
FOG                       6     FOG W/VIS <= 1/4 MILE      1
HAZE                      0

-  INDICATES NEGATIVE NUMBERS.
R  INDICATES RECORD WAS SET OR TIED.
MM INDICATES DATA IS MISSING.
T  INDICATES TRACE AMOUNT.

$$
