000
CXUS53 KGRB 010704
CLMGRB


CLIMATE REPORT
NATIONAL WEATHER SERVICE GREEN BAY
204 AM CDT FRI AUG 1 2014

...................................

...THE GREEN BAY WI CLIMATE SUMMARY FOR THE MONTH OF JULY 2014...

CLIMATE NORMAL PERIOD 1981 TO 2010
CLIMATE RECORD PERIOD 1886 TO 2014

WEATHER         OBSERVED          NORMAL  DEPART  LAST YEAR`S
                 VALUE   DATE(S)  VALUE   FROM    VALUE  DATE(S)
                                          NORMAL
................................................................
TEMPERATURE (F)
RECORD
 HIGH             104   07/13/1936
 LOW               40   07/06/1965
HIGHEST            91   07/22        91       0       93  07/19
                                                          07/18
LOWEST             49   07/03        46       3       50  07/27
AVG. MAXIMUM     78.3              79.8    -1.5     80.5
AVG. MINIMUM     56.6              58.4    -1.8     60.4
MEAN             67.5              69.1    -1.6     70.5
DAYS MAX >= 90      1               1.4    -0.4        5
DAYS MAX <= 32      0               0.0     0.0        0
DAYS MIN <= 32      0               0.0     0.0        0
DAYS MIN <= 0       0               0.0     0.0        0

PRECIPITATION (INCHES)
RECORD
 MAXIMUM         9.51   2010
 MINIMUM         0.70   1946
TOTALS           1.21              3.50   -2.29     3.35
DAILY AVG.       0.04              0.11   -0.07     0.11
DAYS >= .01         8              10.4    -2.4        7
DAYS >= .10         4               6.1    -2.1        5
DAYS >= .50         1               2.3    -1.3        3
DAYS >= 1.00        0               1.0    -1.0        2
GREATEST
 24 HR. TOTAL    0.65   07/29 TO 07/29
                        07/28 TO 07/29
                        07/29 TO 07/29

SNOWFALL (INCHES)
RECORDS
 TOTAL            0.0   MM
TOTALS            0.0               0.0     0.0      0.0
SINCE 7/1         0.0               0.0     0.0      0.0
SNOWDEPTH AVG.      0                MM      MM        0
DAYS >= 1.0         0               0.0     0.0        0
GREATEST
 SNOW DEPTH         0   MM                             0  MM
 24 HR TOTAL      0.0   07/31 TO 07/31

DEGREE_DAYS
HEATING TOTAL      15                23      -8       22
 SINCE 7/1         15                23      -8       22
COOLING TOTAL      99               150     -51      198
 SINCE 1/1        221               251     -30      341
.................................................................

WIND (MPH)
AVERAGE WIND SPEED              7.7
HIGHEST WIND SPEED/DIRECTION    26/280    DATE  07/14
HIGHEST GUST SPEED/DIRECTION    33/360    DATE  07/22

SKY COVER
POSSIBLE SUNSHINE (PERCENT)   MM
AVERAGE SKY COVER           0.40
NUMBER OF DAYS FAIR           16
NUMBER OF DAYS PC             14
NUMBER OF DAYS CLOUDY          1

AVERAGE RH (PERCENT)     71

WEATHER CONDITIONS. NUMBER OF DAYS WITH
THUNDERSTORM              0     MIXED PRECIP               0
HEAVY RAIN                3     RAIN                       1
LIGHT RAIN               14     FREEZING RAIN              0
LT FREEZING RAIN          0     HAIL                       0
HEAVY SNOW                0     SNOW                       0
LIGHT SNOW                0     SLEET                      0
FOG                      18     FOG W/VIS <= 1/4 MILE      0
HAZE                      9

-  INDICATES NEGATIVE NUMBERS.
R  INDICATES RECORD WAS SET OR TIED.
MM INDICATES DATA IS MISSING.
T  INDICATES TRACE AMOUNT.

$$
