000
CXUS53 KGRB 011356
CLMGRB

CLIMATE REPORT...CORRECTED
NATIONAL WEATHER SERVICE GREEN BAY
242 AM CST MON DEC 1 2014

...TIED 5TH COLDEST NOVEMBER ON RECORD...
...44TH SNOWIEST NOVEMBER ON RECORD...

...................................

...THE GREEN BAY WI CLIMATE SUMMARY FOR THE MONTH OF NOVEMBER 2014...

CLIMATE NORMAL PERIOD 1981 TO 2010
CLIMATE RECORD PERIOD 1886 TO 2014

WEATHER         OBSERVED          NORMAL  DEPART  LAST YEAR`S
                 VALUE   DATE(S)  VALUE   FROM    VALUE  DATE(S)
                                          NORMAL
................................................................
TEMPERATURE (F)
RECORD
 HIGH              74   11/04/2008
                        11/09/1999
                        11/01/1933
 LOW              -12   11/28/1887
HIGHEST            56   11/04        61      -5       58  11/17
                                                          11/16
LOWEST             -1   11/27         8      -9        6  11/29
AVG. MAXIMUM     35.2              42.2    -7.0     41.5
AVG. MINIMUM     21.7              26.9    -5.2     27.1
MEAN             28.5              34.6    -6.1     34.3
DAYS MAX >= 90      0               0.0     0.0        0
DAYS MAX <= 32     14               5.3     8.7        6
DAYS MIN <= 32     25              21.1     3.9       21
DAYS MIN <= 0       1               0.1     0.9        0

PRECIPITATION (INCHES)
RECORD
 MAXIMUM         6.19   1934
 MINIMUM         0.11   2007
TOTALS           2.52              2.13    0.39     3.44
DAILY AVG.       0.08              0.07    0.01     0.11
DAYS >= .01        18              10.0     8.0       12
DAYS >= .10         9               5.3     3.7        6
DAYS >= .50         1               1.1    -0.1        3
DAYS >= 1.00        0               0.2    -0.2        0
GREATEST
 24 HR. TOTAL    0.61   11/24 TO 11/24

SNOWFALL (INCHES)
RECORDS
 TOTAL           21.3   1889
TOTALS            8.2               4.0     4.2      1.2
SINCE 7/1         8.2               4.2     4.0      1.2
SNOWDEPTH AVG.      1                MM      MM        0
DAYS >= 1.0         2               1.1     0.9        0
GREATEST
 SNOW DEPTH         5R  11/29                          0  MM
 24 HR TOTAL      3.1   24

DEGREE_DAYS
HEATING TOTAL    1091               914     177      913
 SINCE 7/1       1837              1740      97     1611
COOLING TOTAL       0                 0       0        0
 SINCE 1/1        362               398     -36      535
.................................................................

WIND (MPH)
AVERAGE WIND SPEED              9.9
HIGHEST WIND SPEED/DIRECTION    29/310    DATE  11/08
HIGHEST GUST SPEED/DIRECTION    36/320    DATE  11/08

SKY COVER
POSSIBLE SUNSHINE (PERCENT)   MM
AVERAGE SKY COVER           0.60
NUMBER OF DAYS FAIR            5
NUMBER OF DAYS PC             13
NUMBER OF DAYS CLOUDY         12

AVERAGE RH (PERCENT)     77

WEATHER CONDITIONS. NUMBER OF DAYS WITH
THUNDERSTORM              0     MIXED PRECIP               0
HEAVY RAIN                0     RAIN                       2
LIGHT RAIN               10     FREEZING RAIN              0
LT FREEZING RAIN          1     HAIL                       0
HEAVY SNOW                0     SNOW                       3
LIGHT SNOW               17     SLEET                      0
FOG                      22     FOG W/VIS <= 1/4 MILE      4
HAZE                     11

-  INDICATES NEGATIVE NUMBERS.
R  INDICATES RECORD WAS SET OR TIED.
MM INDICATES DATA IS MISSING.
T  INDICATES TRACE AMOUNT.

$$
