000
CXUS53 KGRB 012343
CLMGRB


CLIMATE REPORT
NATIONAL WEATHER SERVICE GREEN BAY
542 PM CST MON FEB 1 2016

...................................

...THE GREEN BAY WI CLIMATE SUMMARY FOR THE MONTH OF JANUARY 2016...

CLIMATE NORMAL PERIOD 1981 TO 2010
CLIMATE RECORD PERIOD 1886 TO 2016

WEATHER         OBSERVED          NORMAL  DEPART  LAST YEAR`S
                 VALUE   DATE(S)  VALUE   FROM    VALUE  DATE(S)
                                          NORMAL
................................................................
TEMPERATURE (F)
RECORD
 HIGH              56   01/26/1944
 LOW              -36   01/21/1888
HIGHEST            39   01/30        40      -1       40  01/17
LOWEST             -8   01/18       -16       8      -12  01/05
AVG. MAXIMUM     26.3              24.3     2.0     24.3
AVG. MINIMUM     12.2               9.0     3.2     10.8
MEAN             19.2              16.6     2.6     17.5
DAYS MAX >= 90      0               0.0     0.0        0
DAYS MAX <= 32     21              22.8    -1.8       25
DAYS MIN <= 32     30              30.3    -0.3       31
DAYS MIN <= 0       9               8.1     0.9       10

PRECIPITATION (INCHES)
RECORD
 MAXIMUM         3.75   1889
 MINIMUM         0.12   1981
TOTALS           1.33              1.13    0.20     0.56
DAILY AVG.       0.04              0.04    0.00     0.02
DAYS >= .01        10               9.9     0.1        6
DAYS >= .10         5               3.7     1.3        3
DAYS >= .50         0               0.2    -0.2        0
DAYS >= 1.00        0               0.0     0.0        0
GREATEST
 24 HR. TOTAL    0.51   01/07 TO 01/08

SNOWFALL (INCHES)
RECORDS
 TOTAL           32.5   1889
TOTALS            7.7              13.0    -5.3      8.8
SINCE 7/1        21.6              30.3    -8.7     20.5
SNOWDEPTH AVG.      6                 6       0        3
DAYS >= 1.0         3               4.1    -1.1        3
GREATEST
 SNOW DEPTH        11   01/01                          5  01/10
                                                          01/09
                                                          01/08
 24 HR TOTAL      3.0   01/25 TO 01/25

DEGREE_DAYS
HEATING TOTAL    1410              1499     -89     1462
 SINCE 7/1       3620              4589    -969     4507
COOLING TOTAL       0                 0       0        0
 SINCE 1/1          0                 0       0        0
.................................................................

WIND (MPH)
AVERAGE WIND SPEED              9.3
HIGHEST WIND SPEED/DIRECTION    25/200    DATE  01/27
HIGHEST GUST SPEED/DIRECTION    32/200    DATE  01/27

SKY COVER
POSSIBLE SUNSHINE (PERCENT)   MM
AVERAGE SKY COVER           0.60
NUMBER OF DAYS FAIR           10
NUMBER OF DAYS PC              5
NUMBER OF DAYS CLOUDY         16

AVERAGE RH (PERCENT)     78

WEATHER CONDITIONS. NUMBER OF DAYS WITH
THUNDERSTORM              0     MIXED PRECIP               0
HEAVY RAIN                0     RAIN                       1
LIGHT RAIN                5     FREEZING RAIN              0
LT FREEZING RAIN          2     HAIL                       0
HEAVY SNOW                0     SNOW                       1
LIGHT SNOW               22     SLEET                      0
FOG                      14     FOG W/VIS <= 1/4 MILE      1
HAZE                      4

-  INDICATES NEGATIVE NUMBERS.
R  INDICATES RECORD WAS SET OR TIED.
MM INDICATES DATA IS MISSING.
T  INDICATES TRACE AMOUNT.

$$
