000
CXUS53 KGRB 010633
CLMGRB


CLIMATE REPORT
NATIONAL WEATHER SERVICE GREEN BAY
131 AM CDT MON AUG 1 2016

...................................

...THE GREEN BAY WI CLIMATE SUMMARY FOR THE MONTH OF JULY 2016...

CLIMATE NORMAL PERIOD 1981 TO 2010
CLIMATE RECORD PERIOD 1886 TO 2016

WEATHER         OBSERVED          NORMAL  DEPART  LAST YEAR`S
                 VALUE   DATE(S)  VALUE   FROM    VALUE  DATE(S)
                                          NORMAL
................................................................
TEMPERATURE (F)
RECORD
 HIGH             104   07/13/1936
 LOW               40   07/06/1965
HIGHEST            90   07/22        91      -1       88  07/28
LOWEST             50   07/16        46       4       47  07/02
AVG. MAXIMUM     81.2              79.8     1.4     81.5
AVG. MINIMUM     60.7              58.4     2.3     58.1
MEAN             71.0              69.1     1.9     69.8
DAYS MAX >= 90      1               1.4    -0.4        0
DAYS MAX <= 32      0               0.0     0.0        0
DAYS MIN <= 32      0               0.0     0.0        0
DAYS MIN <= 0       0               0.0     0.0        0

PRECIPITATION (INCHES)
RECORD
 MAXIMUM         9.51   2010
 MINIMUM         0.70   1946
TOTALS           3.22              3.50   -0.28     1.80
DAILY AVG.       0.10              0.11   -0.01     0.06
DAYS >= .01        16              10.4     5.6        5
DAYS >= .10        11               6.1     4.9        3
DAYS >= .50         0               2.3    -2.3        1
DAYS >= 1.00        0               1.0    -1.0        1
GREATEST
 24 HR. TOTAL    0.62   07/27 TO 07/28

SNOWFALL (INCHES)
RECORDS
 TOTAL            0.0   MM
TOTALS            0.0               0.0     0.0      0.0
SINCE 7/1         0.0               0.0     0.0      0.0
SNOWDEPTH AVG.      0                MM      MM        0
DAYS >= 1.0         0               0.0     0.0        0
GREATEST
 SNOW DEPTH         0   MM                             0  MM
 24 HR TOTAL      0.0   07/31 TO 07/31

DEGREE_DAYS
HEATING TOTAL       6                23     -17       19
 SINCE 7/1          6                23     -17       19
COOLING TOTAL     198               150      48      176
 SINCE 1/1        331               251      80      271
.................................................................

WIND (MPH)
AVERAGE WIND SPEED              7.1
HIGHEST WIND SPEED/DIRECTION    35/300    DATE  07/21
HIGHEST GUST SPEED/DIRECTION    46/300    DATE  07/21

SKY COVER
POSSIBLE SUNSHINE (PERCENT)   MM
AVERAGE SKY COVER           0.30
NUMBER OF DAYS FAIR           19
NUMBER OF DAYS PC             10
NUMBER OF DAYS CLOUDY          2

AVERAGE RH (PERCENT)     77

WEATHER CONDITIONS. NUMBER OF DAYS WITH
THUNDERSTORM              0     MIXED PRECIP               0
HEAVY RAIN                8     RAIN                      11
LIGHT RAIN               15     FREEZING RAIN              0
LT FREEZING RAIN          0     HAIL                       0
HEAVY SNOW                0     SNOW                       0
LIGHT SNOW                0     SLEET                      0
FOG                      14     FOG W/VIS <= 1/4 MILE      0
HAZE                      1

-  INDICATES NEGATIVE NUMBERS.
R  INDICATES RECORD WAS SET OR TIED.
MM INDICATES DATA IS MISSING.
T  INDICATES TRACE AMOUNT.

$$
