000
CXUS53 KGRB 010628
CLMGRB


CLIMATE REPORT
NATIONAL WEATHER SERVICE GREEN BAY
127 AM CDT THU SEP 1 2016

...................................

...THE GREEN BAY WI CLIMATE SUMMARY FOR THE MONTH OF AUGUST 2016...

CLIMATE NORMAL PERIOD 1981 TO 2010
CLIMATE RECORD PERIOD 1886 TO 2016

WEATHER         OBSERVED          NORMAL  DEPART  LAST YEAR`S
                 VALUE   DATE(S)  VALUE   FROM    VALUE  DATE(S)
                                          NORMAL
................................................................
TEMPERATURE (F)
RECORD
 HIGH             100   08/24/1948
 LOW               38   08/22/1967
                        08/29/1965
                        08/22/1950
HIGHEST            89   08/10        90      -1       93  08/02
                        08/03
LOWEST             50   08/22        44       6       47  08/27
AVG. MAXIMUM     80.9              77.7     3.2     77.8
AVG. MINIMUM     60.4              56.9     3.5     58.3
MEAN             70.7              67.3     3.4     68.1
DAYS MAX >= 90      0               0.6    -0.6        2
DAYS MAX <= 32      0               0.0     0.0        0
DAYS MIN <= 32      0               0.0     0.0        0
DAYS MIN <= 0       0               0.0     0.0        0

PRECIPITATION (INCHES)
RECORD
 MAXIMUM         9.04   1975
 MINIMUM         0.36   1899
TOTALS           2.78              3.37   -0.59     4.22
DAILY AVG.       0.09              0.11   -0.02     0.14
DAYS >= .01         7              10.4    -3.4       11
DAYS >= .10         5               6.6    -1.6        8
DAYS >= .50         3               2.1     0.9        3
DAYS >= 1.00        1               0.6     0.4        2
GREATEST
 24 HR. TOTAL    1.10   08/24 TO 08/24
                        08/23 TO 08/24
                        08/24 TO 08/24

SNOWFALL (INCHES)
RECORDS
 TOTAL            0.0   MM
TOTALS            0.0               0.0     0.0      0.0
SINCE 7/1         0.0               0.0     0.0      0.0
SNOWDEPTH AVG.      0                MM      MM        0
DAYS >= 1.0         0               0.0     0.0        0
GREATEST
 SNOW DEPTH         0   MM                             0  MM
 24 HR TOTAL      0.0   08/31 TO 08/31

DEGREE_DAYS
HEATING TOTAL       7                40     -33       31
 SINCE 7/1         13                63     -50       50
COOLING TOTAL     191               111      80      131
 SINCE 1/1        522               362     160      402
.................................................................

WIND (MPH)
AVERAGE WIND SPEED              5.6
HIGHEST WIND SPEED/DIRECTION    22/040    DATE  08/30
HIGHEST GUST SPEED/DIRECTION    28/270    DATE  08/20

SKY COVER
POSSIBLE SUNSHINE (PERCENT)   MM
AVERAGE SKY COVER           0.30
NUMBER OF DAYS FAIR           23
NUMBER OF DAYS PC              7
NUMBER OF DAYS CLOUDY          1

AVERAGE RH (PERCENT)     80

WEATHER CONDITIONS. NUMBER OF DAYS WITH
THUNDERSTORM              0     MIXED PRECIP               0
HEAVY RAIN                4     RAIN                       6
LIGHT RAIN                9     FREEZING RAIN              0
LT FREEZING RAIN          0     HAIL                       0
HEAVY SNOW                0     SNOW                       0
LIGHT SNOW                0     SLEET                      0
FOG                      19     FOG W/VIS <= 1/4 MILE      2
HAZE                      2

-  INDICATES NEGATIVE NUMBERS.
R  INDICATES RECORD WAS SET OR TIED.
MM INDICATES DATA IS MISSING.
T  INDICATES TRACE AMOUNT.

$$
