000
CXUS53 KGRB 010630
CLMGRB


CLIMATE REPORT
NATIONAL WEATHER SERVICE GREEN BAY
129 AM CDT MON SEP 1 2014

...................................

...THE GREEN BAY WI CLIMATE SUMMARY FOR THE MONTH OF AUGUST 2014...

CLIMATE NORMAL PERIOD 1981 TO 2010
CLIMATE RECORD PERIOD 1886 TO 2014

WEATHER         OBSERVED          NORMAL  DEPART  LAST YEAR`S
                 VALUE   DATE(S)  VALUE   FROM    VALUE  DATE(S)
                                          NORMAL
................................................................
TEMPERATURE (F)
RECORD
 HIGH             100   08/24/1948
 LOW               38   08/22/1967
                        08/29/1965
                        08/22/1950
HIGHEST            85   08/03        90      -5       89  08/27
                                                          08/25
LOWEST             47   08/15        44       3       43  08/14
AVG. MAXIMUM     78.3              77.7     0.6     80.1
AVG. MINIMUM     58.1              56.9     1.2     57.2
MEAN             68.2              67.3     0.9     68.6
DAYS MAX >= 90      0               0.6    -0.6        0
DAYS MAX <= 32      0               0.0     0.0        0
DAYS MIN <= 32      0               0.0     0.0        0
DAYS MIN <= 0       0               0.0     0.0        0

PRECIPITATION (INCHES)
RECORD
 MAXIMUM         9.04   1975
 MINIMUM         0.36   1899
TOTALS           4.80              3.37    1.43     3.05
DAILY AVG.       0.15              0.11    0.04     0.10
DAYS >= .01        12              10.4     1.6        6
DAYS >= .10         7               6.6     0.4        5
DAYS >= .50         5               2.1     2.9        1
DAYS >= 1.00        2               0.6     1.4        1
GREATEST
 24 HR. TOTAL    1.63   08/11 TO 08/12

SNOWFALL (INCHES)
RECORDS
 TOTAL            0.0   MM
TOTALS            0.0               0.0     0.0      0.0
SINCE 7/1         0.0               0.0     0.0      0.0
SNOWDEPTH AVG.      0                MM      MM        0
DAYS >= 1.0         0               0.0     0.0        0
GREATEST
 SNOW DEPTH         0   MM                             0  MM
 24 HR TOTAL      0.0   08/31 TO 08/31

DEGREE_DAYS
HEATING TOTAL      14                40     -26       18
 SINCE 7/1         29                63     -34       40
COOLING TOTAL     122               111      11      137
 SINCE 1/1        343               362     -19      478
.................................................................

WIND (MPH)
AVERAGE WIND SPEED              5.5
HIGHEST WIND SPEED/DIRECTION    23/170    DATE  08/18
HIGHEST GUST SPEED/DIRECTION    29/270    DATE  08/25

SKY COVER
POSSIBLE SUNSHINE (PERCENT)   MM
AVERAGE SKY COVER           0.40
NUMBER OF DAYS FAIR           14
NUMBER OF DAYS PC             12
NUMBER OF DAYS CLOUDY          5

AVERAGE RH (PERCENT)     78

WEATHER CONDITIONS. NUMBER OF DAYS WITH
THUNDERSTORM              0     MIXED PRECIP               0
HEAVY RAIN                7     RAIN                       7
LIGHT RAIN               13     FREEZING RAIN              0
LT FREEZING RAIN          0     HAIL                       0
HEAVY SNOW                0     SNOW                       0
LIGHT SNOW                0     SLEET                      0
FOG                      19     FOG W/VIS <= 1/4 MILE      1
HAZE                      5

-  INDICATES NEGATIVE NUMBERS.
R  INDICATES RECORD WAS SET OR TIED.
MM INDICATES DATA IS MISSING.
T  INDICATES TRACE AMOUNT.

$$
