000
CXUS53 KGID 011421
CLMGRI


CLIMATE REPORT
NATIONAL WEATHER SERVICE HASTINGS NE
821 AM CST FRI DEC 1 2017

...................................

...THE GRAND ISLAND NE CLIMATE SUMMARY FOR THE MONTH OF NOVEMBER 2017...

CLIMATE NORMAL PERIOD 1981 TO 2010
CLIMATE RECORD PERIOD 1895 TO 2017

WEATHER         OBSERVED          NORMAL  DEPART  LAST YEAR`S
                 VALUE   DATE(S)  VALUE   FROM    VALUE  DATE(S)
                                          NORMAL
................................................................
TEMPERATURE (F)
RECORD
 HIGH              88   11/08/1915
 LOW              -11   11/28/1976
HIGHEST            76   11/27        71       5       79  11/04
LOWEST             15   11/21         8       7       20  11/19
AVG. MAXIMUM     53.4              49.4     4.0     57.3
AVG. MINIMUM     28.7              26.8     1.9     32.7
MEAN             41.1              38.1     3.0     45.0
DAYS MAX >= 90      0               0.0     0.0        0
DAYS MAX <= 32      0               3.0    -3.0        0
DAYS MIN <= 32     21              21.2    -0.2       14
DAYS MIN <= 0       0               0.3    -0.3        0

PRECIPITATION (INCHES)
RECORD
 MAXIMUM         3.77   1983
 MINIMUM         0.00   1939
                        1914
TOTALS           0.51              1.17   -0.66     1.37
DAILY AVG.       0.02              0.04   -0.02     0.05
DAYS >= .01         2               5.3    -3.3        6
DAYS >= .10         2               2.5    -0.5        5
DAYS >= .50         0               0.8    -0.8        1
DAYS >= 1.00        0               0.2    -0.2        0
GREATEST
 24 HR. TOTAL    0.32   11/18 TO 11/18

SNOWFALL (INCHES)
RECORDS
 TOTAL           17.1   1983
TOTALS            0.2               3.1    -2.9      0.4
SINCE 7/1         1.1               4.2    -3.1      0.4
SNOWDEPTH AVG.      0                MM      MM        0
DAYS >= 1.0         0               1.0    -1.0        0
GREATEST
 SNOW DEPTH         0   MM                            -1  11/18

DEGREE_DAYS
HEATING TOTAL     711               807     -96      592
 SINCE 7/1       1149              1330    -181      920
COOLING TOTAL       0                 0       0        0
 SINCE 1/1       1062              1034      28     1146
.................................................................

WIND (MPH)
AVERAGE WIND SPEED              10.5
HIGHEST WIND SPEED/DIRECTION    44/330    DATE  11/24
HIGHEST GUST SPEED/DIRECTION    51/320    DATE  11/24

SKY COVER
POSSIBLE SUNSHINE (PERCENT)   MM
NUMBER OF DAYS FAIR           19
NUMBER OF DAYS PC              7
NUMBER OF DAYS CLOUDY          4

AVERAGE RH (PERCENT)     66

WEATHER CONDITIONS. NUMBER OF DAYS WITH
THUNDERSTORM              0     MIXED PRECIP               0
HEAVY RAIN                0     RAIN                       2
LIGHT RAIN                2     FREEZING RAIN              0
LT FREEZING RAIN          0     HAIL                       0
HEAVY SNOW                0     SNOW                       0
LIGHT SNOW                1     SLEET                      0
FOG                      10     FOG W/VIS <= 1/4 MILE      1
HAZE                      0

-  INDICATES NEGATIVE NUMBERS.
R  INDICATES RECORD WAS SET OR TIED.
MM INDICATES DATA IS MISSING.
T  INDICATES TRACE AMOUNT.

$$
