000
CXUS53 KGID 011925
CLMGRI


CLIMATE REPORT
NATIONAL WEATHER SERVICE HASTINGS NE
225 PM CDT SAT AUG 1 2015

...................................

...THE GRAND ISLAND NE CLIMATE SUMMARY FOR THE MONTH OF JULY 2015...

CLIMATE NORMAL PERIOD 1981 TO 2010
CLIMATE RECORD PERIOD 1895 TO 2015

WEATHER         OBSERVED          NORMAL  DEPART  LAST YEAR`S
                 VALUE   DATE(S)  VALUE   FROM    VALUE  DATE(S)
                                          NORMAL
................................................................
TEMPERATURE (F)
RECORD
 HIGH             117   07/24/1936
 LOW               42   07/30/1971
HIGHEST            98   07/12       101      -3      100  07/21
LOWEST             50   07/08        53      -3       50  07/15
AVG. MAXIMUM     87.3              87.7    -0.4     84.9
AVG. MINIMUM     63.9              64.7    -0.8     61.9
MEAN             75.6              76.2    -0.6     73.4
DAYS MAX >= 90     10              12.2    -2.2        9
DAYS MAX <= 32      0               0.0     0.0        0
DAYS MIN <= 32      0               0.0     0.0        0
DAYS MIN <= 0       0               0.0     0.0        0

PRECIPITATION (INCHES)
RECORD
 MAXIMUM        10.38   1993
 MINIMUM         0.01   1936
TOTALS           2.58              3.40   -0.82     2.19
DAILY AVG.       0.08              0.11   -0.03     0.07
DAYS >= .01         9               8.8     0.2        4
DAYS >= .10         5               5.2    -0.2        4
DAYS >= .50         3               2.1     0.9        2
DAYS >= 1.00        0               1.0    -1.0        1
GREATEST
 24 HR. TOTAL    0.62   07/24 TO 07/24
                        07/24 TO 07/25

SNOWFALL (INCHES)
RECORDS
 TOTAL            0.0   MM
TOTALS            0.0               0.0     0.0      0.0
SINCE 7/1         0.0               0.0     0.0      0.0
SNOWDEPTH AVG.      0                MM      MM        0
DAYS >= 1.0         0               0.0     0.0        0
GREATEST
 SNOW DEPTH         0   MM                             0  MM

DEGREE_DAYS
HEATING TOTAL       5                 2       3        4
 SINCE 7/1          5                 2       3        4
COOLING TOTAL     344               349      -5      272
 SINCE 1/1        580               627     -47      641
.................................................................

WIND (MPH)
AVERAGE WIND SPEED              8.1
HIGHEST WIND SPEED/DIRECTION    47/280    DATE  07/24
HIGHEST GUST SPEED/DIRECTION    62/280    DATE  07/24

SKY COVER
POSSIBLE SUNSHINE (PERCENT)   MM
NUMBER OF DAYS FAIR           25
NUMBER OF DAYS PC              6
NUMBER OF DAYS CLOUDY          0

AVERAGE RH (PERCENT)     71

WEATHER CONDITIONS. NUMBER OF DAYS WITH
THUNDERSTORM             12     MIXED PRECIP               0
HEAVY RAIN                4     RAIN                       5
LIGHT RAIN               11     FREEZING RAIN              0
LT FREEZING RAIN          0     HAIL                       0
HEAVY SNOW                0     SNOW                       0
LIGHT SNOW                0     SLEET                      0
FOG                      16     FOG W/VIS <= 1/4 MILE      3
HAZE                      7

-  INDICATES NEGATIVE NUMBERS.
R  INDICATES RECORD WAS SET OR TIED.
MM INDICATES DATA IS MISSING.
T  INDICATES TRACE AMOUNT.

$$
