000
CXUS53 KGID 011731 CCA
CLMGRI

CLIMATE REPORT...CORRECTED
NATIONAL WEATHER SERVICE HASTINGS NE
1231 PM CDT THU JUN 1 2017

...................................

...THE GRAND ISLAND NE CLIMATE SUMMARY FOR THE MONTH OF MAY 2017...

CLIMATE NORMAL PERIOD 1981 TO 2010
CLIMATE RECORD PERIOD 1895 TO 2017

WEATHER         OBSERVED          NORMAL  DEPART  LAST YEAR`S
                 VALUE   DATE(S)  VALUE   FROM    VALUE  DATE(S)
                                          NORMAL
................................................................
TEMPERATURE (F)
RECORD
 HIGH             104   05/29/1934
 LOW               23   05/02/1967
HIGHEST            91   05/08        90       1       85  05/30
LOWEST             32   05/01        35      -3       34  05/14
AVG. MAXIMUM     72.7              72.7     0.0     71.9
AVG. MINIMUM     47.9              49.6    -1.7     48.5
MEAN             60.3              61.2    -0.9     60.2
DAYS MAX >= 90      1               1.1    -0.1        0
DAYS MAX <= 32      0               0.0     0.0        0
DAYS MIN <= 32      1               0.3     0.7        0
DAYS MIN <= 0       0               0.0     0.0        0

PRECIPITATION (INCHES)
RECORD
 MAXIMUM        11.27   1903
 MINIMUM         0.34   1934
TOTALS           5.28              4.41    0.87     6.84
DAILY AVG.       0.17              0.14    0.03     0.22
DAYS >= .01         9              11.6    -2.6       15
DAYS >= .10         8               7.2     0.8        8
DAYS >= .50         5               2.9     2.1        4
DAYS >= 1.00        1               1.1    -0.1        3
GREATEST
 24 HR. TOTAL    1.71   04/30 TO 05/01
                        05/01 TO 05/02
                        05/02 TO 05/03

SNOWFALL (INCHES)
RECORDS
 TOTAL            4.5   1947
TOTALS            0.3               0.0     0.3      0.0
SINCE 7/1         9.2              29.0   -19.8     33.8
SNOWDEPTH AVG.      0                MM      MM        0
DAYS >= 1.0         0               0.0     0.0        0
GREATEST
 SNOW DEPTH         T   05/01                          0  MM

DEGREE_DAYS
HEATING TOTAL     181               173       8      176
 SINCE 7/1       5357              6175    -818     5131
COOLING TOTAL      45                54      -9       34
 SINCE 1/1         50                65     -15       34
.................................................................

WIND (MPH)
AVERAGE WIND SPEED              11.6
HIGHEST WIND SPEED/DIRECTION    46/250    DATE  05/15
HIGHEST GUST SPEED/DIRECTION    73/250    DATE  05/15

SKY COVER
POSSIBLE SUNSHINE (PERCENT)   MM
NUMBER OF DAYS FAIR           21
NUMBER OF DAYS PC              5
NUMBER OF DAYS CLOUDY          5

AVERAGE RH (PERCENT)     67

WEATHER CONDITIONS. NUMBER OF DAYS WITH
THUNDERSTORM             10     MIXED PRECIP               0
HEAVY RAIN                5     RAIN                       7
LIGHT RAIN               13     FREEZING RAIN              0
LT FREEZING RAIN          0     HAIL                       0
HEAVY SNOW                0     SNOW                       0
LIGHT SNOW                1     SLEET                      0
FOG                       8     FOG W/VIS <= 1/4 MILE      0
HAZE                      2

-  INDICATES NEGATIVE NUMBERS.
R  INDICATES RECORD WAS SET OR TIED.
MM INDICATES DATA IS MISSING.
T  INDICATES TRACE AMOUNT.

$$

KELLEY
