000
CXUS52 KGSP 011804
CLMGSP

CLIMATE REPORT
NATIONAL WEATHER SERVICE GREENVILLE-SPARTANBURG SC
204 PM EDT FRI JUL 1 2016

...................................

...THE GREENVILLE-SPARTANBURG CLIMATE SUMMARY FOR THE MONTH OF JUNE 2016...

CLIMATE NORMAL PERIOD 1981 TO 2010
CLIMATE RECORD PERIOD 1884 TO 2016

WEATHER         OBSERVED          NORMAL  DEPART  LAST YEAR`S
                 VALUE   DATE(S)  VALUE   FROM    VALUE  DATE(S)
                                          NORMAL
................................................................
TEMPERATURE (F)
RECORD
 HIGH             105   06/29/2012
                        06/20/1887
 LOW               40   06/01/1972
HIGHEST            97   06/23        MM      MM       98  06/26
LOWEST             59   06/08        MM      MM       61  06/29
                                                          06/04
AVG. MAXIMUM     90.2              87.5     2.7     89.6
AVG. MINIMUM     68.1              65.8     2.3     68.2
MEAN             79.1              76.7     2.4     78.9
DAYS MAX >= 90     18              11.0     7.0       15
DAYS MAX <= 32      0               0.0     0.0        0
DAYS MIN <= 32      0               0.0     0.0        0
DAYS MIN <= 0       0               0.0     0.0        0

PRECIPITATION (INCHES)
RECORD
 MAXIMUM        10.99   1886
 MINIMUM         0.13   2008
TOTALS           1.21              3.80   -2.59     3.02
DAILY AVG.       0.04              0.13   -0.09     0.10
DAYS >= .01         7              10.4    -3.4       14
DAYS >= .10         4               6.6    -2.6       10
DAYS >= .50         0               2.7    -2.7        1
DAYS >= 1.00        0               1.0    -1.0        0
GREATEST
 24 HR. TOTAL    0.43   06/13 TO 06/13           06/03 TO 06/04

 STORM TOTAL       MM                                 MM
 (MM/DD(HH))       MM                        06/04(00) TO 06/04(00)

SNOWFALL (INCHES)
RECORDS
 TOTAL             MM   MM
 24 HR TOTAL       MM
 SNOW DEPTH        MM   MM
TOTALS            0.0               0.0     0.0      0.0
 LIQUID EQUIV    0.00              0.00    0.00     0.00
SINCE 7/1         2.6               4.7    -2.1      3.7
 LIQUID 7/1      0.26                MM      MM     0.37
SNOWDEPTH AVG.      0                MM      MM        0
DAYS >= TRACE       0               0.0     0.0        0
DAYS >= 1.0         0               0.0     0.0        0
GREATEST
 SNOW DEPTH         0   MM                             0  MM
 24 HR TOTAL      0.0   06/30 TO 06/30           06/30 TO 06/30

 STORM TOTAL       MM                                 MM
 (MM/DD(HH))       MM                        06/30(00) TO 06/30(00)

DEGREE_DAYS
HEATING TOTAL       0                 2      -2        0
 SINCE 7/1       2498              3046    -548     3017
COOLING TOTAL     431               351      80      426
 SINCE 1/1        670               552     118      701

FREEZE DATES
RECORD
 EARLIEST     MM
 LATEST       MM
EARLIEST      11/15             MM
LATEST        04/10             MM
.................................................

WIND (MPH)
AVERAGE WIND SPEED              5.7
HIGHEST WIND SPEED/DIRECTION    22/040    DATE  06/17
HIGHEST GUST SPEED/DIRECTION    30/060    DATE  06/17

SKY COVER
POSSIBLE SUNSHINE (PERCENT)   MM
AVERAGE SKY COVER           0.20
NUMBER OF DAYS FAIR           25
NUMBER OF DAYS PC              3
NUMBER OF DAYS CLOUDY          2

AVERAGE RH (PERCENT)     62

WEATHER CONDITIONS. NUMBER OF DAYS WITH
THUNDERSTORM             10     MIXED PRECIP               0
HEAVY RAIN                2     RAIN                       4
LIGHT RAIN                9     FREEZING RAIN              0
LT FREEZING RAIN          0     HAIL                       0
HEAVY SNOW                0     SNOW                       0
LIGHT SNOW                0     SLEET                      0
FOG                      10     FOG W/VIS <= 1/4 MILE      1
HAZE                      2

-  INDICATES NEGATIVE NUMBERS.
R  INDICATES RECORD WAS SET OR TIED.
MM INDICATES DATA IS MISSING.
T  INDICATES TRACE AMOUNT.

$$

JMP
