000
CXUS52 KGSP 011417
CLMGSP

CLIMATE REPORT
NATIONAL WEATHER SERVICE GREENVILLE-SPARTANBURG SC
924 AM EDT WED JUL 1 2015

...................................

...THE GREENVILLE-SPARTANBURG CLIMATE SUMMARY FOR THE MONTH OF JUNE 2015...

CLIMATE NORMAL PERIOD 1981 TO 2010
CLIMATE RECORD PERIOD 1884 TO 2015

WEATHER         OBSERVED          NORMAL  DEPART  LAST YEAR`S
                 VALUE   DATE(S)  VALUE   FROM    VALUE  DATE(S)
                                          NORMAL
................................................................
TEMPERATURE (F)
RECORD
 HIGH             105   06/29/2012
                        06/20/1887
 LOW               40   06/01/1972
HIGHEST            98   06/26        MM      MM       95  06/19
                                                          06/17
LOWEST             61   06/29        MM      MM       61  06/03
                        06/04                             06/02
AVG. MAXIMUM     89.6              87.5     2.1     88.0
AVG. MINIMUM     68.2              65.8     2.4     67.1
MEAN             78.9              76.7     2.2     77.6
DAYS MAX >= 90     15              11.0     4.0       12
DAYS MAX <= 32      0               0.0     0.0        0
DAYS MIN <= 32      0               0.0     0.0        0
DAYS MIN <= 0       0               0.0     0.0        0

PRECIPITATION (INCHES)
RECORD
 MAXIMUM        10.99   1886
 MINIMUM         0.13   2008
TOTALS           3.02              3.80   -0.78     2.82
DAILY AVG.       0.10              0.13   -0.03     0.09
DAYS >= .01        14              10.4     3.6       11
DAYS >= .10        10               6.6     3.4        5
DAYS >= .50         1               2.7    -1.7        2
DAYS >= 1.00        0               1.0    -1.0        1
GREATEST
 24 HR. TOTAL    0.71   06/03 TO 06/04           06/28 TO 06/29
                                                          06/30 TO 06/30
                                                          06/30 TO 06/30
 STORM TOTAL       MM                                 MM
 (MM/DD(HH))            MM                    06/29(00) TO 06/29(00)
                                                 06/30(00) TO 06/30(00)0
                                                 06/30(00) TO 06/30(00)0

SNOWFALL (INCHES)
RECORDS
 TOTAL             MM   MM
 24 HR TOTAL       MM
 SNOW DEPTH        MM   MM
TOTALS            0.0               0.0     0.0      0.0
 LIQUID EQUIV    0.00              0.00    0.00     0.00
SINCE 7/1         3.7               4.7    -1.0      7.2
 LIQUID 7/1      0.37                MM      MM     0.72
SNOWDEPTH AVG.      0                MM      MM        0
DAYS >= TRACE       0               0.0     0.0        0
DAYS >= 1.0         0               0.0     0.0        0
GREATEST
 SNOW DEPTH         0   MM                             0  MM
 24 HR TOTAL      0.0   06/30 TO 06/30           06/30 TO 06/30
                                                          06/30 TO 06/30
                                                          06/30 TO 06/30
 STORM TOTAL       MM                                 MM
 (MM/DD(HH))            MM                    06/30(00) TO 06/30(00)
                                                 06/30(00) TO 06/30(00)0
                                                 06/30(00) TO 06/30(00)0

DEGREE_DAYS
HEATING TOTAL       0                 2      -2        0
 SINCE 7/1       3017              3046     -29     3208
COOLING TOTAL     426               351      75      384
 SINCE 1/1        701               552     149      640

FREEZE DATES
RECORD
 EARLIEST     MM
 LATEST       MM
EARLIEST      11/03             MM
LATEST        03/29             MM
.................................................

WIND (MPH)
AVERAGE WIND SPEED              5.3
HIGHEST WIND SPEED/DIRECTION    33/190    DATE  06/26
HIGHEST GUST SPEED/DIRECTION    46/260    DATE  06/20

SKY COVER
POSSIBLE SUNSHINE (PERCENT)    0
AVERAGE SKY COVER           0.30
NUMBER OF DAYS FAIR           20
NUMBER OF DAYS PC              7
NUMBER OF DAYS CLOUDY          3

AVERAGE RH (PERCENT)     68

WEATHER CONDITIONS. NUMBER OF DAYS WITH
THUNDERSTORM       15     MIXED PRECIP               0
HEAVY RAIN          9     RAIN                       4
LIGHT RAIN         16     FREEZING RAIN              0
LT FREEZING RAIN    0     HAIL                       0
HEAVY SNOW          0     SNOW                       0
LIGHT SNOW          0     SLEET                      0
FOG                14     FOG W/VIS <= 1/4 MILE      0
HAZE                4

-  INDICATES NEGATIVE NUMBERS.
R  INDICATES RECORD WAS SET OR TIED.
MM INDICATES DATA IS MISSING.
T  INDICATES TRACE AMOUNT.

$$
