000
CXUS52 KGSP 010759
CLMGSP

CLIMATE REPORT
NATIONAL WEATHER SERVICE GREENVILLE-SPARTANBURG SC
259 AM EST THU FEB 1 2018

...................................

...THE GREENVILLE-SPARTANBURG CLIMATE SUMMARY FOR THE MONTH OF JANUARY 2018...

CLIMATE NORMAL PERIOD 1981 TO 2010
CLIMATE RECORD PERIOD 1884 TO 2018

WEATHER         OBSERVED          NORMAL  DEPART  LAST YEAR`S
                 VALUE   DATE(S)  VALUE   FROM    VALUE  DATE(S)
                                          NORMAL
................................................................
TEMPERATURE (F)
RECORD
 HIGH              82   01/14/1911
 LOW               -6   01/30/1966
HIGHEST            70   01/21        MM      MM       78  01/18
                                                          01/13
LOWEST              9   01/02        MM      MM       16  01/09
AVG. MAXIMUM     49.3              52.4    -3.1     58.2
AVG. MINIMUM     27.0              32.0    -5.0     39.2
MEAN             38.1              42.2    -4.1     48.7
DAYS MAX >= 90      0               0.0     0.0        0
DAYS MAX <= 32      2               0.5     1.5        2
DAYS MIN <= 32     22              16.1     5.9       10
DAYS MIN <= 0       0               0.0     0.0        0

PRECIPITATION (INCHES)
RECORD
 MAXIMUM        10.63   1906
 MINIMUM         0.29   1981
TOTALS           2.86              3.82   -0.96     4.52
DAILY AVG.       0.09              0.12   -0.03     0.15
DAYS >= .01         7              10.2    -3.2       11
DAYS >= .10         5               6.4    -1.4        8
DAYS >= .50         2               2.7    -0.7        3
DAYS >= 1.00        1               1.1    -0.1        2
GREATEST
 24 HR. TOTAL    1.36   01/11 TO 01/12           01/02 TO 01/03

 STORM TOTAL       MM                                 MM
 (MM/DD(HH))            MM                    01/03(00) TO 01/03(00)


SNOWFALL (INCHES)
RECORDS
 TOTAL           12.9   1893
 24 HR TOTAL     12.0   01/07/1988 TO 01/07/1988
 SNOW DEPTH        MM   MM
TOTALS            3.1               2.3     0.8      3.1
 LIQUID EQUIV    0.31              0.20    0.11     0.31
SINCE 7/1         4.7               2.8     1.9      3.1
 LIQUID 7/1      0.47              0.30    0.17     0.31
SNOWDEPTH AVG.      0                MM      MM        0
DAYS >= TRACE       2               1.2     0.8        2
DAYS >= 1.0         1               0.7     0.3        2
GREATEST
 SNOW DEPTH         2   01/18                          3  01/09
                                                          01/08
                                                          01/07
 24 HR TOTAL      3.1   01/17 TO 01/17           01/06 TO 01/07
                                                          0
 STORM TOTAL       MM                                3.1
 (MM/DD(HH))            MM                    01/07(00) TO 01/07(00)


DEGREE_DAYS
HEATING TOTAL     826               707     119      496
 SINCE 7/1       1939              1910      29     1418
COOLING TOTAL       0                 0       0        0
 SINCE 1/1          0                 0       0        0

FREEZE DATES
RECORD
 EARLIEST     MM
 LATEST       MM
EARLIEST                        MM
LATEST                          MM
.................................................................

WIND (MPH)
AVERAGE WIND SPEED              5.5
HIGHEST WIND SPEED/DIRECTION    25/220    DATE  01/23
HIGHEST GUST SPEED/DIRECTION    34/330    DATE  01/30

SKY COVER
POSSIBLE SUNSHINE (PERCENT)   MM
AVERAGE SKY COVER           0.30
NUMBER OF DAYS FAIR           21
NUMBER OF DAYS PC              4
NUMBER OF DAYS CLOUDY          6

AVERAGE RH (PERCENT)     60

WEATHER CONDITIONS. NUMBER OF DAYS WITH
THUNDERSTORM              0     MIXED PRECIP               0
HEAVY RAIN                1     RAIN                       5
LIGHT RAIN                9     FREEZING RAIN              0
LT FREEZING RAIN          1     HAIL                       0
HEAVY SNOW                0     SNOW                       1
LIGHT SNOW                2     SLEET                      1
FOG                      10     FOG W/VIS <= 1/4 MILE      1
HAZE                      1

-  INDICATES NEGATIVE NUMBERS.
R  INDICATES RECORD WAS SET OR TIED.
MM INDICATES DATA IS MISSING.
T  INDICATES TRACE AMOUNT.

$$

OUTLAW
