000
CXUS52 KGSP 011302
CLMGSP

CLIMATE REPORT
NATIONAL WEATHER SERVICE GREENVILLE-SPARTANBURG SC
759 AM EST MON FEB 1 2016

...................................

...THE GREENVILLE-SPARTANBURG CLIMATE SUMMARY FOR THE MONTH OF JANUARY 2016...

CLIMATE NORMAL PERIOD 1981 TO 2010
CLIMATE RECORD PERIOD 1884 TO 2016

WEATHER         OBSERVED          NORMAL  DEPART  LAST YEAR`S
                 VALUE   DATE(S)  VALUE   FROM    VALUE  DATE(S)
                                          NORMAL
................................................................
TEMPERATURE (F)
RECORD
 HIGH              82   01/14/1911
 LOW               -6   01/30/1966
HIGHEST            64   01/31        MM      MM       69  01/20
LOWEST             16   01/19        MM      MM        9  01/08
AVG. MAXIMUM     50.5              52.4    -1.9     52.2
AVG. MINIMUM     30.2              32.0    -1.8     31.0
MEAN             40.3              42.2    -1.9     41.6
DAYS MAX >= 90      0               0.0     0.0        0
DAYS MAX <= 32      0               0.5    -0.5        1
DAYS MIN <= 32     20              16.1     3.9       15
DAYS MIN <= 0       0               0.0     0.0        0

PRECIPITATION (INCHES)
RECORD
 MAXIMUM        10.63   1906
 MINIMUM         0.29   1981
TOTALS           3.54              3.82   -0.28     3.86
DAILY AVG.       0.11              0.12   -0.01     0.12
DAYS >= .01         9              10.2    -1.2        9
DAYS >= .10         5               6.4    -1.4        7
DAYS >= .50         2               2.7    -0.7        5
DAYS >= 1.00        2               1.1     0.9        0
GREATEST
 24 HR. TOTAL    1.46   01/22 TO 01/22           01/03 TO 01/04
                                                          01/31 TO 01/31
                                                          01/31 TO 01/31
 STORM TOTAL       MM                                 MM
 (MM/DD(HH))            MM                    01/04(00) TO 01/04(00)
                                                 01/31(00) TO 01/31(00)1
                                                 01/31(00) TO 01/31(00)1

SNOWFALL (INCHES)
RECORDS
 TOTAL           12.9   1893
 24 HR TOTAL     12.0   01/07/1988 TO 01/07/1988
 SNOW DEPTH        MM   MM
TOTALS            2.2               2.3    -0.1      0.0
 LIQUID EQUIV    0.22              0.20    0.02     0.00
SINCE 7/1         2.2               2.8    -0.6        T
 LIQUID 7/1      0.22              0.30   -0.08       MM
SNOWDEPTH AVG.      0                MM      MM        0
DAYS >= TRACE       3               1.2     1.8        0
DAYS >= 1.0         1               0.7     0.3        0
GREATEST
 SNOW DEPTH         2   01/24                          0  MM
                        01/23
 24 HR TOTAL      2.0   01/22 TO 01/22           01/31 TO 01/31
                                                          01/31 TO 01/31
                                                          01/31 TO 01/31
 STORM TOTAL       MM                                 MM
 (MM/DD(HH))            MM                    01/31(00) TO 01/31(00)
                                                 01/31(00) TO 01/31(00)1
                                                 01/31(00) TO 01/31(00)1

DEGREE_DAYS
HEATING TOTAL     759               707      52      718
 SINCE 7/1       1513              1910    -397     1878
COOLING TOTAL       0                 0       0        0
 SINCE 1/1          0                 0       0        0

FREEZE DATES
RECORD
 EARLIEST     MM
 LATEST       MM
EARLIEST                        MM
LATEST                          MM
..................................................

WIND (MPH)
AVERAGE WIND SPEED              6.3
HIGHEST WIND SPEED/DIRECTION    28/050    DATE  01/22
HIGHEST GUST SPEED/DIRECTION    35/210    DATE  01/31

SKY COVER
POSSIBLE SUNSHINE (PERCENT)   MM
AVERAGE SKY COVER           0.30
NUMBER OF DAYS FAIR           18
NUMBER OF DAYS PC              9
NUMBER OF DAYS CLOUDY          4

AVERAGE RH (PERCENT)     62

WEATHER CONDITIONS. NUMBER OF DAYS WITH
THUNDERSTORM              0     MIXED PRECIP               0
HEAVY RAIN                1     RAIN                       5
LIGHT RAIN                8     FREEZING RAIN              1
LT FREEZING RAIN          1     HAIL                       0
HEAVY SNOW                0     SNOW                       0
LIGHT SNOW                3     SLEET                      2
FOG                      10     FOG W/VIS <= 1/4 MILE      0
HAZE                      0

-  INDICATES NEGATIVE NUMBERS.
R  INDICATES RECORD WAS SET OR TIED.
MM INDICATES DATA IS MISSING.
T  INDICATES TRACE AMOUNT.

$$
JPT
