919
CXUS52 KGSP 011459
CLMGSP

CLIMATE REPORT
NATIONAL WEATHER SERVICE GREENVILLE-SPARTANBURG SC
1059 AM EDT MON MAY 1 2017

...................................

...THE GREENVILLE-SPARTANBURG CLIMATE SUMMARY FOR THE MONTH OF APRIL 2017...

CLIMATE NORMAL PERIOD 1981 TO 2010
CLIMATE RECORD PERIOD 1884 TO 2017

WEATHER         OBSERVED          NORMAL  DEPART  LAST YEAR`S
                 VALUE   DATE(S)  VALUE   FROM    VALUE  DATE(S)
                                          NORMAL
................................................................
TEMPERATURE (F)
RECORD
 HIGH              94   04/20/1917
 LOW               22   04/15/1907
                        04/14/1907
HIGHEST            86   04/21        MM      MM       87  04/29
                                                          04/19
LOWEST             40   04/09        MM      MM       31  04/10
AVG. MAXIMUM     75.4              72.8     2.6     73.7
AVG. MINIMUM     55.0              48.3     6.7     50.3
MEAN             65.2              60.5     4.7     62.0
DAYS MAX >= 90      0               0.3    -0.3        0
DAYS MAX <= 32      0               0.0     0.0        0
DAYS MIN <= 32      0               0.6    -0.6        1
DAYS MIN <= 0       0               0.0     0.0        0

PRECIPITATION (INCHES)
RECORD
 MAXIMUM        11.30   1964
 MINIMUM         0.57   1915
TOTALS           7.30              3.36    3.94     2.32
DAILY AVG.       0.24              0.11    0.13     0.08
DAYS >= .01        12               9.0     3.0        7
DAYS >= .10         9               6.3     2.7        4
DAYS >= .50         5               2.6     2.4        2
DAYS >= 1.00        3               0.8     2.2        0
GREATEST
 24 HR. TOTAL    2.45   04/23 TO 04/24           04/30 TO 04/30
                                                          04/30 TO 04/30
                                                          04/30 TO 04/30
 STORM TOTAL       MM                                 MM
 (MM/DD(HH))            MM                    04/30(00) TO 04/30(00)
                                                 04/30(00) TO 04/30(00)0
                                                 04/30(00) TO 04/30(00)0

SNOWFALL (INCHES)
RECORDS
 TOTAL            0.3   1987
 24 HR TOTAL      0.3   04/03/1987 TO 04/03/1987
 SNOW DEPTH        MM   MM
TOTALS            0.0                 T     0.0      0.0
 LIQUID EQUIV    0.00                MM      MM     0.00
SINCE 7/1         3.6               4.7    -1.1      2.6
 LIQUID 7/1      0.36                MM      MM     0.26
SNOWDEPTH AVG.      0                MM      MM        0
DAYS >= TRACE       0               0.1    -0.1        0
DAYS >= 1.0         0               0.0     0.0        0
GREATEST
 SNOW DEPTH         0   MM                             0  MM
 24 HR TOTAL      0.0   MM                       04/30 TO 04/30
                                                          04/30 TO 04/30
                                                          04/30 TO 04/30
 STORM TOTAL       MM                                 MM
 (MM/DD(HH))            MM                    04/30(00) TO 04/30(00)
                                                 04/30(00) TO 04/30(00)0
                                                 04/30(00) TO 04/30(00)0

DEGREE_DAYS
HEATING TOTAL      75               173     -98      141
 SINCE 7/1       2155              3006    -851     2464
COOLING TOTAL      89                40      49       59
 SINCE 1/1        111                48      63       85

FREEZE DATES
RECORD
 EARLIEST     MM
 LATEST       MM
EARLIEST                        MM
LATEST                          MM
.................................................

WIND (MPH)
AVERAGE WIND SPEED              7.9
HIGHEST WIND SPEED/DIRECTION    29/230    DATE  04/22
HIGHEST GUST SPEED/DIRECTION    43/230    DATE  04/06

SKY COVER
POSSIBLE SUNSHINE (PERCENT)   MM
AVERAGE SKY COVER           0.40
NUMBER OF DAYS FAIR           15
NUMBER OF DAYS PC              8
NUMBER OF DAYS CLOUDY          7

AVERAGE RH (PERCENT)     66

WEATHER CONDITIONS. NUMBER OF DAYS WITH
THUNDERSTORM              6     MIXED PRECIP               0
HEAVY RAIN                9     RAIN                       8
LIGHT RAIN               13     FREEZING RAIN              0
LT FREEZING RAIN          0     HAIL                       0
HEAVY SNOW                0     SNOW                       0
LIGHT SNOW                0     SLEET                      0
FOG                      18     FOG W/VIS <= 1/4 MILE      4
HAZE                      4

-  INDICATES NEGATIVE NUMBERS.
R  INDICATES RECORD WAS SET OR TIED.
MM INDICATES DATA IS MISSING.
T  INDICATES TRACE AMOUNT.

$$

OUTLAW
