000
CXUS52 KGSP 010819
CLMGSP

CLIMATE REPORT
NATIONAL WEATHER SERVICE GREENVILLE-SPARTANBURG SC
319 AM EST WED MAR 1 2017

...................................

...THE GREENVILLE-SPARTANBURG CLIMATE SUMMARY FOR THE MONTH OF FEBRUARY 2017...

CLIMATE NORMAL PERIOD 1981 TO 2010
CLIMATE RECORD PERIOD 1884 TO 2017

WEATHER         OBSERVED          NORMAL  DEPART  LAST YEAR`S
                 VALUE   DATE(S)  VALUE   FROM    VALUE  DATE(S)
                                          NORMAL
................................................................
TEMPERATURE (F)
RECORD
 HIGH              81   02/12/2017
                        02/27/1996
 LOW               -5   02/14/1899
HIGHEST            81R  02/12        MM      MM       73  02/29
LOWEST             26   02/04        MM      MM       20  02/11
                                                          02/10
AVG. MAXIMUM     66.5              56.6     9.9     54.6
AVG. MINIMUM     41.2              34.9     6.3     34.7
MEAN             53.9              45.7     8.2     44.7
DAYS MAX >= 90      0               0.0     0.0        0
DAYS MAX <= 32      0               0.1    -0.1        2
DAYS MIN <= 32      6              10.6    -4.6       15
DAYS MIN <= 0       0               0.0     0.0        0

PRECIPITATION (INCHES)
RECORD
 MAXIMUM        11.59   1903
 MINIMUM         0.53   1978
TOTALS           1.20              3.97   -2.77     4.72
DAILY AVG.       0.04              0.14   -0.10     0.16
DAYS >= .01         6               9.2    -3.2        8
DAYS >= .10         4               6.3    -2.3        6
DAYS >= .50         0               2.6    -2.6        3
DAYS >= 1.00        0               0.9    -0.9        2
GREATEST
 24 HR. TOTAL    0.42   02/07 TO 02/07           02/22 TO 02/23

 STORM TOTAL       MM                                 MM
 (MM/DD(HH))            MM                    02/23(00) TO 02/23(00)
                                                 02/12(00) TO 02/12(00)2
                                                 02/12(00) TO 02/12(00)2

SNOWFALL (INCHES)
RECORDS
 TOTAL           15.3   1902
 24 HR TOTAL      8.2   02/18/1979 TO 02/18/1979
 SNOW DEPTH        MM   MM
TOTALS            0.0               1.0    -1.0      0.4
 LIQUID EQUIV    0.00              0.10   -0.10     0.04
SINCE 7/1         3.1               3.8    -0.7      2.6
 LIQUID 7/1      0.31              0.40   -0.09     0.26
SNOWDEPTH AVG.      0                MM      MM        0
DAYS >= TRACE       0               0.7    -0.7        2
DAYS >= 1.0         0               0.3    -0.3        0
GREATEST
 SNOW DEPTH         0   MM                             0  MM
 24 HR TOTAL      0.0   02/28 TO 02/28           02/12 TO 02/12
                                                          02/12 TO 02/12
                                                          02/12 TO 02/12
 STORM TOTAL       MM                                 MM
 (MM/DD(HH))            MM                    02/12(00) TO 02/12(00)
                                                 02/12(00) TO 02/12(00)2
                                                 02/12(00) TO 02/12(00)2

DEGREE_DAYS
HEATING TOTAL     308               539    -231      584
 SINCE 7/1       1726              2449    -723     2097
COOLING TOTAL       6                 0       6        0
 SINCE 1/1          6                 0       6        0

FREEZE DATES
RECORD
 EARLIEST     MM
 LATEST       MM
EARLIEST                        MM
LATEST                          MM
...................................................

WIND (MPH)
AVERAGE WIND SPEED              7.0
HIGHEST WIND SPEED/DIRECTION    31/240    DATE  02/25
HIGHEST GUST SPEED/DIRECTION    39/270    DATE  02/25

SKY COVER
POSSIBLE SUNSHINE (PERCENT)   MM
AVERAGE SKY COVER           0.30
NUMBER OF DAYS FAIR           18
NUMBER OF DAYS PC              9
NUMBER OF DAYS CLOUDY          1

AVERAGE RH (PERCENT)     56

WEATHER CONDITIONS. NUMBER OF DAYS WITH
THUNDERSTORM              3     MIXED PRECIP               0
HEAVY RAIN                2     RAIN                       4
LIGHT RAIN               10     FREEZING RAIN              0
LT FREEZING RAIN          0     HAIL                       0
HEAVY SNOW                0     SNOW                       0
LIGHT SNOW                0     SLEET                      0
FOG                       9     FOG W/VIS <= 1/4 MILE      2
HAZE                      1

-  INDICATES NEGATIVE NUMBERS.
R  INDICATES RECORD WAS SET OR TIED.
MM INDICATES DATA IS MISSING.
T  INDICATES TRACE AMOUNT.

$$

OUTLAW
