000
CXUS55 KTFX 020324
CLMGTF


CLIMATE REPORT
NATIONAL WEATHER SERVICE GREAT FALLS MT
812 PM MST THU JAN 1 2015

...................................

...THE GREAT FALLS MT CLIMATE SUMMARY FOR THE MONTH OF DECEMBER 2014...

CLIMATE NORMAL PERIOD 1981 TO 2010
CLIMATE RECORD PERIOD 1886 TO 2014

WEATHER         OBSERVED          NORMAL  DEPART  LAST YEAR`S
                 VALUE   DATE(S)  VALUE   FROM    VALUE
                                          NORMAL
.............................................................
TEMPERATURE (F)
RECORD
 HIGH              69   12/05/1939
 LOW              -43   12/29/1968
HIGHEST            63   12/12        37      26       58
LOWEST            -20   12/30        12     -32      -33
AVG. MAXIMUM     37.8              34.6     3.2     32.1
AVG. MINIMUM     19.0              14.9     4.1     10.0
MEAN             28.4              24.8     3.6     21.1
DAYS MAX >= 90      0               0.0     0.0
DAYS MAX <= 32     13              10.4     2.6
DAYS MIN <= 32     27              27.2    -0.2
DAYS MIN <= 0       3               5.4    -2.4

PRECIPITATION (INCHES)
RECORD
 MAXIMUM         2.49   1917
 MINIMUM            T   1954
TOTALS           1.10              0.55    0.55     0.94
DAYS >= .01         7               7.5    -0.5
DAYS >= .10         4               1.8     2.2
DAYS >= .50         0               0.1    -0.1
DAYS >= 1.00        0               0.0     0.0
GREATEST
 24 HR. TOTAL    0.45   12/24 TO 12/24

SNOWFALL (INCHES)
RECORDS
 TOTAL           30.5   2008
 24 HR TOTAL       MM
TOTALS           16.2               9.5     6.7     13.2
SINCE 7/1        33.6              23.2    10.4     22.9
SNOWDEPTH AVG.      2
DAYS >= TRACE       8               7.5     0.5
DAYS >= 1.0         3               3.1    -0.1
GREATEST
 SNOW DEPTH        11   12/30
                        12/29
 24 HR TOTAL      7.5   12/28 TO 12/28

DEGREE_DAYS
HEATING TOTAL    1128              1248    -120     1354
 SINCE 7/1       3017              3217    -200     3154
COOLING TOTAL       0                 0       0        0
 SINCE 1/1        350               298      52      449
..............................................................

WIND (MPH)
AVERAGE WIND SPEED              12.2
HIGHEST WIND SPEED/DIRECTION    36/210    DATE  12/30
HIGHEST GUST SPEED/DIRECTION    45/230    DATE  12/23

SKY COVER
AVERAGE SKY COVER           0.40

AVERAGE RH (PERCENT)     70

WEATHER CONDITIONS. NUMBER OF DAYS WITH
THUNDERSTORM              0     MIXED PRECIP               0
HEAVY RAIN                0     RAIN                       0
LIGHT RAIN                4     FREEZING RAIN              0
LT FREEZING RAIN          1     HAIL                       0
HEAVY SNOW                1     SNOW                       2
LIGHT SNOW                7     SLEET                      0
FOG                      11     FOG W/VIS <= 1/4 MILE      3
HAZE                      1

-  INDICATES NEGATIVE NUMBERS.
R  INDICATES RECORD WAS SET OR TIED.
MM INDICATES DATA IS MISSING.
T  INDICATES TRACE AMOUNT.

$$

December started out on a cold note...and generally ended on a cold
note as well. Our coldest temperature of the month was -20 on the
30th...while the warmest day was 63 degrees on the 12th...which was
a record high temperature for the day. Overall we were above normal
for temperatures for the entire month...with an average temperature
of 3.6 degrees above normal. We also managed to have a white
Christmas as well. On December 24th...5 inches of snow fell...which
was a record snowfall for Christmas Eve. For the entire month we had
16.2 inches of snow...1.10 inches of rain. The snowfall ranked as
the 14th snowiest December on record...while the liquid
precipitation was the 26th wettest on record.
