807
CXUS55 KTFX 010908
CLMGTF


CLIMATE REPORT
NATIONAL WEATHER SERVICE GREAT FALLS MT
308 AM MDT FRI JUL 1 2016

...................................

...THE GREAT FALLS MT CLIMATE SUMMARY FOR THE MONTH OF JUNE 2016...

CLIMATE NORMAL PERIOD 1981 TO 2010
CLIMATE RECORD PERIOD 1886 TO 2016

WEATHER         OBSERVED          NORMAL  DEPART  LAST YEAR`S
                 VALUE   DATE(S)  VALUE   FROM    VALUE
                                          NORMAL
.............................................................
TEMPERATURE (F)
RECORD
 HIGH             102   06/21/1919
                        06/21/1900
 LOW               31   06/08/2009
                        06/10/1999
                        06/08/1950
HIGHEST            92   06/08        80      12       99
LOWEST             36   06/20        45      -9       36
AVG. MAXIMUM     78.8              73.3     5.5     81.6
AVG. MINIMUM     46.4              46.1     0.3     48.7
MEAN             62.6              59.7     2.9     65.2
DAYS MAX >= 90      3               1.4     1.6
DAYS MAX <= 32      0               0.0     0.0
DAYS MIN <= 32      0               0.2    -0.2
DAYS MIN <= 0       0               0.0     0.0

PRECIPITATION (INCHES)
RECORD
 MAXIMUM         8.02   1923
 MINIMUM         0.44   2015
TOTALS           0.96              2.53   -1.57     0.44
DAYS >= .01        10              11.7    -1.7
DAYS >= .10         4               5.8    -1.8
DAYS >= .50         0               1.4    -1.4
DAYS >= 1.00        0               0.3    -0.3
GREATEST
 24 HR. TOTAL    0.35   06/24 TO 06/24

SNOWFALL (INCHES)
RECORDS
 TOTAL           11.1   1950
 24 HR TOTAL       MM
TOTALS              T               0.3    -0.3      0.0
SINCE 7/1        46.9              63.5   -16.6     57.9
SNOWDEPTH AVG.      0
DAYS >= TRACE       1               0.2     0.8
DAYS >= 1.0         0               0.0     0.0
GREATEST
 SNOW DEPTH         0   MM
 24 HR TOTAL        T   06/24 TO 06/24

DEGREE_DAYS
HEATING TOTAL     108               191     -83       82
 SINCE 7/1       6797              7726    -929     6930
COOLING TOTAL      43                32      11       94
 SINCE 1/1         43                39       4       94
..............................................................

WIND (MPH)
AVERAGE WIND SPEED              10.1
HIGHEST WIND SPEED/DIRECTION    40/260    DATE  06/21
HIGHEST GUST SPEED/DIRECTION    51/260    DATE  06/21

SKY COVER
AVERAGE SKY COVER           0.10

AVERAGE RH (PERCENT)     53

WEATHER CONDITIONS. NUMBER OF DAYS WITH
THUNDERSTORM              0     MIXED PRECIP               0
HEAVY RAIN                2     RAIN                       5
LIGHT RAIN               13     FREEZING RAIN              0
LT FREEZING RAIN          0     HAIL                       1
HEAVY SNOW                0     SNOW                       0
LIGHT SNOW                0     SLEET                      0
FOG                       4     FOG W/VIS <= 1/4 MILE      0
HAZE                      0

-  INDICATES NEGATIVE NUMBERS.
R  INDICATES RECORD WAS SET OR TIED.
MM INDICATES DATA IS MISSING.
T  INDICATES TRACE AMOUNT.

$$
