000
CXUS54 KAMA 011532
CLMGUY


CLIMATE REPORT
NATIONAL WEATHER SERVICE AMARILLO TX
932 AM CST WED MAR 1 2017

...................................

...THE GUYMON CLIMATE SUMMARY FOR THE MONTH OF FEBRUARY 2017...

CLIMATE NORMAL PERIOD 1981 TO 2010
CLIMATE RECORD PERIOD 1998 TO 2017

WEATHER         OBSERVED          NORMAL  DEPART  LAST YEAR`S
                 VALUE   DATE(S)  VALUE   FROM    VALUE  DATE(S)
                                          NORMAL
................................................................
TEMPERATURE (F)
HIGHEST            93R  02/10                         88  02/18
LOWEST             10   02/25                         17  02/04
                                                          02/03
AVG. MAXIMUM     64.9              53.4    11.5     62.1
AVG. MINIMUM     28.1              23.8     4.3     28.6
MEAN             46.5              38.6     7.9     45.3
DAYS MAX >= 90      2               0.0     2.0        0
DAYS MAX <= 32      1               1.7    -0.7        0
DAYS MIN <= 32     21              23.6    -2.6       24
DAYS MIN <= 0       0               0.1    -0.1        0

PRECIPITATION (INCHES)
TOTALS           0.01              0.47   -0.46     0.29
DAILY AVG.       0.00              0.02   -0.02     0.01
DAYS >= .01         1                MM      MM        2
DAYS >= .10         0                MM      MM        1
DAYS >= .50         0                MM      MM        0
DAYS >= 1.00        0                MM      MM        0
GREATEST
 24 HR. TOTAL    0.01   02/14 TO 02/14

SNOWFALL (INCHES)
TOTALS            0.0                MM      MM       MM
SINCE 7/1         0.8                MM      MM      0.0
DAYS >= TRACE       0                MM      MM
DAYS >= 1.0         0                MM      MM        0
GREATEST
 SNOW DEPTH         0   MM
 24 HR TOTAL      0.0   02/28 TO 02/28

DEGREE_DAYS
HEATING TOTAL     520               739    -219      566
 SINCE 7/1       2903              3467    -564     2967
COOLING TOTAL       8                 0       8        3
 SINCE 1/1          8                 0       8        3
.................................................................

WIND (MPH)
AVERAGE WIND SPEED              10.9
HIGHEST WIND SPEED/DIRECTION    47/230    DATE  02/28
HIGHEST GUST SPEED/DIRECTION    63/230    DATE  02/28

SKY COVER
POSSIBLE SUNSHINE (PERCENT)   MM
NUMBER OF DAYS FAIR           25
NUMBER OF DAYS PC              3
NUMBER OF DAYS CLOUDY          0

AVERAGE RH (PERCENT)     47

WEATHER CONDITIONS. NUMBER OF DAYS WITH
THUNDERSTORM              0     MIXED PRECIP               0
HEAVY RAIN                0     RAIN                       0
LIGHT RAIN                3     FREEZING RAIN              0
LT FREEZING RAIN          0     HEAVY SNOW                 0
SNOW                      0     LIGHT SNOW                 0
SLEET                     0     FOG                        2
FOG W/VIS <= 1/4 MILE     1     HAZE                       0

-  INDICATES NEGATIVE NUMBERS.
R  INDICATES RECORD WAS SET OR TIED.
MM INDICATES DATA IS MISSING.
T  INDICATES TRACE AMOUNT.

$$
