000
CXUS54 KAMA 021211
CLMGUY


CLIMATE REPORT
NATIONAL WEATHER SERVICE AMARILLO TX
710 AM CDT SAT JUL 2 2016

...................................

...THE GUYMON CLIMATE SUMMARY FOR THE MONTH OF JUNE 2016...

CLIMATE NORMAL PERIOD 1981 TO 2010
CLIMATE RECORD PERIOD 1998 TO 2016

WEATHER         OBSERVED          NORMAL  DEPART  LAST YEAR`S
                 VALUE   DATE(S)  VALUE   FROM    VALUE  DATE(S)
                                          NORMAL
................................................................
TEMPERATURE (F)
HIGHEST           102   06/22                         99  06/22
LOWEST             49   06/05                         59  06/30
                                                          06/08
AVG. MAXIMUM     93.0              87.6     5.4     90.6
AVG. MINIMUM     63.4              60.5     2.9     64.2
MEAN             78.2              74.1     4.1     77.4
DAYS MAX >= 90     23              13.0    10.0       20
DAYS MAX <= 32      0               0.0     0.0        0
DAYS MIN <= 32      0               0.0     0.0        0
DAYS MIN <= 0       0               0.0     0.0        0

PRECIPITATION (INCHES)
TOTALS           2.64              2.94   -0.30     1.69
DAILY AVG.       0.09              0.10   -0.01     0.06
DAYS >= .01         8                MM      MM        5
DAYS >= .10         6                MM      MM        3
DAYS >= .50         2                MM      MM        1
DAYS >= 1.00        0                MM      MM        0
GREATEST
 24 HR. TOTAL    1.14   06/13 TO 06/14

SNOWFALL (INCHES)
TOTALS            0.0                MM      MM      0.0
SINCE 7/1         0.0                MM      MM     23.3
DAYS >= TRACE       0                MM      MM
DAYS >= 1.0         0                MM      MM        0
GREATEST
 SNOW DEPTH         0   MM
 24 HR TOTAL      0.0   06/30 TO 06/30

DEGREE_DAYS
HEATING TOTAL       0                 8      -8        0
 SINCE 7/1       3784              4457    -673     3998
COOLING TOTAL     404               280     124      381
 SINCE 1/1        494               388     106      445
.................................................................

WIND (MPH)
AVERAGE WIND SPEED              10.4
HIGHEST WIND SPEED/DIRECTION    37/230    DATE  06/07
HIGHEST GUST SPEED/DIRECTION    48/010    DATE  06/06

SKY COVER
POSSIBLE SUNSHINE (PERCENT)   MM
NUMBER OF DAYS FAIR           28
NUMBER OF DAYS PC              2
NUMBER OF DAYS CLOUDY          0

AVERAGE RH (PERCENT)     56

WEATHER CONDITIONS. NUMBER OF DAYS WITH
THUNDERSTORM              8     MIXED PRECIP               0
HEAVY RAIN                5     RAIN                       5
LIGHT RAIN               10     FREEZING RAIN              0
LT FREEZING RAIN          0     HEAVY SNOW                 0
SNOW                      0     LIGHT SNOW                 0
SLEET                     0     FOG                        8
FOG W/VIS <= 1/4 MILE     0     HAZE                       0

-  INDICATES NEGATIVE NUMBERS.
R  INDICATES RECORD WAS SET OR TIED.
MM INDICATES DATA IS MISSING.
T  INDICATES TRACE AMOUNT.

$$
