000
CXUS54 KAMA 011738
CLMGUY


CLIMATE REPORT
NATIONAL WEATHER SERVICE AMARILLO TX
1238 PM CDT SAT APR 1 2017

...................................

...THE GUYMON CLIMATE SUMMARY FOR THE MONTH OF MARCH 2017...

CLIMATE NORMAL PERIOD 1981 TO 2010
CLIMATE RECORD PERIOD 1998 TO 2017

WEATHER         OBSERVED          NORMAL  DEPART  LAST YEAR`S
                 VALUE   DATE(S)  VALUE   FROM    VALUE  DATE(S)
                                          NORMAL
................................................................
TEMPERATURE (F)
HIGHEST            94R  03/19                         88  03/22
LOWEST             18   03/03                         13  03/20
                        03/02
AVG. MAXIMUM     69.0              61.1     7.9     68.1
AVG. MINIMUM     34.7              31.5     3.2     33.0
MEAN             51.9              46.3     5.6     50.6
DAYS MAX >= 90      2               0.2     1.8        0
DAYS MAX <= 32      0               0.7    -0.7        0
DAYS MIN <= 32     11              16.2    -5.2       17
DAYS MIN <= 0       0               0.0     0.0        0

PRECIPITATION (INCHES)
TOTALS           1.95              1.43    0.52     0.26
DAILY AVG.       0.06              0.05    0.01     0.01
DAYS >= .01         5                MM      MM        2
DAYS >= .10         3                MM      MM        1
DAYS >= .50         2                MM      MM        0
DAYS >= 1.00        1                MM      MM        0
GREATEST
 24 HR. TOTAL    1.13   03/28 TO 03/28

SNOWFALL (INCHES)
TOTALS            0.0                MM      MM      0.0
SINCE 7/1         0.8                MM      MM      0.0
DAYS >= TRACE       0                MM      MM
DAYS >= 1.0         0                MM      MM        0
GREATEST
 SNOW DEPTH         0   MM
 24 HR TOTAL      0.0   03/31 TO 03/31

DEGREE_DAYS
HEATING TOTAL     414               581    -167      444
 SINCE 7/1       3317              4048    -731     3411
COOLING TOTAL      15                 2      13        6
 SINCE 1/1         23                 2      21        9
.................................................................

WIND (MPH)
AVERAGE WIND SPEED              12.1
HIGHEST WIND SPEED/DIRECTION    47/260    DATE  03/06
HIGHEST GUST SPEED/DIRECTION    62/200    DATE  03/23

SKY COVER
POSSIBLE SUNSHINE (PERCENT)   MM
NUMBER OF DAYS FAIR           25
NUMBER OF DAYS PC              3
NUMBER OF DAYS CLOUDY          3

AVERAGE RH (PERCENT)     52

WEATHER CONDITIONS. NUMBER OF DAYS WITH
THUNDERSTORM              0     MIXED PRECIP               0
HEAVY RAIN                2     RAIN                       2
LIGHT RAIN                6     FREEZING RAIN              0
LT FREEZING RAIN          0     HEAVY SNOW                 0
SNOW                      0     LIGHT SNOW                 0
SLEET                     0     FOG                        4
FOG W/VIS <= 1/4 MILE     0     HAZE                       2

-  INDICATES NEGATIVE NUMBERS.
R  INDICATES RECORD WAS SET OR TIED.
MM INDICATES DATA IS MISSING.
T  INDICATES TRACE AMOUNT.

$$
