000
CXUS54 KJAN 011219
CLMGWO


CLIMATE REPORT
NATIONAL WEATHER SERVICE JACKSON MS
616 AM CST MON FEB 1 2016

...................................

...THE GREENWOOD CLIMATE SUMMARY FOR THE MONTH OF JANUARY 2016...

CLIMATE NORMAL PERIOD 1981 TO 2010
CLIMATE RECORD PERIOD 1948 TO 2016

WEATHER         OBSERVED          NORMAL  DEPART  LAST YEAR`S
                 VALUE   DATE(S)  VALUE   FROM    VALUE  DATE(S)
                                          NORMAL
................................................................
TEMPERATURE (F)
RECORD
 HIGH              82   01/24/1972
 LOW               -2   01/19/1977
HIGHEST            75   01/31        MM      MM       69  01/29
                                                          01/03
LOWEST             17   01/11        MM      MM       10  01/08
AVG. MAXIMUM     53.5              53.5     0.0     53.0
AVG. MINIMUM     31.7              33.2    -1.5     31.1
MEAN             42.6              43.4    -0.8     42.1
DAYS MAX >= 90      0               0.0     0.0        0
DAYS MAX <= 32      0               1.0    -1.0        1
DAYS MIN <= 32     20              15.5     4.5       17
DAYS MIN <= 0       0               0.1    -0.1        0

PRECIPITATION (INCHES)
RECORD
 MAXIMUM        12.12   1951
 MINIMUM         0.86   1986
TOTALS           3.18              4.52   -1.34     4.44
DAILY AVG.       0.10              0.15   -0.05     0.14
DAYS >= .01         7               9.1    -2.1        9
DAYS >= .10         4               6.4    -2.4        7
DAYS >= .50         2               3.0    -1.0        4
DAYS >= 1.00        2               1.4     0.6        2
GREATEST
 24 HR. TOTAL    1.57   01/21 TO 01/22              1.75

SNOWFALL (INCHES)
TOTALS              M

DEGREE_DAYS
HEATING TOTAL     689               673      16      701
 SINCE 7/1       1223              1739    -516     1801
COOLING TOTAL       1                 2      -1        0
 SINCE 1/1          1                 0       1        0
.................................................................

WIND (MPH)
AVERAGE WIND SPEED              6.8
HIGHEST WIND SPEED/DIRECTION    31/210    DATE  01/30
HIGHEST GUST SPEED/DIRECTION    39/200    DATE  01/31

SKY COVER
POSSIBLE SUNSHINE (PERCENT)   MM
AVERAGE SKY COVER           0.30
NUMBER OF DAYS FAIR           18
NUMBER OF DAYS PC              7
NUMBER OF DAYS CLOUDY          6

AVERAGE RH (PERCENT)     69

WEATHER CONDITIONS. NUMBER OF DAYS WITH
THUNDERSTORM              2     MIXED PRECIP               0
HEAVY RAIN                3     RAIN                       3
LIGHT RAIN                9     FREEZING RAIN              0
LT FREEZING RAIN          0     HAIL                       0
HEAVY SNOW                0     SNOW                       0
LIGHT SNOW                1     SLEET                      0
FOG                      12     FOG W/VIS <= 1/4 MILE      2
HAZE                      2

-  INDICATES NEGATIVE NUMBERS.
R  INDICATES RECORD WAS SET OR TIED.
MM INDICATES DATA IS MISSING.
T  INDICATES TRACE AMOUNT.

$$
