000
CXUS54 KJAN 021236
CLMGWO


CLIMATE REPORT
NATIONAL WEATHER SERVICE JACKSON MS
735 AM CDT FRI JUN 2 2017

...................................

...THE GREENWOOD CLIMATE SUMMARY FOR THE MONTH OF MAY 2017...

CLIMATE NORMAL PERIOD 1981 TO 2010
CLIMATE RECORD PERIOD 1948 TO 2017

WEATHER         OBSERVED          NORMAL  DEPART  LAST YEAR`S
                 VALUE   DATE(S)  VALUE   FROM    VALUE  DATE(S)
                                          NORMAL
................................................................
TEMPERATURE (F)
RECORD
 HIGH             100   05/31/1951
 LOW               35   05/04/2013
HIGHEST            90   05/19        MM      MM       92  05/30
LOWEST             46   05/06        MM      MM       45  05/06
AVG. MAXIMUM     81.7              82.8    -1.1     81.5
AVG. MINIMUM     59.9              60.8    -0.9     59.7
MEAN             70.8              71.8    -1.0     70.6
DAYS MAX >= 90      1               3.1    -2.1        4
DAYS MAX <= 32      0               0.0     0.0        0
DAYS MIN <= 32      0               0.0     0.0        0
DAYS MIN <= 0       0               0.0     0.0        0

PRECIPITATION (INCHES)
RECORD
 MAXIMUM        14.18   1991
 MINIMUM         0.55   1977
TOTALS           3.23              4.95   -1.72     1.49
DAILY AVG.       0.10              0.16   -0.06     0.05
DAYS >= .01        12               9.7     2.3        4
DAYS >= .10         6               6.9    -0.9        2
DAYS >= .50         3               3.3    -0.3        1
DAYS >= 1.00        0               1.9    -1.9        1
GREATEST
 24 HR. TOTAL    1.10   04/30 TO 05/01              1.32

SNOWFALL (INCHES)
TOTALS            0.0

DEGREE_DAYS
HEATING TOTAL      22                17       5       16
 SINCE 7/1       1780              2688    -908     1929
COOLING TOTAL     210               228     -18      198
 SINCE 1/1        444               330     114      329
.................................................................

WIND (MPH)
AVERAGE WIND SPEED              6.2
HIGHEST WIND SPEED/DIRECTION    31/010    DATE  05/28
HIGHEST GUST SPEED/DIRECTION    38/020    DATE  05/28

SKY COVER
POSSIBLE SUNSHINE (PERCENT)   MM
AVERAGE SKY COVER           0.30
NUMBER OF DAYS FAIR           22
NUMBER OF DAYS PC              5
NUMBER OF DAYS CLOUDY          4

AVERAGE RH (PERCENT)     74

WEATHER CONDITIONS. NUMBER OF DAYS WITH
THUNDERSTORM              7     MIXED PRECIP               0
HEAVY RAIN                4     RAIN                       5
LIGHT RAIN               15     FREEZING RAIN              0
LT FREEZING RAIN          0     HAIL                       0
HEAVY SNOW                0     SNOW                       0
LIGHT SNOW                0     SLEET                      0
FOG                      13     FOG W/VIS <= 1/4 MILE      0
HAZE                      0

-  INDICATES NEGATIVE NUMBERS.
R  INDICATES RECORD WAS SET OR TIED.
MM INDICATES DATA IS MISSING.
T  INDICATES TRACE AMOUNT.

$$
