000
CXUS54 KJAN 011246
CLMGWO


CLIMATE REPORT
NATIONAL WEATHER SERVICE JACKSON MS
643 AM CST SUN MAR 1 2015

...................................

...THE GREENWOOD CLIMATE SUMMARY FOR THE MONTH OF FEBRUARY 2015...

CLIMATE NORMAL PERIOD 1981 TO 2010
CLIMATE RECORD PERIOD 1948 TO 2015

WEATHER         OBSERVED          NORMAL  DEPART  LAST YEAR`S
                 VALUE   DATE(S)  VALUE   FROM    VALUE  DATE(S)
                                          NORMAL
................................................................
TEMPERATURE (F)
RECORD
 HIGH              84   02/23/2012
 LOW               -4   02/03/1951
HIGHEST            72   02/08        MM      MM       78  02/20
LOWEST             17   02/19        MM      MM       18  02/27
AVG. MAXIMUM     49.4              58.3    -8.9     53.9
AVG. MINIMUM     28.8              36.8    -8.0     34.0
MEAN             39.1              47.5    -8.4     43.9
DAYS MAX >= 90      0               0.0     0.0        0
DAYS MAX <= 32      0               0.4    -0.4        2
DAYS MIN <= 32     23              10.0    13.0       13
DAYS MIN <= 0       0               0.0     0.0        0

PRECIPITATION (INCHES)
RECORD
 MAXIMUM        10.42   1956
 MINIMUM         1.21   1972
TOTALS           4.95              4.42    0.53     4.71
DAILY AVG.       0.18              0.16    0.02     0.17
DAYS >= .01         7               9.4    -2.4       13
DAYS >= .10         7               6.6     0.4        6
DAYS >= .50         4               3.1     0.9        2
DAYS >= 1.00        2               1.4     0.6        2
GREATEST
 24 HR. TOTAL    1.64   02/21 TO 02/21              1.96

SNOWFALL (INCHES)
TOTALS              M

DEGREE_DAYS
HEATING TOTAL     720               492     228      582
 SINCE 7/1       2521              2231     290     2654
COOLING TOTAL       0                 3      -3        0
 SINCE 1/1          0                 5      -5        0
.................................................................

WIND (MPH)
AVERAGE WIND SPEED              7.9
HIGHEST WIND SPEED/DIRECTION    32/190    DATE  02/21
HIGHEST GUST SPEED/DIRECTION    39/180    DATE  02/20

SKY COVER
POSSIBLE SUNSHINE (PERCENT)   MM
AVERAGE SKY COVER           0.40
NUMBER OF DAYS FAIR           15
NUMBER OF DAYS PC              6
NUMBER OF DAYS CLOUDY          6

AVERAGE RH (PERCENT)     64

WEATHER CONDITIONS. NUMBER OF DAYS WITH
THUNDERSTORM              1     MIXED PRECIP               0
HEAVY RAIN                3     RAIN                       6
LIGHT RAIN                8     FREEZING RAIN              0
LT FREEZING RAIN          0     HAIL                       0
HEAVY SNOW                1     SNOW                       1
LIGHT SNOW                1     SLEET                      1
FOG                       8     FOG W/VIS <= 1/4 MILE      2
HAZE                      2

-  INDICATES NEGATIVE NUMBERS.
R  INDICATES RECORD WAS SET OR TIED.
MM INDICATES DATA IS MISSING.
T  INDICATES TRACE AMOUNT.

$$
