000
CXUS54 KJAN 011235
CLMHBG


CLIMATE REPORT
NATIONAL WEATHER SERVICE JACKSON MS
733 AM CDT FRI JUL 1 2016

...................................

...THE HATTIESBURG CLIMATE SUMMARY FOR THE MONTH OF JUNE 2016...

CLIMATE NORMAL PERIOD 1981 TO 2010
CLIMATE RECORD PERIOD 1948 TO 2016

WEATHER         OBSERVED          NORMAL  DEPART  LAST YEAR`S
                 VALUE   DATE(S)  VALUE   FROM    VALUE  DATE(S)
                                          NORMAL
................................................................
TEMPERATURE (F)
RECORD
 HIGH             106   06/14/1963
 LOW               49   06/02/1972
                        06/03/1956
HIGHEST            99   06/26        MM      MM       97  06/23
LOWEST             67   06/10        MM      MM       64  06/04
                        06/09
                        06/08
AVG. MAXIMUM     91.8              89.9     1.9     90.5
AVG. MINIMUM     71.7              68.3     3.4     71.0
MEAN             81.7              79.1     2.6     80.8
DAYS MAX >= 90     23              16.1     6.9       17
DAYS MAX <= 32      0               0.0     0.0        0
DAYS MIN <= 32      0               0.0     0.0        0
DAYS MIN <= 0       0               0.0     0.0        0

PRECIPITATION (INCHES)
RECORD
 MAXIMUM        14.02   2003
 MINIMUM         0.53   2009
TOTALS           8.13              5.50    2.63     4.73
DAILY AVG.       0.27              0.18    0.09     0.16
DAYS >= .01        14                MM      MM       13
DAYS >= .10        11                MM      MM        8
DAYS >= .50         6                MM      MM        3
DAYS >= 1.00        3                MM      MM        1
GREATEST
 24 HR. TOTAL    2.23   06/28 TO 06/29              1.85

SNOWFALL (INCHES)
TOTALS            0.0
SINCE 7/1         0.0
DAYS >= TRACE       0
DAYS >= 1.0         0
GREATEST
 24 HR TOTAL      0.0   06/30 TO 06/30

DEGREE_DAYS
HEATING TOTAL       0                 0       0        0
 SINCE 7/1       1383              1985    -602     1912
COOLING TOTAL     507               423      84      479
 SINCE 1/1        971               838     133     1056
.................................................................

WIND (MPH)
AVERAGE WIND SPEED              3.7
HIGHEST WIND SPEED/DIRECTION    29/040    DATE  06/28
HIGHEST GUST SPEED/DIRECTION    40/040    DATE  06/28

SKY COVER
POSSIBLE SUNSHINE (PERCENT)   MM
AVERAGE SKY COVER           0.20
NUMBER OF DAYS FAIR           26
NUMBER OF DAYS PC              4
NUMBER OF DAYS CLOUDY          0

AVERAGE RH (PERCENT)     71

WEATHER CONDITIONS. NUMBER OF DAYS WITH
THUNDERSTORM             15     MIXED PRECIP               0
HEAVY RAIN               11     RAIN                      12
LIGHT RAIN               16     FREEZING RAIN              0
LT FREEZING RAIN          0     HAIL                       0
HEAVY SNOW                0     SNOW                       0
LIGHT SNOW                0     SLEET                      0
FOG                      12     FOG W/VIS <= 1/4 MILE      1
HAZE                      3

-  INDICATES NEGATIVE NUMBERS.
R  INDICATES RECORD WAS SET OR TIED.
MM INDICATES DATA IS MISSING.
T  INDICATES TRACE AMOUNT.

$$
