000
CXUS54 KJAN 011246
CLMHBG


CLIMATE REPORT
NATIONAL WEATHER SERVICE JACKSON MS
643 AM CST SUN MAR 1 2015

...................................

...THE HATTIESBURG CLIMATE SUMMARY FOR THE MONTH OF FEBRUARY 2015...

CLIMATE NORMAL PERIOD 1981 TO 2010
CLIMATE RECORD PERIOD 1948 TO 2015

WEATHER         OBSERVED          NORMAL  DEPART  LAST YEAR`S
                 VALUE   DATE(S)  VALUE   FROM    VALUE  DATE(S)
                                          NORMAL
................................................................
TEMPERATURE (F)
RECORD
 HIGH              85   02/28/1948
 LOW                7   02/03/1951
HIGHEST            76   02/08        MM      MM       82  02/20
LOWEST             25   02/20        MM      MM       27  02/28
                                                          02/07
AVG. MAXIMUM     59.4              63.4    -4.0     62.8
AVG. MINIMUM     35.0              40.2    -5.2     40.1
MEAN             47.2              51.8    -4.6     51.4
DAYS MAX >= 90      0               0.0     0.0        0
DAYS MAX <= 32      0               0.0     0.0        0
DAYS MIN <= 32     13               5.8     7.2        6
DAYS MIN <= 0       0               0.0     0.0        0

PRECIPITATION (INCHES)
RECORD
 MAXIMUM        17.59   1961
 MINIMUM         0.72   2000
TOTALS           2.48              5.39   -2.91     7.23
DAILY AVG.       0.09              0.19   -0.10     0.26
DAYS >= .01         9                MM      MM       14
DAYS >= .10         6                MM      MM        9
DAYS >= .50         1                MM      MM        5
DAYS >= 1.00        0                MM      MM        3
GREATEST
 24 HR. TOTAL    0.81   02/25 TO 02/25              2.05
                        02/24 TO 02/25
                        02/25 TO 02/25

SNOWFALL (INCHES)
TOTALS            0.0
SINCE 7/1           T
DAYS >= TRACE       0
DAYS >= 1.0         0
GREATEST
 24 HR TOTAL      0.0   02/28 TO 02/28

DEGREE_DAYS
HEATING TOTAL     491               379     112      389
 SINCE 7/1       1781              1678     103     1923
COOLING TOTAL       0                 9      -9       17
 SINCE 1/1          6                15      -9       17
.................................................................

WIND (MPH)
AVERAGE WIND SPEED              6.8
HIGHEST WIND SPEED/DIRECTION    26/170    DATE  02/21
HIGHEST GUST SPEED/DIRECTION    36/150    DATE  02/21

SKY COVER
POSSIBLE SUNSHINE (PERCENT)   MM
AVERAGE SKY COVER           0.40
NUMBER OF DAYS FAIR           14
NUMBER OF DAYS PC              7
NUMBER OF DAYS CLOUDY          7

AVERAGE RH (PERCENT)     66

WEATHER CONDITIONS. NUMBER OF DAYS WITH
THUNDERSTORM              1     MIXED PRECIP               0
HEAVY RAIN                4     RAIN                       6
LIGHT RAIN               10     FREEZING RAIN              0
LT FREEZING RAIN          0     HAIL                       0
HEAVY SNOW                0     SNOW                       0
LIGHT SNOW                0     SLEET                      0
FOG                      11     FOG W/VIS <= 1/4 MILE      0
HAZE                      1

-  INDICATES NEGATIVE NUMBERS.
R  INDICATES RECORD WAS SET OR TIED.
MM INDICATES DATA IS MISSING.
T  INDICATES TRACE AMOUNT.

$$
