000
CXUS54 KJAN 011551
CLMHBG


CLIMATE REPORT
NATIONAL WEATHER SERVICE JACKSON MS
949 AM CST WED MAR 1 2017

...................................

...THE HATTIESBURG CLIMATE SUMMARY FOR THE MONTH OF FEBRUARY 2017...

CLIMATE NORMAL PERIOD 1981 TO 2010
CLIMATE RECORD PERIOD 1948 TO 2017

WEATHER         OBSERVED          NORMAL  DEPART  LAST YEAR`S
                 VALUE   DATE(S)  VALUE   FROM    VALUE  DATE(S)
                                          NORMAL
................................................................
TEMPERATURE (F)
RECORD
 HIGH              85   02/28/1948
 LOW                7   02/03/1951
HIGHEST            84   02/12        MM      MM       79  02/02
LOWEST             30   02/04        MM      MM       26  02/10
AVG. MAXIMUM     73.5              63.4    10.1     67.5
AVG. MINIMUM     47.3              40.2     7.1     41.6
MEAN             60.4              51.8     8.6     54.6
DAYS MAX >= 90      0               0.0     0.0        0
DAYS MAX <= 32      0               0.0     0.0        0
DAYS MIN <= 32      2               5.8    -3.8        8
DAYS MIN <= 0       0               0.0     0.0        0

PRECIPITATION (INCHES)
RECORD
 MAXIMUM        17.59   1961
 MINIMUM         0.72   2000
TOTALS           2.53              5.39   -2.86     4.85
DAILY AVG.       0.09              0.19   -0.10     0.17
DAYS >= .01        10                MM      MM        6
DAYS >= .10         4                MM      MM        5
DAYS >= .50         3                MM      MM        4
DAYS >= 1.00        0                MM      MM        2
GREATEST
 24 HR. TOTAL    0.76   02/07 TO 02/07              2.11

SNOWFALL (INCHES)
TOTALS            0.0
SINCE 7/1           T
DAYS >= TRACE       0
DAYS >= 1.0         0
GREATEST
 24 HR TOTAL      0.0   02/28 TO 02/28

DEGREE_DAYS
HEATING TOTAL     158               379    -221      322
 SINCE 7/1        967              1678    -711     1238
COOLING TOTAL      37                 9      28       25
 SINCE 1/1         69                15      54       25
.................................................................

WIND (MPH)
AVERAGE WIND SPEED              6.0
HIGHEST WIND SPEED/DIRECTION    28/290    DATE  02/21
HIGHEST GUST SPEED/DIRECTION    40/290    DATE  02/15

SKY COVER
POSSIBLE SUNSHINE (PERCENT)   MM
AVERAGE SKY COVER           0.40
NUMBER OF DAYS FAIR           12
NUMBER OF DAYS PC             14
NUMBER OF DAYS CLOUDY          2

AVERAGE RH (PERCENT)     70

WEATHER CONDITIONS. NUMBER OF DAYS WITH
THUNDERSTORM              2     MIXED PRECIP               0
HEAVY RAIN                4     RAIN                       6
LIGHT RAIN               13     FREEZING RAIN              0
LT FREEZING RAIN          0     HAIL                       0
HEAVY SNOW                0     SNOW                       0
LIGHT SNOW                0     SLEET                      0
FOG                      18     FOG W/VIS <= 1/4 MILE      6
HAZE                      1

-  INDICATES NEGATIVE NUMBERS.
R  INDICATES RECORD WAS SET OR TIED.
MM INDICATES DATA IS MISSING.
T  INDICATES TRACE AMOUNT.

$$
