000
CXUS56 KPQR 011407
CLMHIO


CLIMATE REPORT
NATIONAL WEATHER SERVICE PORTLAND OREGON
707 AM PDT FRI MAY 1 2015

...................................

...THE HILLSBORO OR CLIMATE SUMMARY FOR THE MONTH OF APRIL 2015...

CLIMATE NORMAL PERIOD 1981 TO 2010
CLIMATE RECORD PERIOD 1929 TO 2015

WEATHER         OBSERVED          NORMAL  DEPART  LAST YEAR`S
                 VALUE   DATE(S)  VALUE   FROM    VALUE  DATE(S)
                                          NORMAL
................................................................
TEMPERATURE (F)
HIGHEST            82                                 82  04/30
LOWEST             31                                 33  04/18
AVG. MAXIMUM     62.2              60.7     1.5     61.7
AVG. MINIMUM     37.9              39.4    -1.5     39.8
MEAN             50.1              50.0     0.1     50.8
DAYS MAX >= 90      0               0.0     0.0        0
DAYS MAX <= 32      0               0.0     0.0        0
DAYS MIN <= 32      2               2.5    -0.5        0
DAYS MIN <= 0       0               0.0     0.0        0

PRECIPITATION (INCHES)
RECORD
 MAXIMUM         5.91   2003
 MINIMUM         0.23   1933
TOTALS           1.41              3.01   -1.60     3.42
DAYS >= .01        14                MM      MM       15
DAYS >= .10         5                MM      MM       13
DAYS >= .50         0                MM      MM        1
DAYS >= 1.00        0                MM      MM        0
GREATEST
 24 HR. TOTAL    0.43   03/31 TO 04/01

DEGREE_DAYS
HEATING TOTAL     441               448      -7      421
 SINCE 7/1       3575              4562    -987     4665
COOLING TOTAL       2                 0       2        0
 SINCE 1/1          2                 0       2        0
.................................................................

WIND (MPH)
AVERAGE WIND SPEED              4.3
RESULTANT WIND SPEED/DIRECTION   1/290
HIGHEST WIND SPEED/DIRECTION    25/310    DATE  04/21
HIGHEST GUST SPEED/DIRECTION    32/300    DATE  04/21

SKY COVER
POSSIBLE SUNSHINE (PERCENT)   MM
AVERAGE SKY COVER           0.50

AVERAGE RH (PERCENT)     71

WEATHER CONDITIONS. NUMBER OF DAYS WITH
THUNDERSTORM              0     MIXED PRECIP               0
HEAVY RAIN                1     RAIN                       4
LIGHT RAIN               17     FREEZING RAIN              0
LT FREEZING RAIN          0     HAIL                       0
HEAVY SNOW                0     SNOW                       0
LIGHT SNOW                0     SLEET                      0
FOG                      16     FOG W/VIS <= 1/4 MILE      6
HAZE                      8

-  INDICATES NEGATIVE NUMBERS.
R  INDICATES RECORD WAS SET OR TIED.
MM INDICATES DATA IS MISSING.
T  INDICATES TRACE AMOUNT.

$$
