000
CXUS56 KPQR 011602
CLMHIO


CLIMATE REPORT
NATIONAL WEATHER SERVICE PORTLAND OREGON
902 AM PDT MON MAY 1 2017

...................................

...THE HILLSBORO OR CLIMATE SUMMARY FOR THE MONTH OF APRIL 2017...

CLIMATE NORMAL PERIOD 1981 TO 2010
CLIMATE RECORD PERIOD 1929 TO 2017

WEATHER         OBSERVED          NORMAL  DEPART  LAST YEAR`S
                 VALUE   DATE(S)  VALUE   FROM    VALUE  DATE(S)
                                          NORMAL
................................................................
TEMPERATURE (F)
HIGHEST            70                                 88  04/18
LOWEST             33                                 34  04/26
                                                          04/25
                                                          04/15
AVG. MAXIMUM     58.4              60.7    -2.3     67.9
AVG. MINIMUM     40.0              39.4     0.6     43.1
MEAN             49.2              50.0    -0.8     55.5
DAYS MAX >= 90      0               0.0     0.0        0
DAYS MAX <= 32      0               0.0     0.0        0
DAYS MIN <= 32      0               2.5    -2.5        0
DAYS MIN <= 0       0               0.0     0.0        0

PRECIPITATION (INCHES)
RECORD
 MAXIMUM         5.91   2003
 MINIMUM         0.23   1933
TOTALS           3.56              3.01    0.55     1.88
DAYS >= .01        23                MM      MM       11
DAYS >= .10        12                MM      MM        7
DAYS >= .50         1                MM      MM        0
DAYS >= 1.00        0                MM      MM        0
GREATEST
 24 HR. TOTAL    0.54   04/24 TO 04/24

DEGREE_DAYS
HEATING TOTAL     467               448      19      286
 SINCE 7/1       4548              4562     -14     3783
COOLING TOTAL       0                 0       0        7
 SINCE 1/1          0                 0       0        7
.................................................................

WIND (MPH)
AVERAGE WIND SPEED              6.2
RESULTANT WIND SPEED/DIRECTION   1/200
HIGHEST WIND SPEED/DIRECTION    45/170    DATE  04/07
HIGHEST GUST SPEED/DIRECTION    61/170    DATE  04/07

SKY COVER
POSSIBLE SUNSHINE (PERCENT)   MM
AVERAGE SKY COVER           0.70

AVERAGE RH (PERCENT)     75

WEATHER CONDITIONS. NUMBER OF DAYS WITH
THUNDERSTORM              0     MIXED PRECIP               0
HEAVY RAIN                1     RAIN                       8
LIGHT RAIN               25     FREEZING RAIN              0
LT FREEZING RAIN          0     HAIL                       0
HEAVY SNOW                0     SNOW                       0
LIGHT SNOW                0     SLEET                      0
FOG                      22     FOG W/VIS <= 1/4 MILE      1
HAZE                      1

-  INDICATES NEGATIVE NUMBERS.
R  INDICATES RECORD WAS SET OR TIED.
MM INDICATES DATA IS MISSING.
T  INDICATES TRACE AMOUNT.

$$
