000
CXUS56 KHNX 011415
CLMHJO


CLIMATE REPORT
NATIONAL WEATHER SERVICE SAN JOAQUIN VALLEY - HANFORD CA
715 AM PDT FRI MAY 1 2015

...................................

...THE HANFORD CA AIRPORT CLIMATE SUMMARY FOR THE MONTH OF APRIL 2015...

CLIMATE NORMAL PERIOD 1981 TO 2010
CLIMATE RECORD PERIOD 1998 TO 2015

WEATHER         OBSERVED          NORMAL  DEPART  LAST YEAR`S
                 VALUE   DATE(S)  VALUE   FROM    VALUE  DATE(S)
                                          NORMAL
................................................................
TEMPERATURE (F)
RECORD
 HIGH              98   04/27/2005
 LOW               32   04/15/2009
HIGHEST            96   04/30        MM      MM       94  04/30
                        04/28
LOWEST             42   04/15        MM      MM       38  04/01
                        04/03
AVG. MAXIMUM     81.2              74.9     6.3     79.4
AVG. MINIMUM     50.8              46.5     4.3     49.0
MEAN             66.0              60.7     5.3     64.2
DAYS MAX >= 90      7               1.9     5.1        2
DAYS MIN <= 32      0               0.0     0.0        0

PRECIPITATION (INCHES)
RECORD
 MAXIMUM         2.98   2006
TOTALS           0.92              0.79    0.13     0.20
DAYS >= .01         2                MM      MM        1
DAYS >= .10         2                MM      MM        1
DAYS >= .50         1                MM      MM        0
DAYS >= 1.00        0                MM      MM        0
GREATEST
 24 HR. TOTAL    0.70   04/07 TO 04/07

SNOWFALL (INCHES)
RECORDS
 TOTAL             MM   MM
TOTALS            0.0                MM

DEGREE_DAYS
HEATING TOTAL      60               160    -100       90
 SINCE 7/1       1692              2615    -923     2042
COOLING TOTAL      95                32      63       75
 SINCE 1/1        153                36     117       75
.................................................................

WIND (MPH)
AVERAGE WIND SPEED              6.6
HIGHEST WIND SPEED/DIRECTION    26/330    DATE  04/13
HIGHEST GUST SPEED/DIRECTION    35/320    DATE  04/14

AVERAGE RH (PERCENT)     47

WEATHER CONDITIONS. NUMBER OF DAYS WITH
THUNDERSTORM              0     RAIN                       2
HAIL                      0     FOG                        4
FOG W/VIS <= 1/4 MILE     0     HAZE                      20

-  INDICATES NEGATIVE NUMBERS.
R  INDICATES RECORD WAS SET OR TIED.
MM INDICATES DATA IS MISSING.
T  INDICATES TRACE AMOUNT.

$$

SANGER/OCHS

WEATHER.GOV/HANFORD
