000
CXUS56 KHNX 011823
CLMHJO


CLIMATE REPORT
NATIONAL WEATHER SERVICE SAN JOAQUIN VALLEY, CA
1120 AM PDT SAT JUL 1 2017

...................................

...THE HANFORD CA AIRPORT CLIMATE SUMMARY FOR THE MONTH OF JUNE 2017...

CLIMATE NORMAL PERIOD 1981 TO 2010
CLIMATE RECORD PERIOD 1998 TO 2017

WEATHER         OBSERVED          NORMAL  DEPART  LAST YEAR`S
                 VALUE   DATE(S)  VALUE   FROM    VALUE  DATE(S)
                                          NORMAL
................................................................
TEMPERATURE (F)
RECORD
 HIGH             110   06/22/2017
                        06/20/2017
                        06/30/1891
 LOW               45   06/06/2005
HIGHEST           110R  06/22        MM      MM      107  06/29
                        06/20                             06/28
LOWEST             46   06/12        MM      MM       52  06/16
AVG. MAXIMUM     95.5              90.7     4.8     96.2
AVG. MINIMUM     62.8              58.5     4.3     62.0
MEAN             79.2              74.6     4.6     79.1
DAYS MAX >= 90     23              16.8     6.2       22
DAYS MIN <= 32      0               0.0     0.0        0

PRECIPITATION (INCHES)
RECORD
 MAXIMUM         0.91   2011
TOTALS           0.01              0.15   -0.14     0.04
DAYS >= .01         1                MM      MM        2
DAYS >= .10         0                MM      MM        0
DAYS >= .50         0                MM      MM        0
DAYS >= 1.00        0                MM      MM        0
GREATEST
 24 HR. TOTAL    0.01   06/11 TO 06/11

SNOWFALL (INCHES)
RECORDS
 TOTAL            0.0
TOTALS            0.0              0.0

DEGREE_DAYS
HEATING TOTAL       5                 3       2        0
 SINCE 7/1       2109              2655    -546     2166
COOLING TOTAL     438               291     147      428
 SINCE 1/1        646               480     166      657
.................................................................

WIND (MPH)
AVERAGE WIND SPEED              7.8
HIGHEST WIND SPEED/DIRECTION    21/320    DATE  06/10
HIGHEST GUST SPEED/DIRECTION    31/320    DATE  06/10

AVERAGE RH (PERCENT)     49

WEATHER CONDITIONS. NUMBER OF DAYS WITH
THUNDERSTORM              0     RAIN                       0
HAIL                      0     FOG                        0
FOG W/VIS <= 1/4 MILE     0     HAZE                       6

-  INDICATES NEGATIVE NUMBERS.
R  INDICATES RECORD WAS SET OR TIED.
MM INDICATES DATA IS MISSING.
T  INDICATES TRACE AMOUNT.

$$
