000
CXUS56 KHNX 011928
CLMHJO


CLIMATE REPORT
NATIONAL WEATHER SERVICE SAN JOAQUIN VALLEY, CA
1224 PM PDT FRI JUL 1 2016

...................................

...THE HANFORD CA AIRPORT CLIMATE SUMMARY FOR THE MONTH OF JUNE 2016...

CLIMATE NORMAL PERIOD 1981 TO 2010
CLIMATE RECORD PERIOD 1998 TO 2016

WEATHER         OBSERVED          NORMAL  DEPART  LAST YEAR`S
                 VALUE   DATE(S)  VALUE   FROM    VALUE  DATE(S)
                                          NORMAL
................................................................
TEMPERATURE (F)
RECORD
 HIGH             108   06/09/2014
                        06/30/2013
                        06/21/2008
 LOW               45   06/06/2005
HIGHEST           107   06/29        MM      MM      106  06/30
                        06/28                             06/13
                                                          06/08
LOWEST             52   06/16        MM      MM       54  06/05
                                                          06/04
AVG. MAXIMUM     96.2              90.7     5.5     97.4
AVG. MINIMUM     62.0              58.5     3.5     63.5
MEAN             79.1              74.6     4.5     80.4
DAYS MAX >= 90     22              16.8     5.2       25
DAYS MIN <= 32      0               0.0     0.0        0

PRECIPITATION (INCHES)
RECORD
 MAXIMUM         0.91   2011
TOTALS           0.04              0.15   -0.11        T
DAYS >= .01         2                MM      MM        0
DAYS >= .10         0                MM      MM        0
DAYS >= .50         0                MM      MM        0
DAYS >= 1.00        0                MM      MM        0
GREATEST
 24 HR. TOTAL    0.04   06/11 TO 06/12

SNOWFALL (INCHES)
RECORDS
 TOTAL            0.0
TOTALS            0.0               0.0

DEGREE_DAYS
HEATING TOTAL       0                 3      -3        0
 SINCE 7/1       2166              2655    -489     1711
COOLING TOTAL     428               291     137      469
 SINCE 1/1        657               480     177      775
.................................................................

WIND (MPH)
AVERAGE WIND SPEED              8.0
HIGHEST WIND SPEED/DIRECTION    22/310    DATE  06/15
HIGHEST GUST SPEED/DIRECTION    27/310    DATE  06/15

AVERAGE RH (PERCENT)     38

WEATHER CONDITIONS. NUMBER OF DAYS WITH
THUNDERSTORM              0     RAIN                       1
HAIL                      0     FOG                        1
FOG W/VIS <= 1/4 MILE     0     HAZE                      13

-  INDICATES NEGATIVE NUMBERS.
R  INDICATES RECORD WAS SET OR TIED.
MM INDICATES DATA IS MISSING.
T  INDICATES TRACE AMOUNT.

$$
