000
CXUS56 KHNX 020616
CLMHJO


CLIMATE REPORT
NATIONAL WEATHER SERVICE SAN JOAQUIN VALLEY, CA
1107 PM PDT MON MAY 1 2017

...................................

...THE HANFORD CA AIRPORT CLIMATE SUMMARY FOR THE MONTH OF APRIL 2017...

CLIMATE NORMAL PERIOD 1981 TO 2010
CLIMATE RECORD PERIOD 1998 TO 2017

WEATHER         OBSERVED          NORMAL  DEPART  LAST YEAR`S
                 VALUE   DATE(S)  VALUE   FROM    VALUE  DATE(S)
                                          NORMAL
................................................................
TEMPERATURE (F)
RECORD
 HIGH              98   04/27/2005
 LOW               32   04/15/2009
HIGHEST            87   04/30        MM      MM       92  04/18
LOWEST             36   04/09        MM      MM       41  04/26
AVG. MAXIMUM     75.5              74.9     0.6     78.9
AVG. MINIMUM     47.3              46.5     0.8     50.3
MEAN             61.4              60.7     0.7     64.6
DAYS MAX >= 90      0               1.9    -1.9        2
DAYS MIN <= 32      0               0.0     0.0        0

PRECIPITATION (INCHES)
RECORD
 MAXIMUM         3.00   2006
TOTALS           1.03              0.79    0.24     0.57
DAYS >= .01         5                MM      MM        3
DAYS >= .10         2                MM      MM        3
DAYS >= .50         1                MM      MM        0
DAYS >= 1.00        0                MM      MM        0
GREATEST
 24 HR. TOTAL    0.56   04/07 TO 04/08

SNOWFALL (INCHES)
RECORDS
 TOTAL            0.0
TOTALS            0.0               0.0

DEGREE_DAYS
HEATING TOTAL     107               160     -53       45
 SINCE 7/1       2080              2615    -535     2156
COOLING TOTAL       7                32     -25       40
 SINCE 1/1         15                36     -21       41
.................................................................

WIND (MPH)
AVERAGE WIND SPEED              6.9
HIGHEST WIND SPEED/DIRECTION    26/320    DATE  04/27
HIGHEST GUST SPEED/DIRECTION    34/290    DATE  04/08

AVERAGE RH (PERCENT)     62

WEATHER CONDITIONS. NUMBER OF DAYS WITH
THUNDERSTORM              0     RAIN                       2
HAIL                      0     FOG                       16
FOG W/VIS <= 1/4 MILE     1     HAZE                      13

-  INDICATES NEGATIVE NUMBERS.
R  INDICATES RECORD WAS SET OR TIED.
MM INDICATES DATA IS MISSING.
T  INDICATES TRACE AMOUNT.

$$
