000
CXUS56 KHNX 011928
CLMHJO


CLIMATE REPORT
NATIONAL WEATHER SERVICE SAN JOAQUIN VALLEY, CA
1122 AM PST MON FEB 1 2016

...................................

...THE HANFORD CA AIRPORT CLIMATE SUMMARY FOR THE MONTH OF JANUARY 2016...

CLIMATE NORMAL PERIOD 1981 TO 2010
CLIMATE RECORD PERIOD 1998 TO 2016

WEATHER         OBSERVED          NORMAL  DEPART  LAST YEAR`S
                 VALUE   DATE(S)  VALUE   FROM    VALUE  DATE(S)
                                          NORMAL
................................................................
TEMPERATURE (F)
RECORD
 HIGH              77   01/24/2014
 LOW               19   01/17/2012
                        01/15/2007
                        01/14/2007
HIGHEST            65   01/13        MM      MM       67  01/27
                                                          01/10
LOWEST             27   01/01        MM      MM       26  01/02
                                                          01/01
AVG. MAXIMUM     57.6              54.3     3.3     56.5
AVG. MINIMUM     40.3              36.3     4.0     38.6
MEAN             49.0              45.3     3.7     47.6
DAYS MAX >= 90      0               0.0     0.0        0
DAYS MIN <= 32      1               9.3    -8.3        6

PRECIPITATION (INCHES)
RECORD
 MAXIMUM         3.07   2006
TOTALS           2.87              2.04    0.83     0.04
DAYS >= .01        11                MM      MM        1
DAYS >= .10         9                MM      MM        0
DAYS >= .50         2                MM      MM        0
DAYS >= 1.00        0                MM      MM        0
GREATEST
 24 HR. TOTAL    0.68   01/30 TO 01/31

SNOWFALL (INCHES)
RECORDS
 TOTAL             MM                MM
TOTALS            0.0                MM

DEGREE_DAYS
HEATING TOTAL     489               611    -122      532
 SINCE 7/1       1562              1743    -181     1280
COOLING TOTAL       0                 0       0        0
 SINCE 1/1          0                 0       0        0
.................................................................

WIND (MPH)
AVERAGE WIND SPEED              3.9
HIGHEST WIND SPEED/DIRECTION    24/310    DATE  01/31
HIGHEST GUST SPEED/DIRECTION    30/150    DATE  01/06

AVERAGE RH (PERCENT)     81

WEATHER CONDITIONS. NUMBER OF DAYS WITH
THUNDERSTORM              0     RAIN                      10
HAIL                      0     FOG                       31
FOG W/VIS <= 1/4 MILE    19     HAZE                      19

-  INDICATES NEGATIVE NUMBERS.
R  INDICATES RECORD WAS SET OR TIED.
MM INDICATES DATA IS MISSING.
T  INDICATES TRACE AMOUNT.

$$
