000
CXUS56 KHNX 031137
CLMHJO


CLIMATE REPORT
NATIONAL WEATHER SERVICE SAN JOAQUIN VALLEY, CA
427 AM PDT FRI NOV 3 2017

...................................

...THE HANFORD CA AIRPORT CLIMATE SUMMARY FOR THE MONTH OF OCTOBER 2017...

CLIMATE NORMAL PERIOD 1981 TO 2010
CLIMATE RECORD PERIOD 1998 TO 2017

WEATHER         OBSERVED          NORMAL  DEPART  LAST YEAR`S
                 VALUE   DATE(S)  VALUE   FROM    VALUE  DATE(S)
                                          NORMAL
................................................................
TEMPERATURE (F)
RECORD
 HIGH             100   MM
 LOW               31   10/29/2009
HIGHEST            91   10/25        MM      MM       93  10/09
LOWEST             38   10/14        MM      MM       43  10/06
                        10/13
AVG. MAXIMUM     81.5              79.2     2.3     79.8
AVG. MINIMUM     45.3              47.9    -2.6     50.0
MEAN             63.4              63.5    -0.1     64.9
DAYS MAX >= 90      1               3.4    -2.4        2
DAYS MIN <= 32      0               0.1    -0.1        0

PRECIPITATION (INCHES)
RECORD
 MAXIMUM         2.09   MM
TOTALS           0.06              0.50   -0.44     0.64
DAYS >= .01         1                MM      MM        3
DAYS >= .10         0                MM      MM        3
DAYS >= .50         0                MM      MM        0
DAYS >= 1.00        0                MM      MM        0
GREATEST
 24 HR. TOTAL    0.06   10/20 TO 10/20

SNOWFALL (INCHES)
RECORDS
 TOTAL             MM   MM
TOTALS            0.0                MM

DEGREE_DAYS
HEATING TOTAL      75                99     -24       33
 SINCE 7/1         82               105     -23       37
COOLING TOTAL      37                54     -17       39
 SINCE 1/1       2178              1642     536     1962
.................................................................

WIND (MPH)
AVERAGE WIND SPEED              3.6
HIGHEST WIND SPEED/DIRECTION    22/320    DATE  10/20
HIGHEST GUST SPEED/DIRECTION    27/200    DATE  10/03

AVERAGE RH (PERCENT)     60

WEATHER CONDITIONS. NUMBER OF DAYS WITH
THUNDERSTORM              0     RAIN                       1
HAIL                      0     FOG                       24
FOG W/VIS <= 1/4 MILE     1     HAZE                      29

-  INDICATES NEGATIVE NUMBERS.
R  INDICATES RECORD WAS SET OR TIED.
MM INDICATES DATA IS MISSING.
T  INDICATES TRACE AMOUNT.

$$
