000
CXUS53 KGLD 020128
CLMHLC

CLIMATE REPORT
NATIONAL WEATHER SERVICE GOODLAND
723 PM MDT FRI SEP 1 2017

...................................

...THE HILL CITY CLIMATE SUMMARY FOR THE MONTH OF AUGUST 2017...

CLIMATE NORMAL PERIOD 1981 TO 2010
CLIMATE RECORD PERIOD 1896 TO 2017

WEATHER         OBSERVED          NORMAL  DEPART  LAST YEAR`S
                 VALUE   DATE(S)  VALUE   FROM    VALUE  DATE(S)
                                          NORMAL
................................................................
TEMPERATURE (F)
RECORD
 HIGH             115   08/06/1934
 LOW               39   08/24/1928
HIGHEST           102   08/20       103      -1       99  08/01
                        08/19
LOWEST             52   08/29        51       1       46  08/21
                        08/23
                        08/04
AVG. MAXIMUM     88.2              90.0    -1.8     86.1
AVG. MINIMUM     60.9              63.3    -2.4     63.2
MEAN             74.6              76.6    -2.0     74.7
DAYS MAX >= 90     11              16.6    -5.6       14
DAYS MAX <= 32      0               0.0     0.0        0
DAYS MIN <= 32      0               0.0     0.0        0
DAYS MIN <= 0       0               0.0     0.0        0

PRECIPITATION (INCHES)
RECORD
 MAXIMUM         7.72   1968
 MINIMUM         0.21   2004
TOTALS           1.98              2.91   -0.93     3.73
DAILY AVG.       0.06              0.09   -0.03     0.12
DAYS >= .01         8                MM      MM       10
DAYS >= .10         4                MM      MM        7
DAYS >= .50         1                MM      MM        4
DAYS >= 1.00        1                MM      MM        0
GREATEST
 24 HR. TOTAL    1.51   08/16 TO 08/16              1.12


.................................................................



-  INDICATES NEGATIVE NUMBERS.
R  INDICATES RECORD WAS SET OR TIED.
MM INDICATES DATA IS MISSING.
T  INDICATES TRACE AMOUNT.

$$
