000
CXUS53 KGLD 011610
CLMHLC

CLIMATE REPORT
NATIONAL WEATHER SERVICE GOODLAND
959 AM MDT TUE SEP 1 2015

...................................

...THE HILL CITY CLIMATE SUMMARY FOR THE MONTH OF AUGUST 2015...

CLIMATE NORMAL PERIOD 1981 TO 2010
CLIMATE RECORD PERIOD 1896 TO 2015

WEATHER         OBSERVED          NORMAL  DEPART  LAST YEAR`S
                 VALUE   DATE(S)  VALUE   FROM    VALUE  DATE(S)
                                          NORMAL
................................................................
TEMPERATURE (F)
RECORD
 HIGH             115   08/06/1934
 LOW               39   08/24/1928
HIGHEST           104   08/26       103       1      100  08/20
                                                          08/17
                                                          08/05
LOWEST             44   08/24        51      -7       55  08/02
AVG. MAXIMUM     91.7              90.0     1.7     93.0
AVG. MINIMUM     62.1              63.3    -1.2     64.5
MEAN             76.9              76.6     0.3     78.7
DAYS MAX >= 90     21              16.6     4.4       23
DAYS MAX <= 32      0               0.0     0.0        0
DAYS MIN <= 32      0               0.0     0.0        0
DAYS MIN <= 0       0               0.0     0.0        0

PRECIPITATION (INCHES)
RECORD
 MAXIMUM         7.72   1968
 MINIMUM         0.21   2004
TOTALS           1.04              2.91   -1.87     6.15
DAILY AVG.       0.03              0.09   -0.06     0.20
DAYS >= .01         6                MM      MM       15
DAYS >= .10         4                MM      MM        7
DAYS >= .50         0                MM      MM        3
DAYS >= 1.00        0                MM      MM        1
GREATEST
 24 HR. TOTAL    0.29   08/04 TO 08/04              3.75



.................................................................



-  INDICATES NEGATIVE NUMBERS.
R  INDICATES RECORD WAS SET OR TIED.
MM INDICATES DATA IS MISSING.
T  INDICATES TRACE AMOUNT.

$$
