000
CXUS55 KTFX 011223
CLMHLN


CLIMATE REPORT
NATIONAL WEATHER SERVICE GREAT FALLS MT
619 AM MDT MON AUG 1 2016

...................................

...THE HELENA MT CLIMATE SUMMARY FOR THE MONTH OF JULY 2016...

CLIMATE NORMAL PERIOD 1981 TO 2010
CLIMATE RECORD PERIOD 1866 TO 2016

WEATHER         OBSERVED          NORMAL  DEPART  LAST YEAR`S
                 VALUE   DATE(S)  VALUE   FROM    VALUE  DATE(S)
                                          NORMAL
................................................................
TEMPERATURE (F)
RECORD
 HIGH             105   07/12/2002
 LOW               36   07/04/1971
                        07/07/1952
                        07/01/1898
HIGHEST            99   07/22        85      14       99  07/04
LOWEST             45   07/12        51      -6       48  07/29
AVG. MAXIMUM     86.4              85.7     0.7     84.9
AVG. MINIMUM     55.3              54.3     1.0     55.3
MEAN             70.9              70.0     0.9     70.1
DAYS MAX >= 90     15              10.5     4.5       10
DAYS MAX <= 32      0               0.0     0.0        0
DAYS MIN <= 32      0               0.0     0.0        0
DAYS MIN <= 0       0               0.0     0.0        0

PRECIPITATION (INCHES)
RECORD
 MAXIMUM         4.70   1993
 MINIMUM         0.07   2005
TOTALS           0.78              1.19   -0.41     1.28
DAYS >= .01         8               7.7     0.3
DAYS >= .10         2               3.4    -1.4
DAYS >= .50         0               0.5    -0.5
DAYS >= 1.00        0               0.1    -0.1
GREATEST
 24 HR. TOTAL    0.49   07/10 TO 07/11

SNOWFALL (INCHES)
RECORDS
 TOTAL             MM   5
 24 HR TOTAL       MM
TOTALS            0.0               0.0     0.0      0.0
SINCE 7/1         0.0               0.0     0.0
SNOWDEPTH AVG.      0
DAYS >= TRACE       0               0.0     0.0
DAYS >= 1.0         0               0.0     0.0
GREATEST
 SNOW DEPTH         0   MM
 24 HR TOTAL      0.0   07/31 TO 07/31

DEGREE_DAYS
HEATING TOTAL      18                27      -9       15
 SINCE 7/1         18                27      -9       15
COOLING TOTAL     207               181      26      181
 SINCE 1/1        313               238      75      358
.................................................................

WIND (MPH)
AVERAGE WIND SPEED              8.0
HIGHEST WIND SPEED/DIRECTION    36/250    DATE  07/12
HIGHEST GUST SPEED/DIRECTION    48/250    DATE  07/12

SKY COVER
AVERAGE SKY COVER           0.10

AVERAGE RH (PERCENT)     41

WEATHER CONDITIONS. NUMBER OF DAYS WITH
THUNDERSTORM              0     MIXED PRECIP               0
HEAVY RAIN                0     RAIN                       3
LIGHT RAIN                9     FREEZING RAIN              0
LT FREEZING RAIN          0     HAIL                       0
HEAVY SNOW                0     SNOW                       0
LIGHT SNOW                0     SLEET                      0
FOG                       1     FOG W/VIS <= 1/4 MILE      0
HAZE                      1

-  INDICATES NEGATIVE NUMBERS.
R  INDICATES RECORD WAS SET OR TIED.
MM INDICATES DATA IS MISSING.
T  INDICATES TRACE AMOUNT.

$$
