000
CXHW50 PHFO 020222
CLMHNL


CLIMATE REPORT
NATIONAL WEATHER SERVICE HONOLULU HI
422 PM HST MON DEC 1 2014

...................................

...THE HONOLULU HI CLIMATE SUMMARY FOR THE MONTH OF NOVEMBER 2014...

CLIMATE NORMAL PERIOD 1981 TO 2010
CLIMATE RECORD PERIOD 1946 TO 2014

WEATHER         OBSERVED          NORMAL  DEPART  LAST YEAR`S
                 VALUE   DATE(S)  VALUE   FROM    VALUE  DATE(S)
                                          NORMAL
................................................................
TEMPERATURE (F)
RECORD
 HIGH              94   11/24/2005
 LOW               57   11/25/1990
HIGHEST            88   11/01        84       4       87  11/05
                                                          11/02
LOWEST             66   11/11        71      -5       63  11/24
AVG. MAXIMUM     84.1              83.9     0.2     83.4
AVG. MINIMUM     72.4              71.4     1.0     70.2
MEAN             78.2              77.6     0.6     76.8
DAYS MAX >= 90      0               0.2    -0.2        0
DAYS MAX <= 32      0               0.0     0.0        0
DAYS MIN <= 32      0               0.0     0.0        0
DAYS MIN <= 0       0               0.0     0.0        0

PRECIPITATION (INCHES)
RECORD
 MAXIMUM        18.79   1996
 MINIMUM         0.03   1962
TOTALS           1.43              2.42   -0.99     1.95
DAILY AVG.       0.05              0.08   -0.03     0.07
DAYS >= .01         8               8.8    -0.8        9
DAYS >= .10         4               3.5     0.5        4
DAYS >= .50         1               1.1    -0.1        1
DAYS >= 1.00        0               0.6    -0.6        0
GREATEST
 24 HR. TOTAL    1.08   11/14 TO 11/15              0.93

SNOWFALL (INCHES)
RECORDS
 TOTAL            0.0   5
                        0
                        -26215
TOTALS            0.0               0.0     0.0      0.0
SINCE 7/1         0.0               0.0     0.0      0.0
SNOWDEPTH AVG.      0                MM      MM        0
DAYS >= 1.0         0               0.0     0.0        0
GREATEST
 SNOW DEPTH         0   MM                             0  MM
 24 HR TOTAL      0.0   11/30 TO 11/30               0.0

DEGREE_DAYS
HEATING TOTAL       0                 0       0        0
 SINCE 7/1          0                 0       0        0
COOLING TOTAL     405               380      25      362
 SINCE 1/1       4625              4326     299     4137
.................................................................

WIND (MPH)
AVERAGE WIND SPEED              9.0
HIGHEST WIND SPEED/DIRECTION    30/040    DATE  11/28
HIGHEST GUST SPEED/DIRECTION    38/040    DATE  11/28

SKY COVER
POSSIBLE SUNSHINE (PERCENT)   MM
AVERAGE SKY COVER           0.50
NUMBER OF DAYS FAIR            1
NUMBER OF DAYS PC             29
NUMBER OF DAYS CLOUDY          0

AVERAGE RH (PERCENT)     67

WEATHER CONDITIONS. NUMBER OF DAYS WITH
THUNDERSTORM              0     MIXED PRECIP               0
HEAVY RAIN                3     RAIN                       0
LIGHT RAIN               11     FREEZING RAIN              0
LT FREEZING RAIN          0     HAIL                       0
HEAVY SNOW                0     SNOW                       0
LIGHT SNOW                0     SLEET                      0
FOG                       7     FOG W/VIS <= 1/4 MILE      0
HAZE                      1

-  INDICATES NEGATIVE NUMBERS.
R  INDICATES RECORD WAS SET OR TIED.
MM INDICATES DATA IS MISSING.
T  INDICATES TRACE AMOUNT.

$$
