000
CXHW50 PHFO 011615
CLMHNL


CLIMATE REPORT
NATIONAL WEATHER SERVICE HONOLULU HI
605 AM HST FRI AUG 1 2014

...................................

...THE HONOLULU HI CLIMATE SUMMARY FOR THE MONTH OF JULY 2014...

CLIMATE NORMAL PERIOD 1981 TO 2010
CLIMATE RECORD PERIOD 1946 TO 2014

WEATHER         OBSERVED          NORMAL  DEPART  LAST YEAR`S
                 VALUE   DATE(S)  VALUE   FROM    VALUE  DATE(S)
                                          NORMAL
................................................................
TEMPERATURE (F)
RECORD
 HIGH              94   07/15/1995
 LOW               66   07/07/1990
                        07/06/1990
                        07/23/1955
HIGHEST            90   07/31        88       2       89  07/30
                        07/28                             07/23
                        07/26                             07/18
LOWEST             72   07/20        74      -2       70  07/05
AVG. MAXIMUM     88.5              87.9     0.6     86.9
AVG. MINIMUM     75.9              74.5     1.4     73.7
MEAN             82.2              81.2     1.0     80.3
DAYS MAX >= 90      6               2.8     3.2        0
DAYS MAX <= 32      0               0.0     0.0        0
DAYS MIN <= 32      0               0.0     0.0        0
DAYS MIN <= 0       0               0.0     0.0        0

PRECIPITATION (INCHES)
RECORD
 MAXIMUM         2.33   1989
 MINIMUM         0.03   1950
TOTALS           1.12              0.51    0.61     0.35
DAILY AVG.       0.04              0.02    0.02     0.01
DAYS >= .01         9               7.1     1.9        6
DAYS >= .10         2               1.0     1.0        2
DAYS >= .50         1               0.1     0.9        0
DAYS >= 1.00        0               0.1    -0.1        0
GREATEST
 24 HR. TOTAL    0.97   07/19 TO 07/20              0.21

SNOWFALL (INCHES)
RECORDS
 TOTAL             MM   5
TOTALS            0.0               0.0     0.0      0.0
SINCE 7/1         0.0               0.0     0.0      0.0
SNOWDEPTH AVG.      0                MM      MM        0
DAYS >= 1.0         0               0.0     0.0        0
GREATEST
 SNOW DEPTH         0   MM                             0  MM
 24 HR TOTAL      0.0   07/31 TO 07/31               0.0

DEGREE_DAYS
HEATING TOTAL       0                 0       0        0
 SINCE 7/1          0                 0       0        0
COOLING TOTAL     540               502      38      483
 SINCE 1/1       2612              2460     152     2352
.................................................................

WIND (MPH)
AVERAGE WIND SPEED              11.3
HIGHEST WIND SPEED/DIRECTION    28/080    DATE  07/20
HIGHEST GUST SPEED/DIRECTION    41/060    DATE  07/17

SKY COVER
POSSIBLE SUNSHINE (PERCENT)   MM
AVERAGE SKY COVER           0.60
NUMBER OF DAYS FAIR            1
NUMBER OF DAYS PC             29
NUMBER OF DAYS CLOUDY          1

AVERAGE RH (PERCENT)     62

WEATHER CONDITIONS. NUMBER OF DAYS WITH
THUNDERSTORM              0     MIXED PRECIP               0
HEAVY RAIN                1     RAIN                       4
LIGHT RAIN               17     FREEZING RAIN              0
LT FREEZING RAIN          0     HAIL                       0
HEAVY SNOW                0     SNOW                       0
LIGHT SNOW                0     SLEET                      0
FOG                       5     FOG W/VIS <= 1/4 MILE      0
HAZE                      2

-  INDICATES NEGATIVE NUMBERS.
R  INDICATES RECORD WAS SET OR TIED.
MM INDICATES DATA IS MISSING.
T  INDICATES TRACE AMOUNT.

$$
