000
CXHW50 PHFO 011625
CLMHNL


CLIMATE REPORT
NATIONAL WEATHER SERVICE HONOLULU HI
625 AM HST TUE JUL 1 2014

...................................

...THE HONOLULU HI CLIMATE SUMMARY FOR THE MONTH OF JUNE 2014...

CLIMATE NORMAL PERIOD 1981 TO 2010
CLIMATE RECORD PERIOD 1946 TO 2014

WEATHER         OBSERVED          NORMAL  DEPART  LAST YEAR`S
                 VALUE   DATE(S)  VALUE   FROM    VALUE  DATE(S)
                                          NORMAL
................................................................
TEMPERATURE (F)
RECORD
 HIGH              92   06/11/1996
                        06/28/1995
                        06/04/1992
 LOW               65   06/02/1982
                        06/07/1979
                        06/16/1971
HIGHEST            89   06/29        87       2       86  06/30
                        06/11                             06/12
                                                          06/09
LOWEST             70   06/20        72      -2       69  06/26
AVG. MAXIMUM     86.5              87.0    -0.5     84.4
AVG. MINIMUM     73.7              73.4     0.3     72.5
MEAN             80.1              80.2    -0.1     78.4
DAYS MAX >= 90      0               1.0    -1.0        0
DAYS MAX <= 32      0               0.0     0.0        0
DAYS MIN <= 32      0               0.0     0.0        0
DAYS MIN <= 0       0               0.0     0.0        0

PRECIPITATION (INCHES)
RECORD
 MAXIMUM         2.46   1971
 MINIMUM            T   1959
TOTALS           0.58              0.26    0.32     0.17
DAILY AVG.       0.02              0.01    0.01     0.01
DAYS >= .01         9               5.7     3.3        8
DAYS >= .10         2               0.5     1.5        0
DAYS >= .50         0               0.0     0.0        0
DAYS >= 1.00        0               0.0     0.0        0
GREATEST
 24 HR. TOTAL    0.19   06/17 TO 06/17              0.07
                        06/16 TO 06/17
                        06/17 TO 06/17

SNOWFALL (INCHES)
RECORDS
 TOTAL             MM   0
TOTALS            0.0               0.0     0.0      0.0
SINCE 7/1         0.0               0.0     0.0      0.0
SNOWDEPTH AVG.      0                MM      MM        0
DAYS >= 1.0         0               0.0     0.0        0
GREATEST
 SNOW DEPTH         0   MM                             0  MM
 24 HR TOTAL      0.0   06/30 TO 06/30               0.0

DEGREE_DAYS
HEATING TOTAL       0                 0       0        0
 SINCE 7/1          0                 0       0        0
COOLING TOTAL     463               456       7      409
 SINCE 1/1       2072              1958     114     1869
.................................................................

WIND (MPH)
AVERAGE WIND SPEED              10.8
HIGHEST WIND SPEED/DIRECTION    25/080    DATE  06/05
HIGHEST GUST SPEED/DIRECTION    37/070    DATE  06/08

SKY COVER
POSSIBLE SUNSHINE (PERCENT)   MM
AVERAGE SKY COVER           0.50
NUMBER OF DAYS FAIR            0
NUMBER OF DAYS PC             30
NUMBER OF DAYS CLOUDY          0

AVERAGE RH (PERCENT)     63

WEATHER CONDITIONS. NUMBER OF DAYS WITH
THUNDERSTORM              0     MIXED PRECIP               0
HEAVY RAIN                0     RAIN                       5
LIGHT RAIN               14     FREEZING RAIN              0
LT FREEZING RAIN          0     HAIL                       0
HEAVY SNOW                0     SNOW                       0
LIGHT SNOW                0     SLEET                      0
FOG                       7     FOG W/VIS <= 1/4 MILE      0
HAZE                      0

-  INDICATES NEGATIVE NUMBERS.
R  INDICATES RECORD WAS SET OR TIED.
MM INDICATES DATA IS MISSING.
T  INDICATES TRACE AMOUNT.

$$
