000
CXUS53 KFSD 012343
CLMHON

CLIMATE REPORT
NATIONAL WEATHER SERVICE SIOUX FALLS SD
643 PM CDT TUE JUL 1 2014

...................................

...THE HURON SD CLIMATE SUMMARY FOR THE MONTH OF JUNE 2014...

CLIMATE NORMAL PERIOD 1981 TO 2010
CLIMATE RECORD PERIOD 1881 TO 2014

WEATHER         OBSERVED          NORMAL  DEPART  LAST YEAR`S
                 VALUE   DATE(S)  VALUE   FROM    VALUE  DATE(S)
                                          NORMAL
................................................................
TEMPERATURE (F)
RECORD
 HIGH             109   06/24/1988
                        06/21/1988
                        06/25/1936
 LOW               31   06/05/1894
HIGHEST            88   06/26        MM      MM       90  06/26
                        06/21
                        06/20
LOWEST             42   06/08        MM      MM       37  06/02
AVG. MAXIMUM     79.2              79.6    -0.4     78.3
AVG. MINIMUM     54.7              55.9    -1.2     55.8
MEAN             66.9              67.8    -0.9     67.1
DAYS MAX >= 90      0               3.2    -3.2        1
DAYS MAX <= 32      0               0.0     0.0        0
DAYS MIN <= 32      0               0.0     0.0        0
DAYS MIN <= 0       0               0.0     0.0        0

PRECIPITATION (INCHES)
RECORD
 MAXIMUM        11.56   1914
 MINIMUM         0.67   1950
TOTALS           2.37              3.93   -1.56     3.46
DAILY AVG.       0.08              0.13   -0.05     0.12
DAYS >= .01        12              11.2     0.8       11
DAYS >= .10         6               6.7    -0.7        8
DAYS >= .50         1               2.9    -1.9        2
DAYS >= 1.00        0               1.0    -1.0        1
GREATEST
 24 HR. TOTAL    0.66   06/26 TO 06/26

DEGREE_DAYS
HEATING TOTAL      40                51     -11       66
 SINCE 7/1       8327              7672     655     8208
COOLING TOTAL     103               133     -30      135
 SINCE 1/1        165               166      -1      173
.................................................................

WIND (MPH)
AVERAGE WIND SPEED              9.6
HIGHEST WIND SPEED/DIRECTION    38/360    DATE  06/21
HIGHEST GUST SPEED/DIRECTION    49/360    DATE  06/21

SKY COVER
POSSIBLE SUNSHINE (PERCENT)   MM
AVERAGE SKY COVER           0.30
NUMBER OF DAYS FAIR           18
NUMBER OF DAYS PC             12
NUMBER OF DAYS CLOUDY          0

AVERAGE RH (PERCENT)     68

WEATHER CONDITIONS. NUMBER OF DAYS WITH
THUNDERSTORM              0     MIXED PRECIP               0
HEAVY RAIN                6     RAIN                       8
LIGHT RAIN               17     FREEZING RAIN              0
LT FREEZING RAIN          0     HAIL                       0
HEAVY SNOW                0     SNOW                       0
LIGHT SNOW                0     SLEET                      0
FOG                      16     FOG W/VIS <= 1/4 MILE      2
HAZE                      0

-  INDICATES NEGATIVE NUMBERS.
R  INDICATES RECORD WAS SET OR TIED.
MM INDICATES DATA IS MISSING.
T  INDICATES TRACE AMOUNT.

$$
