000
CXUS54 KHGX 011858 RRA
CLMHOU

CLIMATE REPORT
NATIONAL WEATHER SERVICE HOUSTON/GALVESTON TX
124 PM CDT FRI AUG 1 2014

...................................

...THE HOUSTON INTERCONTINENTAL CLIMATE SUMMARY FOR THE MONTH OF JULY 2014...

CLIMATE NORMAL PERIOD 1981 TO 2010
CLIMATE RECORD PERIOD 1892 TO 2014

WEATHER         OBSERVED          NORMAL  DEPART  LAST YEAR`S
                 VALUE   DATE(S)  VALUE   FROM    VALUE  DATE(S)
                                          NORMAL
................................................................
TEMPERATURE (F)

RECORD
 HIGH             105   07/26/1954
 LOW               62   07/14/1990
                        07/07/1972

HIGHEST            99   07/28        94       5       99  07/13
LOWEST             72   07/30        73      -1       68  07/14
                        07/19
                        07/11

AVG. MAXIMUM     93.1              93.7    -0.6     93.7
AVG. MINIMUM     74.3              75.1    -0.8     74.4
MEAN             83.7              84.4    -0.7     84.1

DAYS MAX >= 90     26              26.4    -0.4       25
DAYS MAX <= 32      0               0.0     0.0        0
DAYS MIN <= 32      0               0.0     0.0        0
DAYS MIN <= 0       0               0.0     0.0        0

PRECIPITATION (INCHES)

RECORD
 MAXIMUM        14.80   1900
 MINIMUM         0.24   1944

TOTALS           5.40              3.79    1.61     4.09
DAILY AVG.       0.17              0.12    0.05     0.13

DAYS >= .01        12               9.1     2.9       10
DAYS >= .10         4               5.6    -1.6        8
DAYS >= .50         1               2.2    -1.2        3
DAYS >= 1.00        1               1.2    -0.2        1

DEGREE_DAYS
HEATING TOTAL       0                 0       0        0
 SINCE 7/1          0                 0       0        0
COOLING TOTAL     588               601     -13      596
 SINCE 1/1       1662              1773    -111     1757
.................................................................

WIND (MPH)
AVERAGE WIND SPEED              5.0
RESULTANT WIND SPEED/DIRECTION   2/147
HIGHEST WIND SPEED/DIRECTION    28/140    DATE  07/07
HIGHEST GUST SPEED/DIRECTION    35/170    DATE  07/17

SKY COVER
AVERAGE SKY COVER           0.60

AVERAGE RH (PERCENT)     72

WEATHER CONDITIONS. NUMBER OF DAYS WITH
THUNDERSTORM              0     MIXED PRECIP               0
HEAVY RAIN                4     RAIN                       4
LIGHT RAIN               14     FREEZING RAIN              0
LT FREEZING RAIN          0     HAIL                       0
HEAVY SNOW                0     SNOW                       0
LIGHT SNOW                0     SLEET                      0
FOG                      12     FOG W/VIS <= 1/4 MILE      0
HAZE                      3

-  INDICATES NEGATIVE NUMBERS.
R  INDICATES RECORD WAS SET OR TIED.
MM INDICATES DATA IS MISSING.
T  INDICATES TRACE AMOUNT.
...................................



...THE HOUSTON/HOBBY AIRPORT CLIMATE SUMMARY FOR THE MONTH OF JULY 2014...

CLIMATE NORMAL PERIOD 1981 TO 2010
CLIMATE RECORD PERIOD 1930 TO 2014

WEATHER         OBSERVED          NORMAL  DEPART  LAST YEAR`S
                 VALUE   DATE(S)  VALUE   FROM    VALUE  DATE(S)
                                          NORMAL
................................................................
TEMPERATURE (F)

RECORD
 HIGH             105   07/08/1939
 LOW               64   07/16/1967
                        07/15/1967

HIGHEST            97   07/28        MM      MM      101  07/13
LOWEST             73   07/06        MM      MM       71  07/17

AVG. MAXIMUM     92.2              92.1     0.1     93.9
AVG. MINIMUM     75.6              75.5     0.1     75.6
MEAN             83.9              83.8     0.1     84.8

DAYS MAX >= 90     25              24.0     1.0       29
DAYS MAX <= 32      0               0.0     0.0        0
DAYS MIN <= 32      0               0.0     0.0        0
DAYS MIN <= 0       0               0.0     0.0        0

PRECIPITATION (INCHES)

RECORD
 MAXIMUM        17.26   1979
 MINIMUM         0.07   1963

TOTALS           1.26R             4.66   -3.40     1.58
DAILY AVG.       0.04              0.15   -0.11     0.05

DAYS >= .01        11               9.1     1.9        9
DAYS >= .10         4               6.3    -2.3        5
DAYS >= .50         0               3.0    -3.0        0
DAYS >= 1.00        0               1.5    -1.5        0

DEGREE_DAYS
HEATING TOTAL       0                 0       0        0
 SINCE 7/1          0                 0       0        0
COOLING TOTAL     595               583      12      621
 SINCE 1/1       1675              1747     -72     1793
.................................................................

WIND (MPH)
AVERAGE WIND SPEED              5.4
RESULTANT WIND SPEED/DIRECTION   3/179
HIGHEST WIND SPEED/DIRECTION    26/170    DATE  07/17
HIGHEST GUST SPEED/DIRECTION    35/170    DATE  07/17

SKY COVER
AVERAGE SKY COVER           0.50

AVERAGE RH (PERCENT)     71

WEATHER CONDITIONS. NUMBER OF DAYS WITH
THUNDERSTORM              0     MIXED PRECIP               0
HEAVY RAIN                3     RAIN                       2
LIGHT RAIN               14     FREEZING RAIN              0
LT FREEZING RAIN          0     HAIL                       0
HEAVY SNOW                0     SNOW                       0
LIGHT SNOW                0     SLEET                      0
FOG                       4     FOG W/VIS <= 1/4 MILE      0
HAZE                      3

-  INDICATES NEGATIVE NUMBERS.
R  INDICATES RECORD WAS SET OR TIED.
MM INDICATES DATA IS MISSING.
T  INDICATES TRACE AMOUNT.

$$
