000
CXUS54 KHGX 012259
CLMHOU

CLIMATE REPORT
NATIONAL WEATHER SERVICE HOUSTON/GALVESTON TX
458 PM CST MON DEC 1 2014

...................................

...THE HOUSTON INTERCONTINENTAL CLIMATE SUMMARY FOR THE MONTH OF NOVEMBER 2014...

CLIMATE NORMAL PERIOD 1981 TO 2010
CLIMATE RECORD PERIOD 1892 TO 2014

WEATHER         OBSERVED          NORMAL  DEPART  LAST YEAR`S
                 VALUE   DATE(S)  VALUE   FROM    VALUE  DATE(S)
                                          NORMAL
................................................................
TEMPERATURE (F)
RECORD
 HIGH              89   11/01/2010
                        11/08/1989
                        11/04/1988
 LOW               19   11/30/1976

HIGHEST            82   11/04        72      10       85  11/17
LOWEST             30   11/19        50     -20       31  11/28

AVG. MAXIMUM     67.6              72.5    -4.9     68.2
AVG. MINIMUM     47.2              52.1    -4.9     47.9
MEAN             57.4              62.3    -4.9     58.1

DAYS MAX >= 90      0               0.1    -0.1        0
DAYS MAX <= 32      0               0.0     0.0        0
DAYS MIN <= 32      2               0.4     1.6        1
DAYS MIN <= 0       0               0.0     0.0        0

PRECIPITATION (INCHES)
RECORD
 MAXIMUM        14.10   1943
 MINIMUM         0.09   1949

TOTALS           3.40              4.34   -0.94     3.81
DAILY AVG.       0.11              0.14   -0.03     0.13

DAYS >= .01        10               8.2     1.8        8
DAYS >= .10         8               5.3     2.7        5
DAYS >= .50         3               2.6     0.4        2
DAYS >= 1.00        1               1.3    -0.3        2

SNOWFALL (INCHES)
RECORDS
 TOTAL            0.0   2002
                        2001
TOTALS            0.0               0.0     0.0      0.0
SINCE 7/1         0.0               0.0     0.0      0.0

SNOWDEPTH AVG.      0                MM      MM        0
DAYS >= 1.0         0               0.0     0.0        0

GREATEST
 SNOW DEPTH         0   MM                             0  MM
 24 HR TOTAL      0.0   11/30 TO 11/30

DEGREE_DAYS
HEATING TOTAL     248               155      93      241
 SINCE 7/1        248               185      63      249
COOLING TOTAL      29                74     -45       42
 SINCE 1/1       3028              3128    -100     3175
.................................................................

WIND (MPH)
AVERAGE WIND SPEED              7.3
RESULTANT WIND SPEED/DIRECTION   1/054
HIGHEST WIND SPEED/DIRECTION    26/340    DATE  11/17
HIGHEST GUST SPEED/DIRECTION    33/350    DATE  11/17

SKY COVER
AVERAGE SKY COVER           0.50

AVERAGE RH (PERCENT)     70

WEATHER CONDITIONS. NUMBER OF DAYS WITH
THUNDERSTORM              2     MIXED PRECIP               0
HEAVY RAIN                5     RAIN                       5
LIGHT RAIN               12     FREEZING RAIN              0
LT FREEZING RAIN          0     HAIL                       0
HEAVY SNOW                0     SNOW                       0
LIGHT SNOW                0     SLEET                      0
FOG                      12     FOG W/VIS <= 1/4 MILE      0
HAZE                      2

-  INDICATES NEGATIVE NUMBERS.
R  INDICATES RECORD WAS SET OR TIED.
MM INDICATES DATA IS MISSING.
T  INDICATES TRACE AMOUNT.


&&

...................................

...THE HOUSTON/HOBBY AIRPORT CLIMATE SUMMARY FOR THE MONTH OF NOVEMBER 2014...

CLIMATE NORMAL PERIOD 1981 TO 2010
CLIMATE RECORD PERIOD 1930 TO 2014

WEATHER         OBSERVED          NORMAL  DEPART  LAST YEAR`S
                 VALUE   DATE(S)  VALUE   FROM    VALUE  DATE(S)
                                          NORMAL
................................................................
TEMPERATURE (F)
RECORD
 HIGH              90   11/03/1973
 LOW               24   11/25/1938

HIGHEST            82   11/05        MM      MM       85  11/17
LOWEST             34   11/19        MM      MM       34  11/28
                        11/18

AVG. MAXIMUM     67.8              72.4    -4.6     68.2
AVG. MINIMUM     49.9              53.9    -4.0     50.7
MEAN             58.8              63.2    -4.4     59.4

DAYS MAX >= 90      0               0.0     0.0        0
DAYS MAX <= 32      0               0.0     0.0        0
DAYS MIN <= 32      0               0.1    -0.1        0
DAYS MIN <= 0       0               0.0     0.0        0

PRECIPITATION (INCHES)
RECORD
 MAXIMUM        10.48   2004
 MINIMUM         0.80   2012

TOTALS           4.44              4.32    0.12     3.58
DAILY AVG.       0.15              0.14    0.01     0.12

DAYS >= .01        10               8.5     1.5        8
DAYS >= .10         8               5.3     2.7        5
DAYS >= .50         3               2.6     0.4        2
DAYS >= 1.00        1               1.4    -0.4        1

SNOWFALL (INCHES)
RECORDS
 TOTAL            0.0   2002
                        2001
TOTALS            0.0               0.0     0.0      0.0
SINCE 7/1         0.0               0.0     0.0      0.0
SNOWDEPTH AVG.      0                MM      MM        0
DAYS >= 1.0         0               0.0     0.0        0
GREATEST
 SNOW DEPTH         0   MM                             0  MM
 24 HR TOTAL      0.0   11/30 TO 11/30

DEGREE_DAYS
HEATING TOTAL     214               135      79      214
 SINCE 7/1        214               156      58      217
COOLING TOTAL      38                79     -41       56
 SINCE 1/1       3121              3115       6     3274
.................................................................

WIND (MPH)
AVERAGE WIND SPEED              8.3
RESULTANT WIND SPEED/DIRECTION   2/049
HIGHEST WIND SPEED/DIRECTION    28/340    DATE  11/17
HIGHEST GUST SPEED/DIRECTION    35/330    DATE  11/17

SKY COVER
AVERAGE SKY COVER           0.60

AVERAGE RH (PERCENT)     69

WEATHER CONDITIONS. NUMBER OF DAYS WITH
THUNDERSTORM              3     MIXED PRECIP               0
HEAVY RAIN                4     RAIN                       5
LIGHT RAIN               12     FREEZING RAIN              0
LT FREEZING RAIN          0     HAIL                       0
HEAVY SNOW                0     SNOW                       0
LIGHT SNOW                0     SLEET                      0
FOG                       9     FOG W/VIS <= 1/4 MILE      0
HAZE                      0

-  INDICATES NEGATIVE NUMBERS.
R  INDICATES RECORD WAS SET OR TIED.
MM INDICATES DATA IS MISSING.
T  INDICATES TRACE AMOUNT.

$$
