465
CXUS56 KSEW 011044
CLMHQM


CLIMATE REPORT
NATIONAL WEATHER SERVICE SEATTLE WA
243 AM PST THU FEB 1 2018

...................................

...THE HOQUIAM WA AIRPORT CLIMATE SUMMARY FOR THE MONTH OF JANUARY 2018...

CLIMATE NORMAL PERIOD 1981 TO 2010
CLIMATE RECORD PERIOD 1953 TO 2018

WEATHER         OBSERVED          NORMAL  DEPART  LAST YEAR`S
                 VALUE   DATE(S)  VALUE   FROM    VALUE  DATE(S)
                                          NORMAL
................................................................
TEMPERATURE (F)
RECORD
 HIGH              63   01/20/1961
 LOW               16   01/07/1974
                        01/27/1957
HIGHEST            59   01/14        MM      MM       52  01/18
                                                          01/17
LOWEST             34   01/01        MM      MM       23  01/06
AVG. MAXIMUM     49.6              47.2     2.4     44.5
AVG. MINIMUM     41.4              38.0     3.4     33.5
MEAN             45.5              42.6     2.9     39.0
DAYS MAX >= 90      0               0.0     0.0        0
DAYS MAX <= 32      0               0.2    -0.2        0
DAYS MIN <= 32      0               5.2    -5.2       13
DAYS MIN <= 0       0               0.0     0.0        0

PRECIPITATION (INCHES)
RECORD
 MAXIMUM        23.46   2006
 MINIMUM         0.41   1985
TOTALS          12.93             10.33    2.60     5.09
DAILY AVG.       0.42              0.33    0.09     0.16
DAYS >= .01        27              21.9     5.1       11
DAYS >= .10        22              16.7     5.3        6
DAYS >= .50        10               7.7     2.3        4
DAYS >= 1.00        3               2.9     0.1        3
GREATEST
 24 HR. TOTAL    1.93   01/11 TO 01/11

DEGREE_DAYS
HEATING TOTAL     596               694     -98      798
COOLING TOTAL       0                 0       0        0
 SINCE 1/1          0                 0       0        0
.................................................................

WIND (MPH)
AVERAGE WIND SPEED              11.7
HIGHEST WIND SPEED/DIRECTION    37/200    DATE  01/18
HIGHEST GUST SPEED/DIRECTION    53/170    DATE  01/17

SKY COVER
POSSIBLE SUNSHINE (PERCENT)   MM
AVERAGE SKY COVER           0.70
NUMBER OF DAYS FAIR            4
NUMBER OF DAYS PC              8
NUMBER OF DAYS CLOUDY         19

AVERAGE RH (PERCENT)     89

WEATHER CONDITIONS. NUMBER OF DAYS WITH
THUNDERSTORM              0     MIXED PRECIP               0
HEAVY RAIN                3     RAIN                      12
LIGHT RAIN               27     FREEZING RAIN              0
LT FREEZING RAIN          0     HAIL                       0
HEAVY SNOW                0     SNOW                       0
LIGHT SNOW                0     SLEET                      0
FOG                      27     FOG W/VIS <= 1/4 MILE      0
HAZE                      0

-  INDICATES NEGATIVE NUMBERS.
R  INDICATES RECORD WAS SET OR TIED.
MM INDICATES DATA IS MISSING.
T  INDICATES TRACE AMOUNT.

$$
