000
CXUS56 KSEW 011037
CLMHQM


CLIMATE REPORT
NATIONAL WEATHER SERVICE SEATTLE WA
337 AM PDT WED OCT 1 2014

...................................

...THE HOQUIAM WA AIRPORT CLIMATE SUMMARY FOR THE MONTH OF SEPTEMBER 2014...

CLIMATE NORMAL PERIOD 1981 TO 2010
CLIMATE RECORD PERIOD 1953 TO 2014

WEATHER         OBSERVED          NORMAL  DEPART  LAST YEAR`S
                 VALUE   DATE(S)  VALUE   FROM    VALUE  DATE(S)
                                          NORMAL
................................................................
TEMPERATURE (F)
RECORD
 HIGH              96   09/02/1988
 LOW               32   09/27/1972
HIGHEST            87   09/06        MM      MM       85  09/10
                        09/05
LOWEST             46   09/13        MM      MM       42  09/26
                        09/04                             09/25
AVG. MAXIMUM     71.0              66.6     4.4     66.6
AVG. MINIMUM     53.5              50.8     2.7     53.7
MEAN             62.2              58.7     3.5     60.1
DAYS MAX >= 90      0               0.1    -0.1        0
DAYS MAX <= 32      0               0.0     0.0        0
DAYS MIN <= 32      0               0.0     0.0        0
DAYS MIN <= 0       0               0.0     0.0        0

PRECIPITATION (INCHES)
RECORD
 MAXIMUM        10.76   1978
 MINIMUM         0.01   1990
TOTALS           3.44              2.28    1.16     7.53
DAILY AVG.       0.11              0.08    0.03     0.25
DAYS >= .01        10               9.3     0.7       17
DAYS >= .10         6               5.3     0.7        9
DAYS >= .50         3               1.5     1.5        5
DAYS >= 1.00        1               0.3     0.7        3
GREATEST
 24 HR. TOTAL    1.30   09/23 TO 09/23

DEGREE_DAYS
HEATING TOTAL      93               196    -103      145
COOLING TOTAL      18                 7      11        7
 SINCE 1/1         48                23      25       20
.................................................................

WIND (MPH)
AVERAGE WIND SPEED              7.7
HIGHEST WIND SPEED/DIRECTION    25/160    DATE  09/24
HIGHEST GUST SPEED/DIRECTION    35/230    DATE  09/02

SKY COVER
POSSIBLE SUNSHINE (PERCENT)   MM
AVERAGE SKY COVER           0.50
NUMBER OF DAYS FAIR           12
NUMBER OF DAYS PC              7
NUMBER OF DAYS CLOUDY         11

AVERAGE RH (PERCENT)     77

WEATHER CONDITIONS. NUMBER OF DAYS WITH
THUNDERSTORM              0     MIXED PRECIP               0
HEAVY RAIN                3     RAIN                       5
LIGHT RAIN               12     FREEZING RAIN              0
LT FREEZING RAIN          0     HAIL                       0
HEAVY SNOW                0     SNOW                       0
LIGHT SNOW                0     SLEET                      0
FOG                      24     FOG W/VIS <= 1/4 MILE      5
HAZE                      1

-  INDICATES NEGATIVE NUMBERS.
R  INDICATES RECORD WAS SET OR TIED.
MM INDICATES DATA IS MISSING.
T  INDICATES TRACE AMOUNT.

$$
