000
CXUS56 KSEW 011031
CLMHQM


CLIMATE REPORT
NATIONAL WEATHER SERVICE SEATTLE WA
331 AM PDT MON SEP 1 2014

...................................

...THE HOQUIAM WA AIRPORT CLIMATE SUMMARY FOR THE MONTH OF AUGUST 2014...

CLIMATE NORMAL PERIOD 1981 TO 2010
CLIMATE RECORD PERIOD 1953 TO 2014

WEATHER         OBSERVED          NORMAL  DEPART  LAST YEAR`S
                 VALUE   DATE(S)  VALUE   FROM    VALUE  DATE(S)
                                          NORMAL
................................................................
TEMPERATURE (F)
RECORD
 HIGH              98   08/09/1981
 LOW               40   08/29/1969
                        08/29/1965
HIGHEST            86   08/11        MM      MM       79  08/31
                                                          08/21
LOWEST             50   08/10        MM      MM       48  08/26
                        08/09                             08/21
AVG. MAXIMUM     69.7              67.6     2.1     68.3
AVG. MINIMUM     55.1              53.6     1.5     54.9
MEAN             62.4              60.6     1.8     61.6
DAYS MAX >= 90      0               0.3    -0.3        0
DAYS MAX <= 32      0               0.0     0.0        0
DAYS MIN <= 32      0               0.0     0.0        0
DAYS MIN <= 0       0               0.0     0.0        0

PRECIPITATION (INCHES)
RECORD
 MAXIMUM         5.96   1991
 MINIMUM         0.01   1998
TOTALS           1.99              1.31    0.68     1.78
DAILY AVG.       0.06              0.04    0.02     0.06
DAYS >= .01         6               7.2    -1.2        9
DAYS >= .10         2               2.5    -0.5        3
DAYS >= .50         2               0.9     1.1        2
DAYS >= 1.00        1               0.4     0.6        0
GREATEST
 24 HR. TOTAL    1.25   08/30 TO 08/30

DEGREE_DAYS
HEATING TOTAL      78               143     -65      101
COOLING TOTAL       7                 7       0        2
 SINCE 1/1         30                16      14       13
.................................................................

WIND (MPH)
AVERAGE WIND SPEED              7.4
HIGHEST WIND SPEED/DIRECTION    21/240    DATE  08/27
HIGHEST GUST SPEED/DIRECTION    27/360    DATE  08/12

SKY COVER
POSSIBLE SUNSHINE (PERCENT)   MM
AVERAGE SKY COVER           0.60
NUMBER OF DAYS FAIR            5
NUMBER OF DAYS PC             15
NUMBER OF DAYS CLOUDY         11

AVERAGE RH (PERCENT)     84

WEATHER CONDITIONS. NUMBER OF DAYS WITH
THUNDERSTORM              0     MIXED PRECIP               0
HEAVY RAIN                1     RAIN                       1
LIGHT RAIN                6     FREEZING RAIN              0
LT FREEZING RAIN          0     HAIL                       0
HEAVY SNOW                0     SNOW                       0
LIGHT SNOW                0     SLEET                      0
FOG                      31     FOG W/VIS <= 1/4 MILE      8
HAZE                      0

-  INDICATES NEGATIVE NUMBERS.
R  INDICATES RECORD WAS SET OR TIED.
MM INDICATES DATA IS MISSING.
T  INDICATES TRACE AMOUNT.

$$
