000
CXUS56 KSEW 011047
CLMHQM


CLIMATE REPORT
NATIONAL WEATHER SERVICE SEATTLE WA
347 AM PDT TUE SEP 1 2015

...................................

...THE HOQUIAM WA AIRPORT CLIMATE SUMMARY FOR THE MONTH OF AUGUST 2015...

CLIMATE NORMAL PERIOD 1981 TO 2010
CLIMATE RECORD PERIOD 1953 TO 2015

WEATHER         OBSERVED          NORMAL  DEPART  LAST YEAR`S
                 VALUE   DATE(S)  VALUE   FROM    VALUE  DATE(S)
                                          NORMAL
................................................................
TEMPERATURE (F)
RECORD
 HIGH              98   08/09/1981
 LOW               40   08/29/1969
                        08/29/1965
HIGHEST            82   08/18        MM      MM       86  08/11
LOWEST             47   08/25        MM      MM       50  08/10
                        08/22                             08/09
AVG. MAXIMUM     71.7              67.6     4.1     69.7
AVG. MINIMUM     54.8              53.6     1.2     55.1
MEAN             63.3              60.6     2.7     62.4
DAYS MAX >= 90      0               0.3    -0.3        0
DAYS MAX <= 32      0               0.0     0.0        0
DAYS MIN <= 32      0               0.0     0.0        0
DAYS MIN <= 0       0               0.0     0.0        0

PRECIPITATION (INCHES)
RECORD
 MAXIMUM         5.96   1991
 MINIMUM         0.01   1998
TOTALS           1.77              1.31    0.46     1.99
DAILY AVG.       0.06              0.04    0.02     0.06
DAYS >= .01         7               7.2    -0.2        6
DAYS >= .10         4               2.5     1.5        2
DAYS >= .50         1               0.9     0.1        2
DAYS >= 1.00        1               0.4     0.6        1
GREATEST
 24 HR. TOTAL    1.28   08/29 TO 08/30

DEGREE_DAYS
HEATING TOTAL      57               143     -86       78
COOLING TOTAL      12                 7       5        7
 SINCE 1/1         31                16      15       30
.................................................................

WIND (MPH)
AVERAGE WIND SPEED              8.7
HIGHEST WIND SPEED/DIRECTION    49/160    DATE  08/29
HIGHEST GUST SPEED/DIRECTION    64/150    DATE  08/29

SKY COVER
POSSIBLE SUNSHINE (PERCENT)   MM
AVERAGE SKY COVER           0.40
NUMBER OF DAYS FAIR           15
NUMBER OF DAYS PC             11
NUMBER OF DAYS CLOUDY          5

AVERAGE RH (PERCENT)     77

WEATHER CONDITIONS. NUMBER OF DAYS WITH
THUNDERSTORM              0     MIXED PRECIP               0
HEAVY RAIN                0     RAIN                       3
LIGHT RAIN                8     FREEZING RAIN              0
LT FREEZING RAIN          0     HAIL                       0
HEAVY SNOW                0     SNOW                       0
LIGHT SNOW                0     SLEET                      0
FOG                      30     FOG W/VIS <= 1/4 MILE      4
HAZE                      0

-  INDICATES NEGATIVE NUMBERS.
R  INDICATES RECORD WAS SET OR TIED.
MM INDICATES DATA IS MISSING.
T  INDICATES TRACE AMOUNT.

$$
