000
CXUS44 KBRO 011413
CLMHRL


CLIMATE REPORT
NATIONAL WEATHER SERVICE BROWNSVILLE TX
805 AM CST SUN JAN 1 2017

...................................

...THE HARLINGEN CLIMATE SUMMARY FOR THE MONTH OF DECEMBER 2016...

CLIMATE NORMAL PERIOD 1981 TO 2010
CLIMATE RECORD PERIOD 1912 TO 2016

WEATHER         OBSERVED          NORMAL  DEPART  LAST YEAR`S
                 VALUE   DATE(S)  VALUE   FROM    VALUE  DATE(S)
                                          NORMAL
................................................................
TEMPERATURE (F)
HIGHEST            86   12/26        85       1       89  12/24
                        12/13                             12/23
                        12/03
LOWEST             36   12/19        33       3       40  12/28
AVG. MAXIMUM     75.6              71.5     4.1     77.7
AVG. MINIMUM     57.5              49.9     7.6     55.5
MEAN             66.6              60.7     5.9     66.6
DAYS MAX >= 90      0               0.1    -0.1        0
DAYS MAX <= 32      0               0.0     0.0        0
DAYS MIN <= 32      0               0.4    -0.4        0
DAYS MIN <= 0       0               0.0     0.0        0

PRECIPITATION (INCHES)
TOTALS           1.33              1.26    0.07     0.30
DAILY AVG.       0.04              0.04    0.00     0.01
DAYS >= .01        13                MM      MM        4
DAYS >= .10         5                MM      MM
DAYS >= .50         0                MM      MM
DAYS >= 1.00        0                MM      MM
GREATEST
 24 HR. TOTAL    0.34   12/02 TO 12/03           12/30 TO 12/30

DEGREE_DAYS
HEATING TOTAL     102               191     -89       75
 SINCE 7/1        117               248    -131      111
COOLING TOTAL     157                58      99      133
 SINCE 1/1       4795              3992     803     4377
.................................................

WIND (MPH)
AVERAGE WIND SPEED              11.4
HIGHEST WIND SPEED/DIRECTION    41/180    DATE  12/17
HIGHEST GUST SPEED/DIRECTION    50/180    DATE  12/17

SKY COVER
AVERAGE SKY COVER           0.70
NUMBER OF DAYS FAIR            2
NUMBER OF DAYS PC             15
NUMBER OF DAYS CLOUDY         14

AVERAGE RH (PERCENT)     80

WEATHER CONDITIONS. NUMBER OF DAYS WITH
THUNDERSTORM              0     MIXED PRECIP               0
HEAVY RAIN                4     RAIN                       4
LIGHT RAIN               16     FREEZING RAIN              0
LT FREEZING RAIN          0     HAIL                       0
HEAVY SNOW                0     SNOW                       0
LIGHT SNOW                0     SLEET                      0
FOG                      25     FOG W/VIS <= 1/4 MILE     11
HAZE                      4

-  INDICATES NEGATIVE NUMBERS.
R  INDICATES RECORD WAS SET OR TIED.
MM INDICATES DATA IS MISSING.
T  INDICATES TRACE AMOUNT.

$$
