000
CXUS44 KBRO 010752
CLMHRL


CLIMATE REPORT
NATIONAL WEATHER SERVICE BROWNSVILLE TX
148 AM CST WED FEB 1 2017

...................................

...THE HARLINGEN CLIMATE SUMMARY FOR THE MONTH OF JANUARY 2017...

CLIMATE NORMAL PERIOD 1981 TO 2010
CLIMATE RECORD PERIOD 1912 TO 2017

WEATHER         OBSERVED          NORMAL  DEPART  LAST YEAR`S
                 VALUE   DATE(S)  VALUE   FROM    VALUE  DATE(S)
                                          NORMAL
................................................................
TEMPERATURE (F)
HIGHEST            92   01/21        83       9       91  01/31
LOWEST             29   01/07        33      -4       35  01/28
AVG. MAXIMUM     77.7              70.7     7.0     71.4
AVG. MINIMUM     53.5              49.5     4.0     47.1
MEAN             65.6              60.1     5.5     59.2
DAYS MAX >= 90      1               0.1     0.9        1
DAYS MAX <= 32      0               0.0     0.0        0
DAYS MIN <= 32      2               0.8     1.2        0
DAYS MIN <= 0       0               0.0     0.0        0

PRECIPITATION (INCHES)
TOTALS           0.90              1.06   -0.16     1.91
DAILY AVG.       0.03              0.03    0.00     0.06
DAYS >= .01         6                MM      MM        7
DAYS >= .10         1                MM      MM
DAYS >= .50         1                MM      MM
DAYS >= 1.00        0                MM      MM
GREATEST
 24 HR. TOTAL    0.81   01/18 TO 01/19           01/02 TO 01/03


DEGREE_DAYS
HEATING TOTAL     104               200     -96      198
 SINCE 7/1        221               448    -227      309
COOLING TOTAL     131                49      82       28
 SINCE 1/1        131                58      73       28

..................................................

WIND (MPH)
AVERAGE WIND SPEED              12.2
HIGHEST WIND SPEED/DIRECTION    39/180    DATE  01/10
HIGHEST GUST SPEED/DIRECTION    49/170    DATE  01/10

SKY COVER
POSSIBLE SUNSHINE (PERCENT)   MM
AVERAGE SKY COVER           0.40
NUMBER OF DAYS FAIR           12
NUMBER OF DAYS PC             13
NUMBER OF DAYS CLOUDY          6

AVERAGE RH (PERCENT)     71

WEATHER CONDITIONS. NUMBER OF DAYS WITH
THUNDERSTORM              0     MIXED PRECIP               0
HEAVY RAIN                1     RAIN                       1
LIGHT RAIN                7     FREEZING RAIN              0
LT FREEZING RAIN          0     HAIL                       0
HEAVY SNOW                0     SNOW                       0
LIGHT SNOW                0     SLEET                      0
FOG                      14     FOG W/VIS <= 1/4 MILE      4
HAZE                      7

-  INDICATES NEGATIVE NUMBERS.
R  INDICATES RECORD WAS SET OR TIED.
MM INDICATES DATA IS MISSING.
T  INDICATES TRACE AMOUNT.

$$
