000
CXUS44 KBRO 011231
CLMHRL


CLIMATE REPORT
NATIONAL WEATHER SERVICE BROWNSVILLE TX
624 AM CST MON FEB 1 2016

...................................

...THE HARLINGEN CLIMATE SUMMARY FOR THE MONTH OF JANUARY 2016...

CLIMATE NORMAL PERIOD 1981 TO 2010
CLIMATE RECORD PERIOD 1912 TO 2016

WEATHER         OBSERVED          NORMAL  DEPART  LAST YEAR`S
                 VALUE   DATE(S)  VALUE   FROM    VALUE  DATE(S)
                                          NORMAL
................................................................
TEMPERATURE (F)
HIGHEST            91   01/31        83       8       83  01/20
LOWEST             35   01/28        33       2       37  01/10
AVG. MAXIMUM     71.4              70.7     0.7     64.5
AVG. MINIMUM     47.1              49.5    -2.4     46.0
MEAN             59.2              60.1    -0.9     55.2
DAYS MAX >= 90      1               0.1     0.9        0
DAYS MAX <= 32      0               0.0     0.0        0
DAYS MIN <= 32      0               0.8    -0.8        0
DAYS MIN <= 0       0               0.0     0.0        0

PRECIPITATION (INCHES)
TOTALS           1.91              1.06    0.85     1.93
DAILY AVG.       0.06              0.03    0.03     0.06
DAYS >= .01         7                MM      MM       12
DAYS >= .10         4                MM      MM
DAYS >= .50         1                MM      MM
DAYS >= 1.00        1                MM      MM
GREATEST
 24 HR. TOTAL    1.32   01/02 TO 01/03

DEGREE_DAYS
HEATING TOTAL     198               200      -2      311
 SINCE 7/1        309               448    -139      534
COOLING TOTAL      28                49     -21       14
 SINCE 1/1         28                58     -30       14

..................................................

WIND (MPH)
AVERAGE WIND SPEED              10.4
HIGHEST WIND SPEED/DIRECTION    41/310    DATE  01/16
HIGHEST GUST SPEED/DIRECTION    52/310    DATE  01/16

SKY COVER
AVERAGE SKY COVER           0.40
NUMBER OF DAYS FAIR           17
NUMBER OF DAYS PC              6
NUMBER OF DAYS CLOUDY          8

AVERAGE RH (PERCENT)     69

WEATHER CONDITIONS. NUMBER OF DAYS WITH
THUNDERSTORM              0     MIXED PRECIP               0
HEAVY RAIN                1     RAIN                       4
LIGHT RAIN               10     FREEZING RAIN              0
LT FREEZING RAIN          0     HAIL                       0
HEAVY SNOW                0     SNOW                       0
LIGHT SNOW                0     SLEET                      0
FOG                      18     FOG W/VIS <= 1/4 MILE      6
HAZE                      4

-  INDICATES NEGATIVE NUMBERS.
R  INDICATES RECORD WAS SET OR TIED.
MM INDICATES DATA IS MISSING.
T  INDICATES TRACE AMOUNT.

$$
