000
CXUS54 KLZK 020512
CLMHRO


CLIMATE REPORT
NATIONAL WEATHER SERVICE LITTLE ROCK AR
1208 AM CDT SAT JUL 2 2016

...................................

...THE HARRISON CLIMATE SUMMARY FOR THE MONTH OF JUNE 2016...

CLIMATE NORMAL PERIOD 1981 TO 2010
CLIMATE RECORD PERIOD 1891 TO 2016

WEATHER         OBSERVED          NORMAL  DEPART  LAST YEAR`S
                 VALUE   DATE(S)  VALUE   FROM    VALUE  DATE(S)
                                          NORMAL
................................................................
TEMPERATURE (F)
RECORD
 HIGH             107   06/28/2012
 LOW               40   06/12/1903
HIGHEST            96   06/23        84      12       92  06/24
LOWEST             55   06/08        64      -9       57  06/01
AVG. MAXIMUM     87.3              84.4     2.9     85.1
AVG. MINIMUM     66.2              62.9     3.3     66.5
MEAN             76.8              73.7     3.1     75.8
DAYS MAX >= 90     10               4.8     5.2        5
DAYS MAX <= 32      0               0.0     0.0        0
DAYS MIN <= 32      0               0.0     0.0        0
DAYS MIN <= 0       0               0.0     0.0        0

PRECIPITATION (INCHES)
RECORD
 MAXIMUM        15.22   1935
 MINIMUM         0.20   1952
TOTALS           3.28              4.24   -0.96     5.52
DAILY AVG.       0.11              0.14   -0.03     0.18
DAYS >= .01         8              11.2    -3.2        8
DAYS >= .10         7                                  8
DAYS >= .50         2                                  5
DAYS >= 1.00        0               1.1    -1.1        2
GREATEST
 24 HR. TOTAL    1.08   06/02 TO 06/03

SNOWFALL (INCHES)
TOTALS            0.0               0.0     0.0      0.0
 LIQUID EQUIV    0.00              0.00    0.00     0.00
SINCE 7/1         3.7              11.5    -7.8     13.6
 LIQUID 7/1      0.37              1.00   -0.63     1.36
SNOWDEPTH AVG.      0
DAYS >= TRACE       0               0.0     0.0        0
DAYS >= 1.0         0                                  0
GREATEST
 SNOW DEPTH         0   MM

DEGREE_DAYS
HEATING TOTAL       0                 6      -6        0
 SINCE 7/1       3233              4004    -771     4154
COOLING TOTAL     358               265      93      329
 SINCE 1/1        463               404      59      453

FREEZE DATES
RECORD
 EARLIEST     09/13/1902
 LATEST       05/17/1912
EARLIEST      11/09             10/29
LATEST        03/25             04/04
.................................................

WIND (MPH)
AVERAGE WIND SPEED              4.8
HIGHEST WIND SPEED/DIRECTION    26/360    DATE  06/30
HIGHEST GUST SPEED/DIRECTION    32/010    DATE  06/30

SKY COVER
POSSIBLE SUNSHINE (PERCENT)   MM
AVERAGE SKY COVER           0.20
NUMBER OF DAYS FAIR           26
NUMBER OF DAYS PC              3
NUMBER OF DAYS CLOUDY          1

AVERAGE RH (PERCENT)     73

WEATHER CONDITIONS. NUMBER OF DAYS WITH
THUNDERSTORM              0     MIXED PRECIP               0
HEAVY RAIN                7     RAIN                       6
LIGHT RAIN                9     FREEZING RAIN              0
LT FREEZING RAIN          0     HAIL                       0
HEAVY SNOW                0     SNOW                       0
LIGHT SNOW                0     SLEET                      0
FOG                      16     FOG W/VIS <= 1/4 MILE      1
HAZE                      0

-  INDICATES NEGATIVE NUMBERS.
R  INDICATES RECORD WAS SET OR TIED.
MM INDICATES DATA IS MISSING.
T  INDICATES TRACE AMOUNT.

&&

...DATA FOR HARRISON FOR JUNE 2016...

.SUMMARY...
ABOVE AVERAGE TEMPERATURES RETURNED IN JUNE. THE COOLEST PERIODS
DURING THE MONTH WERE IN THE FIRST WEEK. HUMIDITY PLAYED MORE OF A
PART IN INFLUENCING TEMPERATURES THIS YEAR...AND AS A RESULT...LOW
TEMPERATURES WERE WARMER THAN PREVIOUS YEARS.

RAINFALL WAS BELOW AVERAGE...AND IT WAS THE DRIEST JUNE IN SEVERAL
YEARS.

.MONTHLY TEMPERATURES...
THE AVERAGE HIGH TEMPERATURE WAS THE WARMEST SINCE 2012. THE AVERAGE
LOW TEMPERATURE WAS THE COOLEST SINCE 2014...BUT STILL THE 10TH
WARMEST ON RECORD. THE AVERAGE MONTHLY TEMPERATURE WAS THE WARMEST
SINCE 2012.

.DAILY TEMPERATURES...
ABOVE AVERAGE ON 24 DAYS...AVERAGE ON TWO DAYS...AND BELOW AVERAGE
ON FOUR DAYS.

.TEMPERATURE RECORDS TIED OR BROKEN DURING THE MONTH...

DATE  RECORD TYPE               NEW RECORD        PREVIOUS RECORD
15TH  WARMEST LOW TEMPERATURE   76 IN 2016          75 IN 1963

.MONTHLY RAINFALL...
IT WAS THE DRIEST JUNE SINCE 2013.

.DAILY RAINFALL RECORDS TIED OR BROKEN...
NONE.

$$

57
