000
CXUS52 KMHX 041853
CLMHSE


CLIMATE REPORT
NATIONAL WEATHER SERVICE NEWPORT/MOREHEAD CITY NC
251 PM EDT FRI AUG 4 2017

...................................

...THE CAPE HATTERAS NC CLIMATE SUMMARY FOR THE MONTH OF JULY 2017...

CLIMATE NORMAL PERIOD 1981 TO 2010
CLIMATE RECORD PERIOD 1874 TO 2017

WEATHER         OBSERVED          NORMAL  DEPART  LAST YEAR`S
                 VALUE   DATE(S)  VALUE   FROM    VALUE  DATE(S)
                                          NORMAL
................................................................
TEMPERATURE (F)
RECORD
 HIGH              96   07/10/1992
 LOW               54   07/09/1972
HIGHEST            89   07/06                         91
                        07/05
LOWEST             69   07/27                         71
AVG. MAXIMUM     85.5              84.6     0.9     87.2
AVG. MINIMUM     75.2              73.6     1.6     76.0
MEAN             80.4              79.1     1.3     81.6
DAYS MAX >= 90      0               1.3    -1.3        3
DAYS MAX <= 32      0               0.0     0.0        0
DAYS MIN <= 32      0               0.0     0.0        0
DAYS MIN <= 0       0               0.0     0.0        0

PRECIPITATION (INCHES)
RECORD
 MAXIMUM        10.85   1998
 MINIMUM           MM   MM
TOTALS           3.88              4.99   -1.11     2.05
DAYS >= .01        14              11.6     2.4       15
DAYS >= .10         7               7.9    -0.9        4
DAYS >= .50         2               3.1    -1.1        1
DAYS >= 1.00        1               1.4    -0.4        0

DEGREE_DAYS
COOLING TOTAL     483               437      46      523
 SINCE 1/1       1305               888     417     1093
.................................................................

WIND (MPH)
AVERAGE WIND SPEED              8.8
HIGHEST WIND SPEED/DIRECTION    25/240    DATE  07/07
HIGHEST GUST SPEED/DIRECTION    39/270    DATE  07/08

SKY COVER
POSSIBLE SUNSHINE (PERCENT)   MM
AVERAGE SKY COVER           0.20
NUMBER OF DAYS FAIR           27
NUMBER OF DAYS PC              4
NUMBER OF DAYS CLOUDY          0

AVERAGE RH (PERCENT)     81

WEATHER CONDITIONS. NUMBER OF DAYS WITH
THUNDERSTORM              2     MIXED PRECIP               0
HEAVY RAIN                4     RAIN                       4
LIGHT RAIN               11     FREEZING RAIN              0
LT FREEZING RAIN          0     HAIL                       0
HEAVY SNOW                0     SNOW                       0
LIGHT SNOW                0     SLEET                      0
FOG                       1     FOG W/VIS <= 1/4 MILE      0
HAZE                      0

-  INDICATES NEGATIVE NUMBERS.
R  INDICATES RECORD WAS SET OR TIED.
MM INDICATES DATA IS MISSING.
T  INDICATES TRACE AMOUNT.

$$
