000
CXUS52 KMHX 042346
CLMHSE


CLIMATE REPORT
NATIONAL WEATHER SERVICE NEWPORT/MOREHEAD CITY NC
744 PM EDT THU AUG 4 2016

...................................

...THE CAPE HATTERAS NC CLIMATE SUMMARY FOR THE MONTH OF JULY 2016...

CLIMATE NORMAL PERIOD 1981 TO 2010
CLIMATE RECORD PERIOD 1874 TO 2016

WEATHER         OBSERVED          NORMAL  DEPART  LAST YEAR`S
                 VALUE   DATE(S)  VALUE   FROM    VALUE  DATE(S)
                                          NORMAL
................................................................
TEMPERATURE (F)
RECORD
 HIGH              96   07/10/1992
 LOW               54   07/09/1972
HIGHEST            91   07/12                         92
LOWEST             71   07/22                         69
AVG. MAXIMUM     87.2              84.6     2.6     86.1
AVG. MINIMUM     76.0              73.6     2.4     74.8
MEAN             81.6              79.1     2.5     80.5
DAYS MAX >= 90      3               1.3     1.7        4
DAYS MAX <= 32      0               0.0     0.0        0
DAYS MIN <= 32      0               0.0     0.0        0
DAYS MIN <= 0       0               0.0     0.0        0

PRECIPITATION (INCHES)
RECORD
 MAXIMUM        10.85   1998
 MINIMUM           MM   MM
TOTALS           2.05              4.99   -2.94     5.67
DAYS >= .01        15              11.6     3.4        9
DAYS >= .10         4               7.9    -3.9        7
DAYS >= .50         1               3.1    -2.1        4
DAYS >= 1.00        0               1.4    -1.4        1

DEGREE_DAYS
COOLING TOTAL     523               437      86      488
 SINCE 1/1       1093               888     205     1083
.................................................................

WIND (MPH)
AVERAGE WIND SPEED              8.0
HIGHEST WIND SPEED/DIRECTION    25/280    DATE  07/07
HIGHEST GUST SPEED/DIRECTION    39/290    DATE  07/07

SKY COVER
POSSIBLE SUNSHINE (PERCENT)   MM
AVERAGE SKY COVER           0.10
NUMBER OF DAYS FAIR           29
NUMBER OF DAYS PC              2
NUMBER OF DAYS CLOUDY          0

AVERAGE RH (PERCENT)     82

WEATHER CONDITIONS. NUMBER OF DAYS WITH
THUNDERSTORM              0     MIXED PRECIP               0
HEAVY RAIN                3     RAIN                       2
LIGHT RAIN               15     FREEZING RAIN              0
LT FREEZING RAIN          0     HAIL                       0
HEAVY SNOW                0     SNOW                       0
LIGHT SNOW                0     SLEET                      0
FOG                       9     FOG W/VIS <= 1/4 MILE      0
HAZE                      1

-  INDICATES NEGATIVE NUMBERS.
R  INDICATES RECORD WAS SET OR TIED.
MM INDICATES DATA IS MISSING.
T  INDICATES TRACE AMOUNT.

$$
