000
CXUS52 KMHX 091244
CLMHSE


CLIMATE REPORT
NATIONAL WEATHER SERVICE NEWPORT/MOREHEAD CITY NC
843 AM EDT FRI JUN 9 2017

...................................

...THE CAPE HATTERAS NC CLIMATE SUMMARY FOR THE MONTH OF MAY 2017...

CLIMATE NORMAL PERIOD 1981 TO 2010
CLIMATE RECORD PERIOD 1874 TO 2017

WEATHER         OBSERVED          NORMAL  DEPART  LAST YEAR`S
                 VALUE   DATE(S)  VALUE   FROM    VALUE  DATE(S)
                                          NORMAL
................................................................
TEMPERATURE (F)
RECORD
 HIGH              91   05/31/2011
                        05/29/1991
                        05/31/1988
 LOW               39   05/02/1971
                        05/07/1968
HIGHEST            85   05/29                         86
LOWEST             52   05/09                         50
AVG. MAXIMUM     78.5              73.7     4.8     75.1
AVG. MINIMUM     66.3              60.5     5.8     63.0
MEAN             72.4              67.1     5.3     69.1
DAYS MAX >= 90      0               0.0     0.0        0
DAYS MAX <= 32      0               0.0     0.0        0
DAYS MIN <= 32      0               0.0     0.0        0
DAYS MIN <= 0       0               0.0     0.0        0

PRECIPITATION (INCHES)
RECORD
 MAXIMUM        12.67   2016
 MINIMUM           MM   MM
TOTALS           7.11              3.57    3.54    12.67
DAYS >= .01        16               8.8     7.2       14
DAYS >= .10        11               5.5     5.5       12
DAYS >= .50         7               2.3     4.7        5
DAYS >= 1.00        1               0.9     0.1        2

DEGREE_DAYS
HEATING TOTAL       3                50     -47       21
 SINCE 7/1       1728              2584    -856     1700
COOLING TOTAL     241               115     126      154
 SINCE 1/1        427               143     284      209
.................................................................

WIND (MPH)
AVERAGE WIND SPEED              10.4
HIGHEST WIND SPEED/DIRECTION    33/240    DATE  05/25
HIGHEST GUST SPEED/DIRECTION    48/240    DATE  05/25

SKY COVER
POSSIBLE SUNSHINE (PERCENT)   MM
AVERAGE SKY COVER           0.30
NUMBER OF DAYS FAIR           18
NUMBER OF DAYS PC             10
NUMBER OF DAYS CLOUDY          3

AVERAGE RH (PERCENT)     72

WEATHER CONDITIONS. NUMBER OF DAYS WITH
THUNDERSTORM              1     MIXED PRECIP               0
HEAVY RAIN                8     RAIN                      12
LIGHT RAIN               16     FREEZING RAIN              0
LT FREEZING RAIN          0     HAIL                       0
HEAVY SNOW                0     SNOW                       0
LIGHT SNOW                0     SLEET                      0
FOG                      23     FOG W/VIS <= 1/4 MILE      2
HAZE                     22

-  INDICATES NEGATIVE NUMBERS.
R  INDICATES RECORD WAS SET OR TIED.
MM INDICATES DATA IS MISSING.
T  INDICATES TRACE AMOUNT.

$$
