000
CXUS53 KGID 022053 AAA
CLMHSI

CLIMATE REPORT...UPDATED
NATIONAL WEATHER SERVICE HASTINGS NE
252 PM CST TUE DEC 2 2014

UPDATED TO INCLUDE MONTHLY/SEASONAL RECAPS AT BOTTOM

...................................

...THE HASTINGS NE CLIMATE SUMMARY FOR THE MONTH OF NOVEMBER 2014...

CLIMATE NORMAL PERIOD 1981 TO 2010
CLIMATE RECORD PERIOD 1894 TO 2014

WEATHER         OBSERVED          NORMAL  DEPART  LAST YEAR`S
                 VALUE   DATE(S)  VALUE   FROM    VALUE  DATE(S)
                                          NORMAL
................................................................
TEMPERATURE (F)
RECORD
 HIGH              86   11/05/1945
 LOW               -7   11/14/1940
HIGHEST            80   11/29        71       9       64  11/16
LOWEST              1   11/16        10      -9        7  11/27
AVG. MAXIMUM     47.7              49.4    -1.7     49.9
AVG. MINIMUM     21.2              28.1    -6.9     25.1
MEAN             34.4              38.7    -4.3     37.5
DAYS MAX >= 90      0               0.0     0.0        0
DAYS MAX <= 32      8               3.2     4.8        2
DAYS MIN <= 32     23              20.5     2.5       24
DAYS MIN <= 0       0               0.0     0.0        0

PRECIPITATION (INCHES)
RECORD
 MAXIMUM         3.96   1996
 MINIMUM         0.00   1954
                        1949
                        1939
TOTALS           0.23              1.29   -1.06     1.00
DAILY AVG.       0.01              0.04   -0.03     0.03
DAYS >= .01         4                MM      MM        4
DAYS >= .10         2                MM      MM        1
DAYS >= .50         0                MM      MM        1
DAYS >= 1.00        0                MM      MM        0
GREATEST
 24 HR. TOTAL    0.11   11/23 TO 11/23
                        11/22 TO 11/23
                        11/23 TO 11/23

SNOWFALL (INCHES)
RECORDS
 TOTAL           15.5   1928
TOTALS            1.7               2.6    -0.9      0.4
SINCE 7/1         1.7               3.8    -2.1      0.4
SNOWDEPTH AVG.      0                MM      MM        0
DAYS >= 1.0         1                MM      MM        0
GREATEST
 SNOW DEPTH         1   11/18                          0  MM
                        11/17
                        11/16

DEGREE_DAYS
HEATING TOTAL     912               788     124      817
 SINCE 7/1       1338              1281      57     1265
COOLING TOTAL       0                 0       0        0
 SINCE 1/1       1018              1077     -59     1158
.................................................................

WIND (MPH)
AVERAGE WIND SPEED              12.4
HIGHEST WIND SPEED/DIRECTION    39/340    DATE  11/10
HIGHEST GUST SPEED/DIRECTION    49/340    DATE  11/10

SKY COVER
POSSIBLE SUNSHINE (PERCENT)   MM
AVERAGE SKY COVER           0.20
NUMBER OF DAYS FAIR           23
NUMBER OF DAYS PC              7
NUMBER OF DAYS CLOUDY          0

AVERAGE RH (PERCENT)     58

WEATHER CONDITIONS. NUMBER OF DAYS WITH
THUNDERSTORM              1     MIXED PRECIP               0
HEAVY RAIN                0     RAIN                       0
LIGHT RAIN                2     FREEZING RAIN              0
LT FREEZING RAIN          0     HAIL                       0
HEAVY SNOW                0     SNOW                       1
LIGHT SNOW                6     SLEET                      0
FOG                       5     FOG W/VIS <= 1/4 MILE      2
HAZE                      0

-  INDICATES NEGATIVE NUMBERS.
R  INDICATES RECORD WAS SET OR TIED.
MM INDICATES DATA IS MISSING.
T  INDICATES TRACE AMOUNT.

&&

...NOVEMBER 2014 SUMMARY FOR HASTINGS MUNICIPAL AIRPORT...

...TEMPERATURES

5 DAILY TEMPERATURE RECORDS SET OR TIED DURING NOV. 2014:
- NOV. 15: RECORD COLD HIGH OF 26 (TIED PREVIOUS FROM 1997,1935)
- NOV. 17: RECORD COLD HIGH OF 22 (PREVIOUS 25 IN 1955)
- NOV. 18: RECORD LOW OF 3 (PREVIOUS 9 IN 1909)
- NOV. 28: RECORD HIGH OF 74 (PREVIOUS 70 IN 1932)
- NOV. 29: RECORD HIGH OF 80 (PREVIOUS 68 IN 2003)

AVERAGE HIGH TEMPERATURE:     47.7 DEGREES (1.7 BELOW NORMAL)
AVERAGE LOW TEMPERATURE:      21.2 DEGREES (6.9 BELOW NORMAL)
AVERAGE MEAN TEMPERATURE:     34.4 DEGREES (4.3 BELOW NORMAL)

- NOV. 2014 WAS THE 10TH-COLDEST ON RECORD OUT OF 106 YEARS
DATING TO 1907 AND WAS THE COLDEST SINCE 29.7 DEGREES IN 2000

WARMEST HIGH TEMPERATURE:      80 DEGREES ON THE 29TH
COLDEST HIGH TEMPERATURE:      22 DEGREES ON THE 17TH

COLDEST LOW TEMPERATURE:        1 DEGREES ON THE 16TH
WARMEST LOW TEMPERATURE:       42 DEGREES ON THE 2ND

WARMEST 2-DAY STRETCH BASED
ON AVERAGE HIGH TEMPERATURE:   77.0 DEGREES FROM THE 28TH-29TH

COLDEST 2-DAY STRETCH BASED
ON AVERAGE HIGH TEMPERATURE:   23.0 DEGREES FROM THE 11TH-12TH

WARMEST WEEK BASED
ON AVERAGE MEAN TEMPERATURE:   49.9 DEGREES FROM THE 2ND-8TH

COLDEST WEEK BASED
ON AVERAGE MEAN TEMPERATURE:   16.5 DEGREES FROM THE 11TH-17TH

WARMEST WEEK BASED
ON AVERAGE HIGH TEMPERATURE:   64.3 DEGREES FROM THE 3RD-9TH

COLDEST WEEK BASED
ON AVERAGE HIGH TEMPERATURE:   25.7 DEGREES FROM THE 11TH-17TH

COLDEST WEEK BASED
ON AVERAGE LOW TEMPERATURE:     5.9 DEGREES FROM THE 12TH-18TH


...PRECIPITATION/SNOWFALL

NO DAILY PRECIPITATION OR SNOWFALL RECORDS WERE SET DURING NOV. 2014

TOTAL MONTHLY PRECIPITATION: 0.23 INCHES (1.06 BELOW NORMAL)
TOTAL MONTHLY SNOWFALL:       1.7 INCHES (0.9 BELOW NORMAL)

NUMBER OF DAYS WITH MEASURABLE PRECIPITATION (0.01 OR MORE): 4

HIGHEST CALENDAR DAY PRECIPITATION:  0.11 INCHES ON THE 23RD
HIGHEST CALENDAR DAY SNOWFALL:        1.4 INCHES ON THE 15TH


PRECIPITATION TOTALS AND DEPARTURES
FROM NORMAL FOR THE PAST 12 MONTHS:

MONTH          PRECIP.  DEPARTURE

DEC  2013       0.14      -0.47
JAN  2014       0.37      -0.04
FEB  2014       0.34      -0.15
MAR  2014       0.15      -1.64
APR  2014       3.93      +1.37
MAY  2014       2.15      -2.42
JUN  2014       8.69      +4.89
JUL  2014       1.48      -2.26
AUG  2014       7.79      +4.49
SEP  2014       1.78      -0.78
OCT  2014       1.76      -0.23
NOV  2014       0.23      -1.06

12-MONTH TOTAL  28.81     +1.70


...OTHER WEATHER ELEMENTS

HIGHEST WIND GUST: 49 MPH FROM THE NORTH-NORTHWEST ON THE 10TH
(OCCURRED AT 205 PM CST BEHIND A STRONG COLD FRONT)

HIGHEST SURFACE SEA LEVEL PRESSURE: 30.70 ON THE 13TH
LOWEST SURFACE SEA LEVEL PRESSURE:  29.31 ON THE 10TH

&&

...NOVEMBER 2014 NARRATIVE FOR HASTINGS MUNICIPAL AIRPORT...

THE BIGGEST WEATHER STORY DURING NOV. 2014 WAS TEMPERATURE
EXTREMES...HIGHLIGHTED BY A 10-DAY STRETCH DURING THE MIDDLE OF THE
MONTH THAT WAS THE COLDEST ON RECORD DURING THE FIRST THREE WEEKS OF
NOVEMBER. PRECIPITATION-WISE...IT WAS A RATHER DRY MONTH BUT STILL
FAR FROM BEING A TOP-20 DRIEST.

TEMPERATURE-WISE...IT WAS TRULY A ROLLER-COASTER RIDE: THE OPENING
THIRD OF THE MONTH AVERAGED SEASONABLY MILD...FOLLOWED BY A RECORD-
COLD MIDDLE 10 DAYS...AND THEN A PAIR OF EXTREMELY WARM DAYS TOWARD
THE END OF THE MONTH...ONLY TO BE FOLLOWED BY ONE LAST BLAST OF COLD
ON THE 30TH. IN THE END...THE VERY COLD MID-MONTH STRETCH CARRIED
THE MOST WEIGHT...AS THE OVERALL AVERAGE MONTHLY TEMPERATURE
(RESULTING FROM AVERAGING BOTH THE HIGHS AND LOWS) WAS 34.4
DEGREES...4.3 DEGREES BELOW NORMAL. THIS WAS GOOD FOR THE 10TH-
COLDEST NOVEMBER ON RECORD OUT OF 106 YEARS...AND THE COLDEST SINCE
A 29.7 DEGREE AVERAGE IN 2000. OVER THE COURSE OF THE MONTH...18
DAYS FEATURED A BELOW NORMAL AVERAGE TEMPERATURE AND 12 WERE ABOVE
NORMAL. BY FAR AND AWAY THE COLDEST WEEK WAS CENTERED FROM THE 11TH-
17TH...DURING WHICH HIGH TEMPERATURES ONLY REACHED THE 20S ON SIX OF
SEVEN DAYS (INCLUDING ONLY 22 ON THE 17TH) AND LOWS DROPPED BELOW 10
DEGREES ON FIVE OF THE SEVEN DAYS (INCLUDING 1 ON THE 16TH).
EXPANDING OUT TO INCLUDE A FEW DAYS BEYOND THE CORE OF THE COLDEST
WEATHER...THE 10-DAY STRETCH FROM THE 11TH-20TH FEATURED AN AVERAGE
TEMPERATURE OF 19.3 DEGREES...MARKING THE COLDEST 10-DAY STRETCH ON
RECORD DURING THE FIRST THREE WEEKS OF NOVEMBER. BEYOND THE
20TH...TEMPERATURES STABILIZED BACK TO MORE SEASONAL LEVELS THROUGH
THE 27TH...BEFORE A BRIEF-BUT-SUBSTANTIAL BLAST OF LATE-FALL HEAT
ARRIVED ON THE 28TH-29TH...WITH HIGHS OF 74 AND 80
DEGREES...RESPECTIVELY. NOT ONLY DID THESE HIGH TEMPERATURES BREAK
DAILY RECORDS...BUT THIS MARKED THE FIRST TIME ON RECORD THAT
HASTINGS REACHED 80 DURING THE SECOND HALF OF NOVEMBER (HOWEVER THIS
WAS NOT THE LATEST OCCURRENCE OF 80 DEGREES DURING A CALENDAR
YEAR...AS IT ACTUALLY REACHED 80 ON DEC. 23, 1964). IN
ADDITION...THE TWO-DAY AVERAGE HIGH OF 77 DEGREES MARKED THE FIRST
TIME ON RECORD THAT CONSECUTIVE DAYS AVERAGED THIS WARM DURING THE
SECOND HALF OF NOVEMBER (PREVIOUS RECORD WAS 75 DEGREES NOV. 25-26,
1960). NEEDLESS TO SAY...THIS BRIEF WARM STRETCH CAME TO A
SCREECHING HALT ON THE LAST DAY OF THE MONTH AS AN ARCTIC COLD FRONT
PROMOTED A HIGH TEMPERATURE OF ONLY 26 DEGREES ON THE 30TH...A
NOTABLE 54 DEGREE DOWNTURN IN HIGHS FROM THE DAY BEFORE. ON
AVERAGE...THE OVERALL-WARMEST WEEK OF THE MONTH PER AVERAGE
TEMPERATURE WAS THE 2ND-8TH...DURING WHICH FIVE OF THE SEVEN DAYS
CLIMBED TO AT LEAST 63 DEGREES. THE MILDEST LOW TEMPERATURE OF THE
MONTH WAS 42 DEGREES ON THE 2ND.

TURNING TO PRECIPITATION DURING NOVEMBER 2014...THE TOTAL OF ONLY
0.23 INCHES AT HASTINGS MUNICIPAL AIRPORT WAS 1.06 INCHES BELOW THE
30-YEAR NORMAL OF 1.29 INCHES...AND REPRESENTED LESS THAN ONE-FIFTH
OF NORMAL NOVEMBER PRECIPITATION. EVEN SO...THIS ONLY RANKED AS THE
32ND-DRIEST NOVEMBER ON RECORD OUT OF 120 YEARS...AND ONE ONLY HAS
TO LOOK BACK FIVE YEARS TO 2009 TO FIND A DRIER ONE (0.22 INCHES).
ALMOST HALF OF THE PRECIPITATION FOR THE MONTH (0.10 INCHES) FELL IN
THE FORM OF 1.4 INCHES OF SNOW ON THE 15TH. A LIGHT DUSTING OF SNOW
ALSO FELL ON THE 10TH...RESULTING IN A MONTHLY TOTAL OF 1.7 INCHES.
ALTHOUGH THIS STILL FELL 0.9 INCHES SHORT OF THE 30-YEAR NORMAL
SNOWFALL FOR THE MONTH...IT WAS ACTUALLY THE HIGHEST NOVEMBER
SNOWFALL TOTAL IN NINE YEARS...SINCE 5.6 INCHES IN 2005.

NO THUNDERSTORMS AFFECTED HASTINGS DURING THE MONTH. HOWEVER...THE
PASSAGE OF SEVERAL COLD FRONTS PROMOTED SIX DAYS WITH NORTHWESTERLY
GUSTS OF AT LEAST 40 MPH...LED BY A 49 MPH PEAK GUSTS ON THE 10TH.

&&

...METEOROLOGICAL-FALL 2014 SEASONAL RECAP COVERING SEP-NOV...

- AVERAGE MEAN TEMPERATURE:  51.2 DEGREES (1.1 BELOW NORMAL)
- FALL PRECIPITATION:         3.77 INCHES (2.07 BELOW NORMAL)
- FALL SNOWFALL:               1.7 INCHES (2.1 BELOW NORMAL)

FOR THE METEOROLOGICAL FALL SEASON OF SEPTEMBER...OCTOBER AND
NOVEMBER AS A WHOLE...THE AVERAGE DAILY MEAN TEMPERATURE WAS 51.2
DEGREES...1.1 DEGREES BELOW THE 30-YEAR SEASONAL NORMAL OF 52.3
DEGREES. OF THE THREE FALL MONTHS...OCTOBER WAS THE ONLY ONE THAT
AVERAGED WARMER THAN NORMAL (+2.2)...WHILE NOVEMBER WAS THE COLDEST
VERSUS NORMAL AT -4.3 DEGREES. THE HOTTEST HIGH TEMPERATURE OF FALL
2014 WAS 90 DEGREES ON SEP. 3RD...AND THE COLDEST HIGH WAS 22
DEGREES ON NOV. 17TH. THE COLDEST LOW TEMPERATURE OF THE SEASON WAS
1 DEGREE ON NOV. 16TH AND THE MILDEST LOW WAS 67 DEGREES ON SEP.
9TH. IN TERMS OF AVERAGE DAILY TEMPERATURE...THE OVERALL-WARMEST
WEEK OF FALL 2014 WAS 69.6 DEGREES FROM SEP. 24TH-30TH...AND THE
OVERALL-COLDEST WEEK WAS 16.5 DEGREES FROM NOV. 11TH-17TH. FOR THE
YEAR 2014 AS A WHOLE...ONLY 21 DAYS REACHED OR EXCEEDED 90
DEGREES...WELL-BELOW THE 30-YEAR AVERAGE OF 35 DAYS.

AS FOR FALL PRECIPITATION...THE SEASONAL TOTAL OF 3.77 INCHES AT
HASTINGS MUNICIPAL AIRPORT WAS 2.07 INCHES BELOW THE 30-YEAR FALL
NORMAL OF 5.84 INCHES. THE VAST MAJORITY OF THIS SEASONAL
PRECIPITATION (3.54 INCHES) FELL AS RAIN DURING SEPTEMBER AND
OCTOBER. THE WETTEST CALENDAR DAY DURING FALL 2014 WAS 1.03 INCHES
ON OCT. 1ST (ASSOCIATED WITH EVENING THUNDERSTORMS).

SNOWFALL-WISE...TWO FAIRLY MINOR NOVEMBER EVENTS RESULTED IN A
SEASONAL TOTAL OF 1.7 INCHES...WHICH WAS 2.1 INCHES BELOW THE 30-YEAR
FALL NORMAL.

$$

PFANNKUCH/DOXEY
