000
CXUS53 KGID 020015 CCA
CLMHSI

CLIMATE REPORT
NATIONAL WEATHER SERVICE HASTINGS NE
1211 PM CDT SAT JUL 1 2017
...CORRECTED THE NUMBER OF DAYS WITH THUNDERSTORMS...
...................................

...THE HASTINGS NE CLIMATE SUMMARY FOR THE MONTH OF JUNE 2017...

CLIMATE NORMAL PERIOD 1981 TO 2010
CLIMATE RECORD PERIOD 1894 TO 2017

WEATHER         OBSERVED          NORMAL  DEPART  LAST YEAR`S
                 VALUE   DATE(S)  VALUE   FROM    VALUE  DATE(S)
                                          NORMAL
................................................................
TEMPERATURE (F)
RECORD
 HIGH             110   06/26/1936
 LOW               34   06/04/1951
HIGHEST            96   06/21        98      -2      102  06/17
                        06/13
LOWEST             49   06/24        48       1       52  06/07
AVG. MAXIMUM     86.3              82.8     3.5     89.1
AVG. MINIMUM     62.1              60.8     1.3     64.0
MEAN             74.2              71.8     2.4     76.5
DAYS MAX >= 90     12               6.1     5.9       14
DAYS MAX <= 32      0               0.0     0.0        0
DAYS MIN <= 32      0               0.0     0.0        0
DAYS MIN <= 0       0               0.0     0.0        0

PRECIPITATION (INCHES)
RECORD
 MAXIMUM        11.71   1915
 MINIMUM         0.38   1911
TOTALS           1.79              3.80   -2.01     0.75
DAILY AVG.       0.06              0.13   -0.07     0.03
DAYS >= .01         7                MM      MM        5
DAYS >= .10         3                MM      MM        3
DAYS >= .50         2                MM      MM        0
DAYS >= 1.00        0                MM      MM        0
GREATEST
 24 HR. TOTAL    0.97   06/13 TO 06/13

SNOWFALL (INCHES)
RECORDS
 TOTAL            0.0   MM
TOTALS            0.0               0.0     0.0      0.0
SINCE 7/1        11.1              28.8   -17.7     32.4
SNOWDEPTH AVG.      0                MM      MM        0
DAYS >= 1.0         0                MM      MM        0
GREATEST
 SNOW DEPTH         0   MM                             0  MM

DEGREE_DAYS
HEATING TOTAL       3                21     -18        0
 SINCE 7/1       5146              6029    -883     5016
COOLING TOTAL     287               225      62      351
 SINCE 1/1        348               284      64      380
.................................................................

WIND (MPH)
AVERAGE WIND SPEED              MM
HIGHEST WIND SPEED/DIRECTION    MM        DATE   MM
HIGHEST GUST SPEED/DIRECTION    MM        DATE   MM

SKY COVER
POSSIBLE SUNSHINE (PERCENT)   MM
AVERAGE SKY COVER           0.10
NUMBER OF DAYS FAIR           28
NUMBER OF DAYS PC              2
NUMBER OF DAYS CLOUDY          0

AVERAGE RH (PERCENT)     59

WEATHER CONDITIONS. NUMBER OF DAYS WITH
THUNDERSTORM              9     MIXED PRECIP               0
HEAVY RAIN                1     RAIN                       3
LIGHT RAIN               10     FREEZING RAIN              0
LT FREEZING RAIN          0     HAIL                       0
HEAVY SNOW                0     SNOW                       0
LIGHT SNOW                0     SLEET                      0
FOG                       6     FOG W/VIS <= 1/4 MILE      1
HAZE                      4

-  INDICATES NEGATIVE NUMBERS.
R  INDICATES RECORD WAS SET OR TIED.
MM INDICATES DATA IS MISSING.
T  INDICATES TRACE AMOUNT.

$$
REED
