000
CXUS53 KGID 121649 AAA
CLMHSI

CLIMATE REPORT...UPDATED
NATIONAL WEATHER SERVICE HASTINGS NE
1149 AM CDT TUE AUG 12 2014

UPDATED TO INCLUDE MONTHLY DETAILS/NARRATIVE AT BOTTOM

...................................

...THE HASTINGS NE CLIMATE SUMMARY FOR THE MONTH OF JULY 2014...

CLIMATE NORMAL PERIOD 1981 TO 2010
CLIMATE RECORD PERIOD 1894 TO 2014

WEATHER         OBSERVED          NORMAL  DEPART  LAST YEAR`S
                 VALUE   DATE(S)  VALUE   FROM    VALUE  DATE(S)
                                          NORMAL
................................................................
TEMPERATURE (F)
RECORD
 HIGH             116   07/24/1936
 LOW               45   07/04/1915
HIGHEST           100   07/21       101      -1       99  07/13
                                                          07/12
LOWEST             50   07/15        55      -5       52  07/28
                                                          07/01
AVG. MAXIMUM     84.8              87.8    -3.0     86.1
AVG. MINIMUM     62.4              66.4    -4.0     64.4
MEAN             73.6              77.1    -3.5     75.2
DAYS MAX >= 90      8              12.6    -4.6       13
DAYS MAX <= 32      0               0.0     0.0        0
DAYS MIN <= 32      0               0.0     0.0        0
DAYS MIN <= 0       0               0.0     0.0        0

PRECIPITATION (INCHES)
RECORD
 MAXIMUM        11.45   1993
 MINIMUM         0.16   1983
TOTALS           1.48              3.74   -2.26     1.77
DAILY AVG.       0.05              0.12   -0.07     0.06
DAYS >= .01         4                MM      MM        7
DAYS >= .10         2                MM      MM        5
DAYS >= .50         2                MM      MM        2
DAYS >= 1.00        0                MM      MM        0
GREATEST
 24 HR. TOTAL    0.95   07/09 TO 07/10

SNOWFALL (INCHES)
RECORDS
 TOTAL            0.0
TOTALS            0.0               0.0     0.0      0.0
SINCE 7/1         0.0               0.0     0.0      0.0
SNOWDEPTH AVG.      0                 0       0        0
DAYS >= 1.0         0                 0       0        0
GREATEST
 SNOW DEPTH         0                                  0

DEGREE_DAYS
HEATING TOTAL       6                 1       5        6
 SINCE 7/1          6                 1       5        6
COOLING TOTAL     280               376     -96      333
 SINCE 1/1        629               660     -31      643
.................................................................

WIND (MPH)
AVERAGE WIND SPEED              8.1
HIGHEST WIND SPEED/DIRECTION    33/320    DATE  07/09
HIGHEST GUST SPEED/DIRECTION    41/320    DATE  07/09

SKY COVER
POSSIBLE SUNSHINE (PERCENT)   MM
AVERAGE SKY COVER           0.20
NUMBER OF DAYS FAIR           27
NUMBER OF DAYS PC              4
NUMBER OF DAYS CLOUDY          0

AVERAGE RH (PERCENT)     62

WEATHER CONDITIONS. NUMBER OF DAYS WITH
THUNDERSTORM              3     MIXED PRECIP               0
HEAVY RAIN                2     RAIN                       1
LIGHT RAIN                5     FREEZING RAIN              0
LT FREEZING RAIN          0     HAIL                       0
HEAVY SNOW                0     SNOW                       0
LIGHT SNOW                0     SLEET                      0
FOG                       6     FOG W/VIS <= 1/4 MILE      1
HAZE                      3

-  INDICATES NEGATIVE NUMBERS.
R  INDICATES RECORD WAS SET OR TIED.
MM INDICATES DATA IS MISSING.
T  INDICATES TRACE AMOUNT.

&&

...JULY 2014 SUMMARY FOR HASTINGS MUNICIPAL AIRPORT...

...TEMPERATURES

NO DAILY TEMPERATURE RECORDS WERE SET DURING JULY 2014

AVERAGE HIGH TEMPERATURE:     84.8 DEGREES (3.0 BELOW NORMAL)
AVERAGE LOW TEMPERATURE:      62.4 DEGREES (4.0 BELOW NORMAL)
AVERAGE MEAN TEMPERATURE:     73.6 DEGREES (3.5 BELOW NORMAL)

- JULY 2014 WAS THE 12TH-COOLEST JULY ON RECORD OUT OF 108 YEARS
DATING TO 1907...ALTHOUGH RECENT YEARS SUCH AS 2009 AND 2004
AVERAGED COOLER

WARMEST HIGH TEMPERATURE:      100 DEGREES ON THE 21ST
COOLEST HIGH TEMPERATURE:      73 DEGREES ON THE 15TH

COOLEST LOW TEMPERATURE:       50 DEGREES ON THE 15TH
WARMEST LOW TEMPERATURE:       75 DEGREES ON THE 21ST

WARMEST 2-DAY STRETCH BASED
ON AVERAGE HIGH TEMPERATURE:   97.0 DEGREES FROM THE 20TH-21ST

WARMEST WEEK BASED
ON AVERAGE HIGH TEMPERATURE:   92.0 DEGREES FROM THE 20TH-26TH

WARMEST WEEK BASED
ON AVERAGE MEAN TEMPERATURE:   80.7 DEGREES FROM THE 20TH-26TH

COOLEST 2-DAY STRETCH BASED
ON AVERAGE HIGH TEMPERATURE:   73.5 DEGREES FROM THE 15TH-16TH

COOLEST WEEK BASED
ON AVERAGE HIGH TEMPERATURE:   78.0 DEGREES FROM THE 13TH-19TH

COOLEST WEEK BASED
ON AVERAGE LOW TEMPERATURE:    56.3 DEGREES FROM THE 13TH-19TH

COOLEST WEEK BASED
ON AVERAGE MEAN TEMPERATURE:   67.1 DEGREES FROM THE 13TH-19TH


...PRECIPITATION

NO DAILY RAINFALL RECORDS WERE SET IN JULY 2014

TOTAL MONTHLY PRECIPITATION: 1.48 INCHES  (2.26 BELOW NORMAL)

- JULY 2014 WAS THE 23RD-DRIEST ON RECORD OUT OF 120 YEARS DATING
BACK TO 1895...AND WAS THE DRIEST SINCE 1.42 INCHES IN 2005

NUMBER OF DAYS WITH MEASURABLE PRECIPITATION (0.01 OR MORE): 4

HIGHEST CALENDAR DAY PRECIPITATION:  0.94 INCHES ON THE 9TH
HIGHEST TWO-DAY PRECIPITATION TOTAL: 0.95 INCHES FROM THE 9TH-10TH

PRECIPITATION TOTALS AND DEPARTURES
FROM NORMAL FOR THE PAST 12 MONTHS:

MONTH          PRECIP.  DEPARTURE

AUG  2013       3.25      -0.05
SEP  2013       1.26      -1.30
OCT  2013       4.75      +2.76
NOV  2013       1.00      -0.29
DEC  2013       0.14      -0.47
JAN  2014       0.37      -0.04
FEB  2014       0.34      -0.15
MAR  2014       0.15      -1.64
APR  2014       3.93      +1.37
MAY  2014       2.15      -2.42
JUN  2014       8.69      +4.89
JUL  2014       1.48      -2.26

12-MONTH TOTAL  27.51     +0.40


...OTHER WEATHER ELEMENTS

HIGHEST WIND GUST: 41 MPH FROM THE NORTHWEST ON THE 9TH
(OCCURRED AT 934 PM CDT DURING A THUNDERSTORM)

HIGHEST SURFACE SEA LEVEL PRESSURE: 30.31 ON THE 28TH
LOWEST SURFACE SEA LEVEL PRESSURE:  29.67 ON THE 25TH

&&

...JULY 2014 NARRATIVE FOR HASTINGS MUNICIPAL AIRPORT...

NEEDLESS TO SAY...RAINFALL WAS NOT NEARLY AS PLENTIFUL DURING JULY
AS IT WAS DURING JUNE...AS ESPECIALLY THE LATTER TWO-THIRDS OF THE
MONTH BECAME QUITE DRY. ACCORDING TO THE U.S. DROUGHT MONITOR...THE
MAJORITY OF ADAMS COUNTY REGRESSED SLIGHTLY FROM HAVING NO DROUGHT
CLASSIFICATION WHATSOEVER AT THE BEGINNING OF THE MONTH TO HAVING
CATEGORY D0 ABNORMALLY DRY BY MONTH`S END. TEMPERATURE-WISE...IT WAS
A RATHER COOL MONTH OVERALL...INTERRUPTED BY ONLY OCCASIONAL...BRIEF
BURSTS OF HOTTER WEATHER.

FOCUSING ON JULY RAINFALL IN MORE DETAIL...THE MONTHLY TOTAL OF 1.48
INCHES AT HASTINGS MUNICIPAL AIRPORT WAS 2.26 INCHES BELOW THE 30-
YEAR JULY NORMAL OF 3.74 INCHES. THE MAJORITY OF THIS RAIN (0.94
INCHES) FELL DURING THUNDERSTORMS ON THE 9TH...AND FULLY 98 PERCENT
OF JULY RAIN (1.45 INCHES) FELL DURING THE FIRST 10 DAYS OF THE
MONTH WITH MERELY 0.03 THEREAFTER.  DESPITE FINISHING SOLIDLY BELOW
NORMAL FOR THE MONTH...THIS WAS ONLY THE 23RD-DRIEST ON RECORD OUT
OF 120 YEARS DATING BACK TO 1895...AND WAS THE DRIEST SINCE 1.42
INCHES IN 2005.

TEMPERATURE-WISE...THIS WAS THE 12TH-COOLEST JULY ON RECORD OUT OF
108 YEARS DATING TO 1907. THE AVERAGE MONTHLY TEMPERATURE (RESULTING
FROM AVERAGING BOTH THE HIGHS AND LOWS) WAS 73.6 DEGREES...3.5
DEGREES BELOW THE 30-YEAR NORMAL. DAILY LOW TEMPERATURES CONTRIBUTED
SLIGHTLY MORE WEIGHT TOWARD THIS OVERALL COOLER AVERAGE...AVERAGING
4.0 DEGREES BELOW NORMAL. OF THE 31 DAYS DURING THE MONTH...19
FEATURED A BELOW NORMAL AVERAGE TEMPERATURE...NINE WERE ABOVE NORMAL
AND THREE DAYS EQUALED THEIR DAILY NORMAL. THE MOST NOTABLE COOL
STRETCH OF THE MONTH WAS SIX DAYS BETWEEN THE 14TH-19TH...DURING
WHICH DAILY HIGHS ONLY RANGED FROM 73-82 DEGREES AND DAILY LOWS FROM
50-60 DEGREES. THE AVERAGE DAILY TEMPERATURE DURING THIS STRETCH WAS
65.6 DEGREES...RESULTING IN THE 5TH-COOLEST NON-OVERLAPPING SIX DAY
STRETCH ON RECORD FOR THE MONTH OF JULY...AND THE COOLEST SINCE A
65.4 DEGREE AVERAGE FROM JULY 23-28, 2004. THE COOLEST LOW
TEMPERATURE OF THE MONTH WAS 50 DEGREES ON THE 15TH. IMMEDIATELY
FOLLOWING THIS SIX-DAY COOL STRETCH CAME THE OVERALL-WARMEST WEEK OF
THE MONTH FROM THE 20TH-26TH...DURING WHICH HIGH TEMPERATURES
REACHED AT LEAST 90 DEGREES ON SIX OF SEVEN DAYS...HIGHLIGHTED BY A
HIGH OF 100 ON THE 21ST. THE MILDEST LOW TEMPERATURE OF THE
MONTH...75 DEGREES...ALSO OCCURRED ON THE 21ST. THE MOST EXTREME DAY-
TO-DAY CHANGE IN HIGH TEMPERATURES DURING JULY WAS 12 DEGREES AND
OCCURRED TWICE...FIRST CONSISTING OF A COOL-DOWN FROM 88 DEGREES ON
THE 13TH 76 ON THE 14TH...AND THEN OF A WARM-UP FROM 82 DEGREES ON
THE 19TH TO 94 DEGREES ON THE 20TH.

FALLING IN LINE WITH THE LESSER RAINFALL DURING THE MONTH...THERE
WAS A CORRESPONDING MINIMUM IN SEVERE WEATHER IN THE IMMEDIATE
HASTINGS AREA. HOWEVER...IT WAS A SOMEWHAT CLOSE CALL...AS A NOTABLE
SEVERE STORM WITH DAMAGING WINDS AND COPIOUS AMOUNTS OF HAIL
PRODUCED SIGNIFICANT CROP DAMAGE AS IT DROPPED SOUTHWARD TROUGH THE
WESTERN FRINGES OF ADAMS COUNTY ON THE EVENING OF THE 9TH. THE
HIGHEST WIND GUST OF THE MONTH AT HASTINGS AIRPORT OCCURRED A BIT
LATER THAT SAME EVENING...BUT ONLY REGISTERED 41 MPH FROM THE
NORTHWEST.

$$

PFANNKUCH
