000
CXUS53 KGID 011925
CLMHSI


CLIMATE REPORT
NATIONAL WEATHER SERVICE HASTINGS NE
225 PM CDT SAT AUG 1 2015

...................................

...THE HASTINGS NE CLIMATE SUMMARY FOR THE MONTH OF JULY 2015...

CLIMATE NORMAL PERIOD 1981 TO 2010
CLIMATE RECORD PERIOD 1894 TO 2015

WEATHER         OBSERVED          NORMAL  DEPART  LAST YEAR`S
                 VALUE   DATE(S)  VALUE   FROM    VALUE  DATE(S)
                                          NORMAL
................................................................
TEMPERATURE (F)
RECORD
 HIGH             116   07/24/1936
 LOW               45   07/04/1915
HIGHEST            97   07/05       101      -4      100  07/21
LOWEST             51   07/08        55      -4       50  07/15
AVG. MAXIMUM     86.6              87.8    -1.2     84.8
AVG. MINIMUM     65.0              66.4    -1.4     62.4
MEAN             75.8              77.1    -1.3     73.6
DAYS MAX >= 90     11              12.6    -1.6        8
DAYS MAX <= 32      0               0.0     0.0        0
DAYS MIN <= 32      0               0.0     0.0        0
DAYS MIN <= 0       0               0.0     0.0        0

PRECIPITATION (INCHES)
RECORD
 MAXIMUM        11.45   1993
 MINIMUM         0.16   1983
TOTALS           4.13              3.74    0.39     1.48
DAILY AVG.       0.13              0.12    0.01     0.05
DAYS >= .01         9                MM      MM        4
DAYS >= .10         6                MM      MM        2
DAYS >= .50         3                MM      MM        2
DAYS >= 1.00        1                MM      MM        0
GREATEST
 24 HR. TOTAL    2.19   07/24 TO 07/25

SNOWFALL (INCHES)
RECORDS
 TOTAL            0.0   MM
TOTALS            0.0               0.0     0.0      0.0
SINCE 7/1         0.0               0.0     0.0      0.0
SNOWDEPTH AVG.      0                MM      MM        0
DAYS >= 1.0         0                MM      MM        0
GREATEST
 SNOW DEPTH         0   MM                             0  MM

DEGREE_DAYS
HEATING TOTAL       4                 1       3        6
 SINCE 7/1          4                 1       3        6
COOLING TOTAL     344               376     -32      280
 SINCE 1/1        595               660     -65      629
.................................................................

WIND (MPH)
AVERAGE WIND SPEED              7.5
HIGHEST WIND SPEED/DIRECTION    47/340    DATE  07/24
HIGHEST GUST SPEED/DIRECTION    55/340    DATE  07/24

SKY COVER
POSSIBLE SUNSHINE (PERCENT)   MM
AVERAGE SKY COVER           0.20
NUMBER OF DAYS FAIR           24
NUMBER OF DAYS PC              7
NUMBER OF DAYS CLOUDY          0

AVERAGE RH (PERCENT)     70

WEATHER CONDITIONS. NUMBER OF DAYS WITH
THUNDERSTORM             11     MIXED PRECIP               0
HEAVY RAIN                6     RAIN                       5
LIGHT RAIN               11     FREEZING RAIN              0
LT FREEZING RAIN          0     HAIL                       0
HEAVY SNOW                0     SNOW                       0
LIGHT SNOW                0     SLEET                      0
FOG                      14     FOG W/VIS <= 1/4 MILE      1
HAZE                      8

-  INDICATES NEGATIVE NUMBERS.
R  INDICATES RECORD WAS SET OR TIED.
MM INDICATES DATA IS MISSING.
T  INDICATES TRACE AMOUNT.

$$
