000
CXUS53 KGID 011926 CCA
CLMHSI

CLIMATE REPORT...CORRECTED
NATIONAL WEATHER SERVICE HASTINGS NE
1247 PM CDT WED JUL 1 2015

UPDATED TO INCLUDE MONTHLY DETAILS/NARRATIVE AT BOTTOM

...................................

...THE HASTINGS NE CLIMATE SUMMARY FOR THE MONTH OF JUNE 2015...

CLIMATE NORMAL PERIOD 1981 TO 2010
CLIMATE RECORD PERIOD 1894 TO 2015

WEATHER         OBSERVED          NORMAL  DEPART  LAST YEAR`S
                 VALUE   DATE(S)  VALUE   FROM    VALUE  DATE(S)
                                          NORMAL
................................................................
TEMPERATURE (F)
RECORD
 HIGH             110   06/26/1936
 LOW               34   06/04/1951
HIGHEST            95   06/30        98      -3       95  06/18
                        06/09
LOWEST             55   06/16        48       7       51  06/13
AVG. MAXIMUM     82.3              82.8    -0.5     82.4
AVG. MINIMUM     61.7              60.8     0.9     61.9
MEAN             72.0              71.8     0.2     72.2
DAYS MAX >= 90      4               6.1    -2.1        4
DAYS MAX <= 32      0               0.0     0.0        0
DAYS MIN <= 32      0               0.0     0.0        0
DAYS MIN <= 0       0               0.0     0.0        0

PRECIPITATION (INCHES)
RECORD
 MAXIMUM        11.71   1915
 MINIMUM         0.38   1911
TOTALS           8.05              3.80    4.25     8.69
DAILY AVG.       0.27              0.13    0.14     0.29
DAYS >= .01        10                MM      MM       19
DAYS >= .10         9                MM      MM       10
DAYS >= .50         3                MM      MM        6
DAYS >= 1.00        2                MM      MM        4
GREATEST
 24 HR. TOTAL    4.85   06/04 TO 06/05

SNOWFALL (INCHES)
RECORDS
 TOTAL            0.0   MM
TOTALS            0.0               0.0     0.0      0.0
SINCE 7/1        17.0              28.8   -11.8     21.7
SNOWDEPTH AVG.      0                MM      MM        0
DAYS >= 1.0         0                MM      MM        0
GREATEST
 SNOW DEPTH         0   MM                             0  MM

DEGREE_DAYS
HEATING TOTAL       3                21     -18        8
 SINCE 7/1       5801              6029    -228     6325
COOLING TOTAL     220               225      -5      231
 SINCE 1/1        251               284     -33      349
.................................................................

WIND (MPH)
AVERAGE WIND SPEED              9.0
HIGHEST WIND SPEED/DIRECTION    38/330    DATE  06/04
HIGHEST GUST SPEED/DIRECTION    47/330    DATE  06/04

SKY COVER
POSSIBLE SUNSHINE (PERCENT)   MM
AVERAGE SKY COVER           0.30
NUMBER OF DAYS FAIR           19
NUMBER OF DAYS PC              8
NUMBER OF DAYS CLOUDY          3

AVERAGE RH (PERCENT)     72

WEATHER CONDITIONS. NUMBER OF DAYS WITH
THUNDERSTORM              9     MIXED PRECIP               0
HEAVY RAIN                6     RAIN                       9
LIGHT RAIN               12     FREEZING RAIN              0
LT FREEZING RAIN          0     HAIL                       0
HEAVY SNOW                0     SNOW                       0
LIGHT SNOW                0     SLEET                      0
FOG                      15     FOG W/VIS <= 1/4 MILE      2
HAZE                     10

-  INDICATES NEGATIVE NUMBERS.
R  INDICATES RECORD WAS SET OR TIED.
MM INDICATES DATA IS MISSING.
T  INDICATES TRACE AMOUNT.

&&

...JUNE 2015 SUMMARY FOR HASTINGS MUNICIPAL AIRPORT...

(NOTE: TEMPERATURE RECORDS AT HASTINGS ARE BASED ON NWS COOPERATIVE
OBSERVER REPORTS BETWEEN 1907 AND JUNE 1996...WITH RECORDS SINCE
JULY 1996 FROM THE AUTOMATED SENSOR (ASOS) AT HASTINGS MUNICIPAL
AIRPORT. PRECIPITATION RECORDS AT HASTINGS ARE BASED ON COOPERATIVE
OBSERVER REPORTS BETWEEN 1895 AND MARCH 1998...WITH RECORDS SINCE
APRIL 1998 PRIMARILY FROM THE AUTOMATED AIRPORT GAUGE.)

...TEMPERATURES

NO DAILY TEMPERATURE RECORDS WERE SET DURING JUNE 2015

AVERAGE HIGH TEMPERATURE:     82.3 DEGREES (0.5 BELOW NORMAL)
AVERAGE LOW TEMPERATURE:      61.7 DEGREES (0.9 ABOVE NORMAL)
AVERAGE MEAN TEMPERATURE:     72.0 DEGREES (0.2 ABOVE NORMAL)

HOTTEST HIGH TEMPERATURE:      95 DEGREES ON THE 9TH, 30TH
COOLEST HIGH TEMPERATURE:      65 DEGREES ON THE 12TH

COOLEST LOW TEMPERATURE:       55 DEGREES ON THE 16TH
WARMEST LOW TEMPERATURE:       68 DEGREES ON THE 20TH

WARMEST 2-DAY STRETCH BASED
ON AVERAGE HIGH TEMPERATURE:   94.5 DEGREES FROM THE 9TH-10TH

COOLEST 2-DAY STRETCH BASED
ON AVERAGE HIGH TEMPERATURE:   70.5 DEGREES FROM THE 11TH-12TH

WARMEST WEEK BASED
ON AVERAGE HIGH TEMPERATURE:   87.0 DEGREES FROM THE 24TH-30TH

WARMEST WEEK BASED
ON AVERAGE MEAN TEMPERATURE:   74.6 DEGREES FROM THE 4TH-10TH

COOLEST WEEK BASED
ON AVERAGE HIGH TEMPERATURE:   76.0 DEGREES FROM THE 12TH-18TH

COOLEST WEEK BASED
ON AVERAGE MEAN TEMPERATURE:   68.0 DEGREES FROM THE 12TH-18TH

COOLEST WEEK BASED
ON AVERAGE LOW TEMPERATURE:    59.9 DEGREES FROM THE 11TH-17TH


...PRECIPITATION

1 DAILY AND "DAILY-MONTHLY" RAINFALL RECORD WAS SET:
- JUNE 4: 4.74 INCHES...THIS NOT ONLY SHATTERED THE PREVIOUS JUNE
4TH RECORD OF 3.45" SET IN 1915...BUT IT ALSO WAS THE HIGHEST DAILY
TOTAL ON RECORD FOR THE ENTIRE MONTH OF JUNE (PREVIOUS RECORD 4.20"
ON 6-24-1968). THIS ALSO MARKED THE 3RD-HIGHEST DAILY RAINFALL ON
RECORD AT HASTINGS FOR ANY DAY OF THE YEAR...TRAILING ONLY TWO
AUGUST TOTALS BACK IN 1969 AND 1990.

TOTAL MONTHLY PRECIPITATION: 8.05 INCHES (4.25 ABOVE NORMAL)
- THIS WAS THE 6TH-WETTEST JUNE ON RECORD OUT OF 120 YEARS

NUMBER OF DAYS WITH MEASURABLE PRECIPITATION (0.01 OR MORE): 10

WETTEST CALENDAR DAY:  4.74 INCHES ON THE 4TH
WETTEST 2-DAY STRETCH: 5.09 INCHES FROM THE 4TH-5TH


PRECIPITATION TOTALS AND DEPARTURES
FROM NORMAL FOR THE PAST 12 MONTHS:

MONTH          PRECIP.  DEPARTURE

JUL  2014       1.48      -2.26
AUG  2014       7.79      +4.49
SEP  2014       1.78      -0.78
OCT  2014       1.76      -0.23
NOV  2014       0.23      -1.06
DEC  2014       0.54      -0.07
JAN  2015       0.77      +0.36
FEB  2015       0.34      -0.15
MAR  2015       0.20      -1.59
APR  2015       3.55      +0.99
MAY  2015       3.86      -0.71
JUN  2015       8.05      +4.25

12-MONTH TOTAL  30.35     +3.24


...OTHER WEATHER ELEMENTS

HIGHEST WIND GUST: 47 MPH FROM THE NORTHWEST ON THE 4TH
(OCCURRED AT 330 AM CDT DURING A THUNDERSTORM)

HIGH SURFACE SEA LEVEL PRESSURE: (INCHES/MERCURY) 30.18 ON THE 16TH
LOW SURFACE SEA LEVEL PRESSURE (INCHES/MERCURY):  29.58 ON THE 10TH

&&

...JUNE 2015 NARRATIVE FOR HASTINGS MUNICIPAL AIRPORT...

AT HASTINGS MUNICIPAL AIRPORT...RAINFALL WAS WELL-ABOVE NORMAL AND
TEMPERATURES WERE VERY NEAR-NORMAL DURING JUNE 2015.

RAINFALL: ALTHOUGH THE MONTHLY TOTAL OF 8.05 INCHES WAS A NOTABLE
4.25" ABOVE THE 30-YEAR NORMAL...JUNE 2015 WAS ACTUALLY SLIGHTLY
DRIER THAN ONE YEAR AGO IN JUNE 2014 (8.69"). HOWEVER...THIS JUNE
STILL RANKED AS THE 6TH-WETTEST ON RECORD OUT OF 120 DATING TO 1896.
IT TRULY WAS A TALE OF TWO HALVES OF THE MONTH...AS THE VAST
MAJORITY OF JUNE RAIN (7.28") FELL DURING THE FIRST HALF...BEFORE A
NOTABLY DRIER WEATHER PATTERN SETTLED IN FOR THE LATTER HALF. THE
WETTEST TWO-DAY STRETCH OF THE MONTH CAME VERY EARLY ON...AS THE 4TH-
5TH COMBINED TO FEATURE A SIGNIFICANT 5.09". BY FAR THE WETTEST
INDIVIDUAL CALENDAR DAY OF THE MONTH WAS THE 4TH WITH 4.74" (1.90"
OF THIS FELL DURING THE EARLY MORNING WITH AN ADDITIONAL 2.84" LATER
THAT EVENING). NOT ONLY DID THIS SIGNIFICANT DAILY TOTAL ON THE 4TH
SHATTER THE PREVIOUS JUNE 4TH RECORD OF 3.45" SET IN 1915...BUT IT
ALSO WAS THE HIGHEST DAILY TOTAL ON RECORD FOR THE ENTIRE MONTH OF
JUNE (PREVIOUS RECORD 4.20" ON 6-24-1968). THIS ALSO MARKED THE 3RD-
HIGHEST DAILY RAINFALL ON RECORD FOR ANY DAY OF THE YEAR...TRAILING
ONLY TWO AUGUST TOTALS BACK IN 1969 AND 1990.

TEMPERATURES: FOR THE MONTH AS A WHOLE...IT WAS A VERY "NORMAL" JUNE
AS THE MEAN MONTHLY TEMPERATURE (BASED ON THE AVERAGE OF DAILY HIGHS
AND LOWS) WAS 72.0 DEGREES...ONLY 0.2 DEGREES ABOVE THE 30-YEAR
NORMAL. THE HOTTEST BRIEF STRETCH OF THE MONTH OCCURRED FROM THE 9TH-
10TH WITH HIGH TEMPERATURES OF 95 AND 94 DEGREES...WHICH WAS THEN
IMMEDIATELY FOLLOWED BY THE COOLEST TWO-DAY STRETCH OF THE MONTH
WITH HIGHS OF ONLY 76 AND 65 DEGREES ON THE 11TH-12TH. OF THE 30
DAYS DURING JUNE...16 FEATURED AN ABOVE NORMAL DAILY MEAN
TEMPERATURE (INCLUDING NINE OF THE FIRST 10 DAYS)...13 DAYS HAD A
BELOW NORMAL DAILY MEAN TEMPERATURE...AND ONE DAY EQUALED ITS
NORMAL DAILY MEAN.

SEVERE WEATHER/FLOODING/HIGH WINDS: HEAVY RAIN AND ASSOCIATED
FLOODING DOMINATED THE HEADLINES EARLY IN THE MONTH...AS FAIRLY
SIGNIFICANT FLOODING OF RURAL AREAS AND ALSO SEVERAL ROADWAYS
OCCURRED IN AND NEAR THE IMMEDIATE HASTINGS AREA IN THE WAKE OF THE
RECORD-SETTING RAINFALL ON THE 4TH. FORTUNATELY...HASTINGS WAS
LARGELY SPARED SEVERE WEATHER IN THE FORM OF LARGE HAIL/DAMAGING
WINDS DURING THE MONTH...WITH ONLY A SMATTERING OF PENNY TO QUARTER
SIZE HAIL REPORTED DURING THE EARLY MORNING OF THE 4TH. ON THE
EVENING OF THE 10TH...THE CITY NARROWLY MISSED BEING AFFECTED BY A
SEVERE THUNDERSTORM WITH DAMAGING WINDS THAT PASSED THROUGH
NORTHWESTERN ADAMS COUNTY. AT HASTINGS MUNICIPAL AIRPORT...THE
HIGHEST OFFICIAL WIND GUST OF THE MONTH WAS ONLY 47 MPH...ON THE
EARLY MORNING OF THE 4TH. THERE WERE NO CONFIRMED TORNADOES WITHIN
ADAMS COUNTY DURING JUNE 2015.

$$

PFANNKUCH
