000
CXUS53 KGID 011629
CLMHSI

CLIMATE REPORT
NATIONAL WEATHER SERVICE HASTINGS NE
1024 AM CST WED MAR 1 2017

...................................

...THE HASTINGS NE CLIMATE SUMMARY FOR THE MONTH OF FEBRUARY 2017...

CLIMATE NORMAL PERIOD 1981 TO 2010
CLIMATE RECORD PERIOD 1894 TO 2017

WEATHER         OBSERVED          NORMAL  DEPART  LAST YEAR`S
                 VALUE   DATE(S)  VALUE   FROM    VALUE  DATE(S)
                                          NORMAL
................................................................
TEMPERATURE (F)
RECORD
 HIGH              80   02/28/2006
                        02/25/1995
 LOW              -21   02/02/1917
HIGHEST            77   02/21        70       7       74  02/27
LOWEST             11   02/25        -7      18        8  02/04
AVG. MAXIMUM     51.4              40.2    11.2     45.4
AVG. MINIMUM     25.8              19.7     6.1     24.9
MEAN             38.6              29.9     8.7     35.2
DAYS MAX >= 90      0               0.0     0.0        0
DAYS MAX <= 32      5               8.1    -3.1        5
DAYS MIN <= 32     21              25.1    -4.1       26
DAYS MIN <= 0       0               1.4    -1.4        0

PRECIPITATION (INCHES)
RECORD
 MAXIMUM         2.80   1971
 MINIMUM            T   1921
                        1896
TOTALS           0.27              0.49   -0.22     1.57
DAILY AVG.       0.01              0.02   -0.01     0.05
DAYS >= .01         4                MM      MM        3
DAYS >= .10         1                MM      MM        2
DAYS >= .50         0                MM      MM        1
DAYS >= 1.00        0                MM      MM        1
GREATEST
 24 HR. TOTAL    0.17   02/24 TO 02/24

SNOWFALL (INCHES)
RECORDS
 TOTAL           25.5   1903
TOTALS            4.3               6.5    -2.2     16.0
SINCE 7/1         9.1              22.4   -13.3     30.3
SNOWDEPTH AVG.      0                MM      MM        4
DAYS >= 1.0         1                MM      MM        2
GREATEST
 SNOW DEPTH         2   02/25                         16  02/03

DEGREE_DAYS
HEATING TOTAL     731               981    -250      859
 SINCE 7/1       3930              4630    -700     3910
COOLING TOTAL       0                 0       0        0
 SINCE 1/1          0                 0       0        0
.................................................................

WIND (MPH)
AVERAGE WIND SPEED              10.6
HIGHEST WIND SPEED/DIRECTION    38/350    DATE  02/24
HIGHEST GUST SPEED/DIRECTION    44/350    DATE  02/24

SKY COVER
POSSIBLE SUNSHINE (PERCENT)   MM
AVERAGE SKY COVER           0.20
NUMBER OF DAYS FAIR           19
NUMBER OF DAYS PC              7
NUMBER OF DAYS CLOUDY          2

AVERAGE RH (PERCENT)     61

WEATHER CONDITIONS. NUMBER OF DAYS WITH
THUNDERSTORM              0     MIXED PRECIP               0
HEAVY RAIN                0     RAIN                       0
LIGHT RAIN                1     FREEZING RAIN              0
LT FREEZING RAIN          2     HAIL                       0
HEAVY SNOW                1     SNOW                       1
LIGHT SNOW                5     SLEET                      0
FOG                       7     FOG W/VIS <= 1/4 MILE      2
HAZE                      5

-  INDICATES NEGATIVE NUMBERS.
R  INDICATES RECORD WAS SET OR TIED.
MM INDICATES DATA IS MISSING.
T  INDICATES TRACE AMOUNT.

$$
