000
CXUS54 KHUN 031525
CLMHSV


CLIMATE REPORT
NATIONAL WEATHER SERVICE HUNTSVILLE AL
1023 AM CDT THU AUG 3 2017

...................................

...THE HUNTSVILLE CLIMATE SUMMARY FOR THE MONTH OF JULY 2017...

CLIMATE NORMAL PERIOD 1981 TO 2010
CLIMATE RECORD PERIOD 1894 TO 2017

WEATHER         OBSERVED          NORMAL  DEPART  LAST YEAR`S
                 VALUE   DATE(S)  VALUE   FROM    VALUE
                                          NORMAL
.............................................................
TEMPERATURE (F)
RECORD
 HIGH             111   07/29/1930
 LOW               49   07/22/1944
HIGHEST            98   07/20        MM      MM      100
                        07/19
LOWEST             65   07/31        MM      MM       61
AVG. MAXIMUM     91.9              90.7     1.2     94.1
AVG. MINIMUM     72.2              70.4     1.8     72.6
MEAN             82.1              80.6     1.5     83.4
DAYS MAX >= 90     23              17.8     5.2       27
DAYS MAX <= 32      0               0.0     0.0        0
DAYS MIN <= 32      0               0.0     0.0        0
DAYS MIN <= 0       0               0.0     0.0        0

PRECIPITATION (INCHES)
RECORD
 MAXIMUM        14.81   1967
 MINIMUM         0.60   1902
TOTALS           6.87              4.05    2.82     4.93
DAILY AVG.       0.22              0.13    0.09     0.16
DAYS >= .01         9              10.5    -1.5       13
DAYS >= .10         6               6.9    -0.9        8
DAYS >= .50         3               2.9     0.1        4
DAYS >= 1.00        2               1.0     1.0        2
GREATEST
 24 HR. TOTAL    2.69   07/04 TO 07/04              1.70

SNOWFALL (INCHES)
RECORDS
 TOTAL              T   2002
 24 HR TOTAL      0.0   MM
TOTALS            0.0               0.0     0.0      0.0
SINCE 7/1         0.0               0.0     0.0      0.0
DAYS >= TRACE       0               0.0     0.0        0
DAYS >= 1.0         0               0.0     0.0        0
GREATEST
 SNOW DEPTH         0   MM                             0
 24 HR TOTAL      0.0   07/31 TO 07/31

DEGREE_DAYS
HEATING TOTAL       0                 0       0        0
 SINCE 7/1          0                 0       0        0
COOLING TOTAL     537               482      55      575
 SINCE 1/1       1291              1125     166     1342

FREEZE DATES
RECORD
 EARLIEST     10/09/2000
 LATEST       05/02/1909
EARLIEST                        11/05
LATEST                          03/30
..............................................................

WIND (MPH)
AVERAGE WIND SPEED              MM
HIGHEST WIND SPEED/DIRECTION    29/030    DATE  07/24
HIGHEST GUST SPEED/DIRECTION    36/030    DATE  07/24

AVERAGE RH (PERCENT)     76


-  INDICATES NEGATIVE NUMBERS.
R  INDICATES RECORD WAS SET OR TIED.
MM INDICATES DATA IS MISSING.
T  INDICATES TRACE AMOUNT.

$$
