000
CXUS54 KHUN 031654
CLMHSV


CLIMATE REPORT
NATIONAL WEATHER SERVICE HUNTSVILLE AL
1153 AM CDT THU SEP 3 2015

...................................

...THE HUNTSVILLE CLIMATE SUMMARY FOR THE MONTH OF AUGUST 2015...

CLIMATE NORMAL PERIOD 1981 TO 2010
CLIMATE RECORD PERIOD 1894 TO 2015

WEATHER         OBSERVED          NORMAL  DEPART  LAST YEAR`S
                 VALUE   DATE(S)  VALUE   FROM    VALUE
                                          NORMAL
.............................................................
TEMPERATURE (F)
RECORD
 HIGH             108   08/08/1930
                        08/07/1930
 LOW               50   08/10/1954
                        08/26/1917
HIGHEST           100   08/05        MM      MM       97
LOWEST             58   08/27        MM      MM       57
                        08/25
AVG. MAXIMUM     89.4              90.9    -1.5     91.5
AVG. MINIMUM     69.0              69.4    -0.4     69.3
MEAN             79.2              80.1    -0.9     80.4
DAYS MAX >= 90     16              18.0    -2.0       22
DAYS MAX <= 32      0               0.0     0.0        0
DAYS MIN <= 32      0               0.0     0.0        0
DAYS MIN <= 0       0               0.0     0.0        0

PRECIPITATION (INCHES)
RECORD
 MAXIMUM        12.61   1901
 MINIMUM         0.08   1918
TOTALS           8.11              3.61    4.50     3.08
DAILY AVG.       0.26              0.12    0.14     0.10
DAYS >= .01        12               8.5     3.5        9
DAYS >= .10         9               5.5     3.5        5
DAYS >= .50         6               2.3     3.7        2
DAYS >= 1.00        4               1.0     3.0        1
GREATEST
 24 HR. TOTAL    2.24   08/05 TO 08/06              1.55

SNOWFALL (INCHES)
RECORDS
 TOTAL              T   1990
 24 HR TOTAL      0.0   MM
TOTALS            0.0               0.0     0.0      0.0
SINCE 7/1         0.0               0.0     0.0      0.0
DAYS >= TRACE       0               0.0     0.0        0
DAYS >= 1.0         0               0.0     0.0        0
GREATEST
 SNOW DEPTH         0   MM                             0
 24 HR TOTAL      0.0   08/31 TO 08/31

DEGREE_DAYS
HEATING TOTAL       0                 0       0        0
 SINCE 7/1          0                 0       0        0
COOLING TOTAL     447               470     -23      487
 SINCE 1/1       1845              1595     250     1552

FREEZE DATES
RECORD
 EARLIEST     10/09/2000
 LATEST       05/02/1909
EARLIEST                        11/05
LATEST                          03/30
..............................................................

WIND (MPH)
AVERAGE WIND SPEED              4.8
HIGHEST WIND SPEED/DIRECTION    29/310    DATE  08/22
HIGHEST GUST SPEED/DIRECTION    42/310    DATE  08/22

AVERAGE RH (PERCENT)     69


-  INDICATES NEGATIVE NUMBERS.
R  INDICATES RECORD WAS SET OR TIED.
MM INDICATES DATA IS MISSING.
T  INDICATES TRACE AMOUNT.

$$
