000
CXUS54 KHUN 041833
CLMHSV


CLIMATE REPORT
NATIONAL WEATHER SERVICE HUNTSVILLE AL
132 PM CDT MON APR 4 2016

...................................

...THE HUNTSVILLE CLIMATE SUMMARY FOR THE MONTH OF MARCH 2016...

CLIMATE NORMAL PERIOD 1981 TO 2010
CLIMATE RECORD PERIOD 1894 TO 2016

WEATHER         OBSERVED          NORMAL  DEPART  LAST YEAR`S
                 VALUE   DATE(S)  VALUE   FROM    VALUE
                                          NORMAL
.............................................................
TEMPERATURE (F)
RECORD
 HIGH              90   03/24/1929
                        03/21/1907
 LOW                6   03/03/1980
HIGHEST            85   03/15        MM      MM       81
LOWEST             32   03/05        MM      MM       16
AVG. MAXIMUM     69.1              64.9     4.2     65.6
AVG. MINIMUM     46.8              42.2     4.6       MM
MEAN             58.0              53.5     4.5       MM
DAYS MAX >= 90      0               0.0     0.0        0
DAYS MAX <= 32      0               0.1    -0.1        0
DAYS MIN <= 32      1               4.4    -3.4        6
DAYS MIN <= 0       0               0.0     0.0        0

PRECIPITATION (INCHES)
RECORD
 MAXIMUM        17.00   1980
 MINIMUM         0.50   1910
TOTALS           4.49              5.21   -0.72     5.62
DAILY AVG.       0.14              0.17   -0.03     0.18
DAYS >= .01         8              10.6    -2.6       20
DAYS >= .10         7               7.4    -0.4       13
DAYS >= .50         4               3.6     0.4        4
DAYS >= 1.00        1               1.6    -0.6        1
GREATEST
 24 HR. TOTAL    1.85   03/31 TO 03/31              1.03

SNOWFALL (INCHES)
RECORDS
 TOTAL            7.3   1993
 24 HR TOTAL      4.9   03/13/1993 TO 03/13/1993
TOTALS              T               0.5    -0.5      1.0
SINCE 7/1         0.4               2.4    -2.0      9.8
DAYS >= TRACE       1               0.3     0.7        1
DAYS >= 1.0         0               0.1    -0.1        1
GREATEST
 SNOW DEPTH         0   MM                             1
 24 HR TOTAL        T   03/03 TO 03/03

DEGREE_DAYS
HEATING TOTAL     233               368    -135       MM
 SINCE 7/1       2129              2820    -691    12640
COOLING TOTAL      24                13      11       MM
 SINCE 1/1         25                14      11       MM

FREEZE DATES
RECORD
 EARLIEST     10/09/2000
 LATEST       05/02/1909
EARLIEST      03/05             11/05
LATEST                          03/30
..............................................................

WIND (MPH)
AVERAGE WIND SPEED              8.6
HIGHEST WIND SPEED/DIRECTION    32/310    DATE  03/01
HIGHEST GUST SPEED/DIRECTION    39/310    DATE  03/01

AVERAGE RH (PERCENT)     62


-  INDICATES NEGATIVE NUMBERS.
R  INDICATES RECORD WAS SET OR TIED.
MM INDICATES DATA IS MISSING.
T  INDICATES TRACE AMOUNT.

$$
