000
CXUS53 KAPX 020141
CLMHTL


CLIMATE REPORT
NATIONAL WEATHER SERVICE GAYLORD MI
941 PM EDT FRI APR 1 2016

...................................

...THE HOUGHTON LAKE MI CLIMATE SUMMARY FOR THE MONTH OF MARCH 2016...

CLIMATE NORMAL PERIOD 1981 TO 2010
CLIMATE RECORD PERIOD 1913 TO 2016

WEATHER         OBSERVED          NORMAL  DEPART  LAST YEAR`S
                 VALUE   DATE(S)  VALUE   FROM    VALUE  DATE(S)
                                          NORMAL
................................................................
TEMPERATURE (F)
RECORD
 HIGH              85   03/21/2012
 LOW              -25   03/03/1943
HIGHEST            67   03/08        MM      MM       63  03/16
LOWEST             -8   03/03        MM      MM      -17  03/05
AVG. MAXIMUM     44.8              39.7     5.1     38.4
AVG. MINIMUM     24.8              18.5     6.3     15.9
MEAN             34.8              29.1     5.7     27.1
DAYS MAX >= 90      0               0.0     0.0        0
DAYS MAX <= 32      5               7.1    -2.1        9
DAYS MIN <= 32     21              28.1    -7.1       30
DAYS MIN <= 0       3               2.4     0.6        3

PRECIPITATION (INCHES)
RECORD
 MAXIMUM           MM   MM
 MINIMUM           MM   MM
TOTALS           4.73              1.84    2.89     0.47
DAILY AVG.       0.15              0.06    0.09     0.02
DAYS >= .01        16              11.0     5.0        5
DAYS >= .10         9               4.8     4.2        2
DAYS >= .50         4               1.2     2.8        0
DAYS >= 1.00        1               0.1     0.9        0
GREATEST
 24 HR. TOTAL    1.28   03/30 TO 03/31
 STORM TOTAL       MM
 (MM/DD(HH))            MM

SNOWFALL (INCHES)
RECORDS
 TOTAL             MM   MM
 24 HR TOTAL       MM
 SNOW DEPTH        MM   MM
TOTALS           13.1               8.3     4.8      1.6
SINCE 7/1        46.5              62.8   -16.3     43.2
SNOWDEPTH AVG.      4                 6      -2        6
DAYS >= TRACE      14               7.4     6.6       14
DAYS >= 1.0         3               2.6     0.4        1
GREATEST
 SNOW DEPTH        14   03/02                         15  03/04
 24 HR TOTAL      5.6   MM                           1.2

DEGREE_DAYS
HEATING TOTAL     928              1113    -185     1167
 SINCE 7/1       5841              6985   -1144     7534
COOLING TOTAL       0                 0       0        0
 SINCE 1/1          0                 0       0        0
.................................................................

WIND (MPH)
AVERAGE WIND SPEED              7.7
HIGHEST WIND SPEED/DIRECTION    31/090    DATE  03/16
HIGHEST GUST SPEED/DIRECTION    39/090    DATE  03/16

SKY COVER
POSSIBLE SUNSHINE (PERCENT)   MM
AVERAGE SKY COVER           0.60
NUMBER OF DAYS FAIR            7
NUMBER OF DAYS PC             13
NUMBER OF DAYS CLOUDY         11

AVERAGE RH (PERCENT)     72

WEATHER CONDITIONS. NUMBER OF DAYS WITH
THUNDERSTORM              0     MIXED PRECIP               0
HEAVY RAIN                2     RAIN                       5
LIGHT RAIN               12     FREEZING RAIN              1
LT FREEZING RAIN          1     HAIL                       0
HEAVY SNOW                1     SNOW                       3
LIGHT SNOW               10     SLEET                      0
FOG                      18     FOG W/VIS <= 1/4 MILE      5
HAZE                      2

-  INDICATES NEGATIVE NUMBERS.
R  INDICATES RECORD WAS SET OR TIED.
MM INDICATES DATA IS MISSING.
T  INDICATES TRACE AMOUNT.

$$
