986
CXUS53 KAPX 010909
CLMHTL


CLIMATE REPORT
NATIONAL WEATHER SERVICE GAYLORD MI
408 AM EST WED MAR 1 2017

...................................

...THE HOUGHTON LAKE MI CLIMATE SUMMARY FOR THE MONTH OF FEBRUARY 2017...

CLIMATE NORMAL PERIOD 1981 TO 2010
CLIMATE RECORD PERIOD 1913 TO 2017

WEATHER         OBSERVED          NORMAL  DEPART  LAST YEAR`S
                 VALUE   DATE(S)  VALUE   FROM    VALUE  DATE(S)
                                          NORMAL
................................................................
TEMPERATURE (F)
RECORD
 HIGH              64   02/22/1930
 LOW              -34   02/17/1979
HIGHEST            58   02/22        MM      MM       52  02/28
                                                          02/19
LOWEST              4   02/04        MM      MM      -12  02/13
AVG. MAXIMUM     36.5              29.4     7.1     31.7
AVG. MINIMUM     19.6              10.6     9.0     15.5
MEAN             28.1              20.0     8.1     23.6
DAYS MAX >= 90      0               0.0     0.0        0
DAYS MAX <= 32     10              17.5    -7.5       16
DAYS MIN <= 32     27              27.0     0.0       28
DAYS MIN <= 0       0               6.5    -6.5        4

PRECIPITATION (INCHES)
RECORD
 MAXIMUM           MM   MM
 MINIMUM           MM   MM
TOTALS           2.51              1.21    1.30     1.36
DAILY AVG.       0.09              0.04    0.05     0.05
DAYS >= .01        10              10.4    -0.4       16
DAYS >= .10         5               3.6     1.4        4
DAYS >= .50         2               0.4     1.6        1
DAYS >= 1.00        1               0.1     0.9        0
GREATEST
 24 HR. TOTAL    1.14   02/23 TO 02/24
 STORM TOTAL       MM
 (MM/DD(HH))            MM

SNOWFALL (INCHES)
RECORDS
 TOTAL             MM   MM
 24 HR TOTAL       MM
 SNOW DEPTH        MM   MM
TOTALS            4.0              12.4    -8.4     10.5
SINCE 7/1        66.4              54.5    11.9     33.4
SNOWDEPTH AVG.      6                 8      -2       10
DAYS >= TRACE      17              10.9     6.1       23
DAYS >= 1.0         2               4.3    -2.3        5
GREATEST
 SNOW DEPTH         9   02/17                         12  02/27
                        02/16                             02/26
                        02/15                             02/25
 24 HR TOTAL      1.2   MM                           3.2

DEGREE_DAYS
HEATING TOTAL    1028              1260    -232     1194
 SINCE 7/1       4850              5872   -1022     4913
COOLING TOTAL       0                 0       0        0
 SINCE 1/1          0                 0       0        0
.................................................................

WIND (MPH)
AVERAGE WIND SPEED              8.9
HIGHEST WIND SPEED/DIRECTION    29/300    DATE  02/12
HIGHEST GUST SPEED/DIRECTION    39/320    DATE  02/15

SKY COVER
POSSIBLE SUNSHINE (PERCENT)   MM
AVERAGE SKY COVER           0.60
NUMBER OF DAYS FAIR            8
NUMBER OF DAYS PC              5
NUMBER OF DAYS CLOUDY         15

AVERAGE RH (PERCENT)     74

WEATHER CONDITIONS. NUMBER OF DAYS WITH
THUNDERSTORM              0     MIXED PRECIP               0
HEAVY RAIN                1     RAIN                       2
LIGHT RAIN                3     FREEZING RAIN              2
LT FREEZING RAIN          2     HAIL                       0
HEAVY SNOW                0     SNOW                       3
LIGHT SNOW               15     SLEET                      0
FOG                      14     FOG W/VIS <= 1/4 MILE      2
HAZE                      9

-  INDICATES NEGATIVE NUMBERS.
R  INDICATES RECORD WAS SET OR TIED.
MM INDICATES DATA IS MISSING.
T  INDICATES TRACE AMOUNT.

$$
