000
CXUS53 KAPX 020035
CLMHTL


CLIMATE REPORT
NATIONAL WEATHER SERVICE GAYLORD MI
734 PM EST FRI DEC 1 2017

...................................

...THE HOUGHTON LAKE MI CLIMATE SUMMARY FOR THE MONTH OF NOVEMBER 2017...

CLIMATE NORMAL PERIOD 1981 TO 2010
CLIMATE RECORD PERIOD 1913 TO 2017

WEATHER         OBSERVED          NORMAL  DEPART  LAST YEAR`S
                 VALUE   DATE(S)  VALUE   FROM    VALUE  DATE(S)
                                          NORMAL
................................................................
TEMPERATURE (F)
RECORD
 HIGH              77   11/01/1927
 LOW              -14   11/25/1950
HIGHEST            55   11/24        MM      MM       67  11/05
LOWEST              6   11/10        MM      MM       18  11/22
AVG. MAXIMUM     40.7              42.3    -1.6     50.7
AVG. MINIMUM     26.9              27.4    -0.5     31.8
MEAN             33.8              34.9    -1.1     41.3
DAYS MAX >= 90      0               0.0     0.0        0
DAYS MAX <= 32      3               4.8    -1.8        2
DAYS MIN <= 32     24              21.9     2.1       14
DAYS MIN <= 0       0               0.1    -0.1        0

PRECIPITATION (INCHES)
RECORD
 MAXIMUM           MM   MM
 MINIMUM           MM   MM
TOTALS           2.49              2.32    0.17     1.60
DAILY AVG.       0.08              0.08    0.00     0.05
DAYS >= .01        15              13.3     1.7       10
DAYS >= .10         5               6.0    -1.0        5
DAYS >= .50         2               1.2     0.8        0
DAYS >= 1.00        0               0.2    -0.2        0
GREATEST
 24 HR. TOTAL    0.76   11/15 TO 11/15
 STORM TOTAL       MM
 (MM/DD(HH))            MM

SNOWFALL (INCHES)
RECORDS
 TOTAL             MM   MM
 24 HR TOTAL       MM
 SNOW DEPTH        MM   MM
TOTALS            5.4               8.5    -3.1      9.0
SINCE 7/1         5.4               9.1    -3.7     11.0
SNOWDEPTH AVG.      0                MM      MM        1
DAYS >= TRACE      11               6.6     4.4        5
DAYS >= 1.0         3               2.7     0.3        2
GREATEST
 SNOW DEPTH         2   11/20                          4  11/24
                        11/12                             11/21
                        11/11                             11/20
 24 HR TOTAL      2.0   11/10 TO 11/10               7.0

DEGREE_DAYS
HEATING TOTAL     926               905      21      704
 SINCE 7/1       1601              1883    -282     1320
COOLING TOTAL       0                 0       0        0
 SINCE 1/1        320               287      33      459
.................................................................

WIND (MPH)
AVERAGE WIND SPEED              8.3
HIGHEST WIND SPEED/DIRECTION    28/320    DATE  11/25
HIGHEST GUST SPEED/DIRECTION    36/320    DATE  11/16

SKY COVER
POSSIBLE SUNSHINE (PERCENT)   MM
AVERAGE SKY COVER           0.70
NUMBER OF DAYS FAIR            5
NUMBER OF DAYS PC             10
NUMBER OF DAYS CLOUDY         13

AVERAGE RH (PERCENT)     76

WEATHER CONDITIONS. NUMBER OF DAYS WITH
THUNDERSTORM              0     MIXED PRECIP               0
HEAVY RAIN                2     RAIN                       4
LIGHT RAIN               11     FREEZING RAIN              0
LT FREEZING RAIN          1     HAIL                       0
HEAVY SNOW                0     SNOW                       3
LIGHT SNOW               10     SLEET                      0
FOG                      18     FOG W/VIS <= 1/4 MILE      2
HAZE                      3

-  INDICATES NEGATIVE NUMBERS.
R  INDICATES RECORD WAS SET OR TIED.
MM INDICATES DATA IS MISSING.
T  INDICATES TRACE AMOUNT.

$$
