000
CXUS53 KAPX 011747
CLMHTL


CLIMATE REPORT
NATIONAL WEATHER SERVICE GAYLORD MI
1237 PM EST MON FEB 1 2016

...................................

...THE HOUGHTON LAKE MI CLIMATE SUMMARY FOR THE MONTH OF JANUARY 2016...

CLIMATE NORMAL PERIOD 1981 TO 2010
CLIMATE RECORD PERIOD 1913 TO 2016

WEATHER         OBSERVED          NORMAL  DEPART  LAST YEAR`S
                 VALUE   DATE(S)  VALUE   FROM    VALUE  DATE(S)
                                          NORMAL
................................................................
TEMPERATURE (F)
RECORD
 HIGH              57   01/26/1944
 LOW              -32   01/30/1951
HIGHEST            41   01/31        MM      MM       39  01/17
LOWEST             -7   01/05        MM      MM      -18  01/13
AVG. MAXIMUM     27.8              26.2     1.6     23.9
AVG. MINIMUM     16.1               9.9     6.2      6.2
MEAN             22.0              18.1     3.9     15.0
DAYS MAX >= 90      0               0.0     0.0        0
DAYS MAX <= 32     20              22.6    -2.6       27
DAYS MIN <= 32     31              30.4     0.6       31
DAYS MIN <= 0       2               7.3    -5.3        9

PRECIPITATION (INCHES)
RECORD
 MAXIMUM           MM   MM
 MINIMUM           MM   MM
TOTALS           1.76              1.51    0.25     1.19
DAILY AVG.       0.06              0.05    0.01     0.04
DAYS >= .01        18              13.7     4.3        9
DAYS >= .10         6               4.8     1.2        4
DAYS >= .50         0               0.5    -0.5        0
DAYS >= 1.00        0               0.0     0.0        0
GREATEST
 24 HR. TOTAL    0.37   01/09 TO 01/10
 STORM TOTAL       MM
 (MM/DD(HH))            MM

SNOWFALL (INCHES)
RECORDS
 TOTAL             MM   MM
 24 HR TOTAL       MM
 SNOW DEPTH        MM   MM
TOTALS           15.0              17.1    -2.1     11.8
SINCE 7/1        22.9              42.1   -19.2     30.7
SNOWDEPTH AVG.      9                 7       2        9
DAYS >= TRACE      23              13.9     9.1       25
DAYS >= 1.0         4               5.5    -1.5        4
GREATEST
 SNOW DEPTH        12   01/30                         90  01/31
                        01/29
                        01/28
 24 HR TOTAL      3.5   01/10 TO 01/10               3.7

DEGREE_DAYS
HEATING TOTAL    1326              1455    -129     1542
 SINCE 7/1       3719              4612    -893     4716
COOLING TOTAL       0                 0       0        0
 SINCE 1/1          0                 0       0        0
.................................................................

WIND (MPH)
AVERAGE WIND SPEED              8.4
HIGHEST WIND SPEED/DIRECTION    29/310    DATE  01/10
HIGHEST GUST SPEED/DIRECTION    39/320    DATE  01/10

SKY COVER
POSSIBLE SUNSHINE (PERCENT)   MM
AVERAGE SKY COVER           0.80
NUMBER OF DAYS FAIR            1
NUMBER OF DAYS PC              9
NUMBER OF DAYS CLOUDY         21

AVERAGE RH (PERCENT)     78

WEATHER CONDITIONS. NUMBER OF DAYS WITH
THUNDERSTORM              0     MIXED PRECIP               0
HEAVY RAIN                0     RAIN                       2
LIGHT RAIN                5     FREEZING RAIN              0
LT FREEZING RAIN          1     HAIL                       0
HEAVY SNOW                2     SNOW                       3
LIGHT SNOW               23     SLEET                      0
FOG                      19     FOG W/VIS <= 1/4 MILE      4
HAZE                     12

-  INDICATES NEGATIVE NUMBERS.
R  INDICATES RECORD WAS SET OR TIED.
MM INDICATES DATA IS MISSING.
T  INDICATES TRACE AMOUNT.

$$
