000
CXUS53 KAPX 010530
CLMHTL


CLIMATE REPORT
NATIONAL WEATHER SERVICE GAYLORD MI
1228 AM EST THU DEC 1 2016

...................................

...THE HOUGHTON LAKE MI CLIMATE SUMMARY FOR THE MONTH OF NOVEMBER 2016...

CLIMATE NORMAL PERIOD 1981 TO 2010
CLIMATE RECORD PERIOD 1913 TO 2016

WEATHER         OBSERVED          NORMAL  DEPART  LAST YEAR`S
                 VALUE   DATE(S)  VALUE   FROM    VALUE  DATE(S)
                                          NORMAL
................................................................
TEMPERATURE (F)
RECORD
 HIGH              77   11/01/1927
 LOW              -14   11/25/1950
HIGHEST            67   11/05        MM      MM       72  11/04
LOWEST             18   11/22        MM      MM       14  11/28
AVG. MAXIMUM     50.7              42.3     8.4     50.2
AVG. MINIMUM     31.8              27.4     4.4     31.0
MEAN             41.3              34.9     6.4     40.6
DAYS MAX >= 90      0               0.0     0.0        0
DAYS MAX <= 32      2               4.8    -2.8        3
DAYS MIN <= 32     14              21.9    -7.9       16
DAYS MIN <= 0       0               0.1    -0.1        0

PRECIPITATION (INCHES)
RECORD
 MAXIMUM           MM   MM
 MINIMUM           MM   MM
TOTALS           1.60              2.32   -0.72     2.44
DAILY AVG.       0.05              0.08   -0.03     0.08
DAYS >= .01        10              13.3    -3.3       13
DAYS >= .10         5               6.0    -1.0        6
DAYS >= .50         0               1.2    -1.2        2
DAYS >= 1.00        0               0.2    -0.2        0
GREATEST
 24 HR. TOTAL    0.70   11/28 TO 11/29
 STORM TOTAL       MM
 (MM/DD(HH))            MM

SNOWFALL (INCHES)
RECORDS
 TOTAL             MM   MM
 24 HR TOTAL       MM
 SNOW DEPTH        MM   MM
TOTALS            9.0               8.5     0.5      2.2
SINCE 7/1        11.0               9.1     1.9      2.2
SNOWDEPTH AVG.      1                MM      MM        0
DAYS >= TRACE       5               6.6    -1.6        9
DAYS >= 1.0         2               2.7    -0.7        1
GREATEST
 SNOW DEPTH         4   11/24                          2  11/23
                        11/21                             11/22
                        11/20
 24 HR TOTAL      7.0   11/19 TO 11/19               1.5

DEGREE_DAYS
HEATING TOTAL     704               905    -201      725
 SINCE 7/1       1320              1883    -563     1479
COOLING TOTAL       0                 0       0        0
 SINCE 1/1        459               287     172      330
.................................................................

WIND (MPH)
AVERAGE WIND SPEED              7.9
HIGHEST WIND SPEED/DIRECTION    29/320    DATE  11/20
HIGHEST GUST SPEED/DIRECTION    43/330    DATE  11/19

SKY COVER
POSSIBLE SUNSHINE (PERCENT)   MM
AVERAGE SKY COVER           0.40
NUMBER OF DAYS FAIR           14
NUMBER OF DAYS PC              8
NUMBER OF DAYS CLOUDY          8

AVERAGE RH (PERCENT)     76

WEATHER CONDITIONS. NUMBER OF DAYS WITH
THUNDERSTORM              0     MIXED PRECIP               0
HEAVY RAIN                0     RAIN                       2
LIGHT RAIN                7     FREEZING RAIN              0
LT FREEZING RAIN          0     HAIL                       0
HEAVY SNOW                2     SNOW                       2
LIGHT SNOW                4     SLEET                      0
FOG                      20     FOG W/VIS <= 1/4 MILE     10
HAZE                      6

-  INDICATES NEGATIVE NUMBERS.
R  INDICATES RECORD WAS SET OR TIED.
MM INDICATES DATA IS MISSING.
T  INDICATES TRACE AMOUNT.

$$
