000
CXUS53 KAPX 010541
CLMHTL


CLIMATE REPORT
NATIONAL WEATHER SERVICE GAYLORD MI
141 AM EDT FRI AUG 1 2014

...................................

...THE HOUGHTON LAKE MI CLIMATE SUMMARY FOR THE MONTH OF JULY 2014...

CLIMATE NORMAL PERIOD 1981 TO 2010
CLIMATE RECORD PERIOD 1913 TO 2014

WEATHER         OBSERVED          NORMAL  DEPART  LAST YEAR`S
                 VALUE   DATE(S)  VALUE   FROM    VALUE  DATE(S)
                                          NORMAL
................................................................
TEMPERATURE (F)
RECORD
 HIGH             107   07/13/1936
                        07/08/1936
 LOW               26   07/11/1919
HIGHEST            86   07/22        MM      MM       94  07/18
                                                          07/17
LOWEST             40   07/10        MM      MM       41  07/25
                                                          07/21
AVG. MAXIMUM     75.2              79.7    -4.5     80.6
AVG. MINIMUM     50.8              54.5    -3.7     55.4
MEAN             63.0              67.1    -4.1     68.0
DAYS MAX >= 90      0               1.4    -1.4        5
DAYS MAX <= 32      0               0.0     0.0        0
DAYS MIN <= 32      0               0.0     0.0        0
DAYS MIN <= 0       0               0.0     0.0        0

PRECIPITATION (INCHES)
RECORD
 MAXIMUM           MM   MM
 MINIMUM           MM   MM
TOTALS           2.67              2.76   -0.09     1.14
DAILY AVG.       0.09              0.09    0.00     0.04
DAYS >= .01        13               9.6     3.4       13
DAYS >= .10         7               5.4     1.6        2
DAYS >= .50         1               1.7    -0.7        0
DAYS >= 1.00        1               0.6     0.4        0
GREATEST
 24 HR. TOTAL    1.36   07/14 TO 07/15
 STORM TOTAL       MM
 (MM/DD(HH))            MM

SNOWFALL (INCHES)
RECORDS
 TOTAL             MM   MM
 24 HR TOTAL       MM
 SNOW DEPTH        MM   MM
TOTALS            0.0               0.0     0.0      0.0
SINCE 7/1         0.0               0.0     0.0      0.0
SNOWDEPTH AVG.      0                MM      MM        0
DAYS >= TRACE       0               0.0     0.0        0
DAYS >= 1.0         0               0.0     0.0        0
GREATEST
 SNOW DEPTH         0   MM                             0  MM
 24 HR TOTAL      0.0   07/31 TO 07/31               0.0

DEGREE_DAYS
HEATING TOTAL     104                47      57       45
 SINCE 7/1        104                47      57       45
COOLING TOTAL      47               112     -65      146
 SINCE 1/1        135               187     -52      265
.................................................................

WIND (MPH)
AVERAGE WIND SPEED              7.2
HIGHEST WIND SPEED/DIRECTION    23/360    DATE  07/27
HIGHEST GUST SPEED/DIRECTION    33/MM     DATE   MM

SKY COVER
POSSIBLE SUNSHINE (PERCENT)   MM
AVERAGE SKY COVER           0.40
NUMBER OF DAYS FAIR           13
NUMBER OF DAYS PC             14
NUMBER OF DAYS CLOUDY          4

AVERAGE RH (PERCENT)     73

WEATHER CONDITIONS. NUMBER OF DAYS WITH
THUNDERSTORM              0     MIXED PRECIP               0
HEAVY RAIN                3     RAIN                       5
LIGHT RAIN               14     FREEZING RAIN              0
LT FREEZING RAIN          0     HAIL                       0
HEAVY SNOW                0     SNOW                       0
LIGHT SNOW                0     SLEET                      0
FOG                      22     FOG W/VIS <= 1/4 MILE      4
HAZE                      3

-  INDICATES NEGATIVE NUMBERS.
R  INDICATES RECORD WAS SET OR TIED.
MM INDICATES DATA IS MISSING.
T  INDICATES TRACE AMOUNT.

$$
