000
CXUS51 KRLX 011357
CLMHTS


CLIMATE REPORT
NATIONAL WEATHER SERVICE CHARLESTON WV
956 AM EDT TUE AUG 1 2017

...................................

...THE HUNTINGTON WV CLIMATE SUMMARY FOR THE MONTH OF JULY 2017...

CLIMATE NORMAL PERIOD 1981 TO 2010
CLIMATE RECORD PERIOD 1897 TO 2017

WEATHER         OBSERVED          NORMAL  DEPART  LAST YEAR`S
                 VALUE   DATE(S)  VALUE   FROM    VALUE  DATE(S)
                                          NORMAL
................................................................
TEMPERATURE (F)
RECORD
 HIGH             108   07/28/1930
 LOW               46   07/05/1968
HIGHEST            92   07/22                MM       95  07/24
                        07/13
LOWEST             57   07/30                MM       59  07/01
AVG. MAXIMUM     85.8              86.0    -0.2     86.8
AVG. MINIMUM     66.9              65.4     1.5     67.9
MEAN             76.4              75.7     0.7     77.4
DAYS MAX >= 90      6               7.9    -1.9       11
DAYS MAX <= 32      0               0.0     0.0        0
DAYS MIN <= 32      0               0.0     0.0        0
DAYS MIN <= 0       0               0.0     0.0        0

PRECIPITATION (INCHES)
RECORD
 MAXIMUM         9.90   1961
 MINIMUM         0.07   2013
TOTALS           6.57              4.55    2.02     5.93
DAILY AVG.       0.21              0.15    0.06     0.19
DAYS >= .01        13              11.1     1.9       18
DAYS >= .10        10               7.5     2.5       13
DAYS >= .50         5               2.9     2.1        5
DAYS >= 1.00        3               1.3     1.7        1
GREATEST
 24 HR. TOTAL    1.47   07/14 TO 07/14              1.24

SNOWFALL (INCHES)
RECORDS
 TOTAL             MM   MM
TOTALS            0.0               0.0     0.0      0.0
SINCE 7/1         0.0               0.0     0.0      0.0
DAYS >= 1.0         0               0.0     0.0        0
GREATEST
 SNOW DEPTH         0   MM                             0  MM
 24 HR TOTAL      0.0   07/31 TO 07/31           07/31 TO 07/31
                                                          07/31 TO 07/31
                                                          07/31 TO 07/31

DEGREE_DAYS
HEATING TOTAL       0                 0       0        0
 SINCE 7/1          0                 0       0        0
COOLING TOTAL     359               332      27      392
 SINCE 1/1        754               670      84      812
..................................................

WIND (MPH)
AVERAGE WIND SPEED              4.1
HIGHEST WIND SPEED/DIRECTION    28/310    DATE  07/22
HIGHEST GUST SPEED/DIRECTION    40/320    DATE  07/22

SKY COVER
AVERAGE SKY COVER           0.30

AVERAGE RH (PERCENT)     74

WEATHER CONDITIONS. NUMBER OF DAYS WITH
THUNDERSTORM              0     MIXED PRECIP               0
HEAVY RAIN                7     RAIN                      10
LIGHT RAIN               12     FREEZING RAIN              0
LT FREEZING RAIN          0     HAIL                       0
HEAVY SNOW                0     SNOW                       0
LIGHT SNOW                0     SLEET                      0
FOG                      26     FOG W/VIS <= 1/4 MILE     10
HAZE                     10

-  INDICATES NEGATIVE NUMBERS.
R  INDICATES RECORD WAS SET OR TIED.
MM INDICATES DATA IS MISSING.
T  INDICATES TRACE AMOUNT.

$$
