000
CXUS51 KRLX 020540
CLMHTS


CLIMATE REPORT
NATIONAL WEATHER SERVICE CHARLESTON WV
1239 AM EST THU FEB 2 2017

...................................

...THE HUNTINGTON CLIMATE SUMMARY FOR THE MONTH OF JANUARY 2017...

CLIMATE NORMAL PERIOD 1981 TO 2010
CLIMATE RECORD PERIOD 1897 TO 2017

WEATHER         OBSERVED          NORMAL  DEPART  LAST YEAR`S
                 VALUE   DATE(S)  VALUE   FROM    VALUE  DATE(S)
                                          NORMAL
................................................................
TEMPERATURE (F)
RECORD
 HIGH              79   01/25/1950
 LOW              -21   01/19/1994
HIGHEST            69   01/12        MM      MM       69  01/31
LOWEST              8   01/09        MM      MM        8  01/19
                                                          01/18
AVG. MAXIMUM     49.0              42.2     6.8     40.7
AVG. MINIMUM     34.1              25.3     8.8     21.9
MEAN             41.5              33.7     7.8     31.3
DAYS MAX >= 90      0               0.0     0.0        0
DAYS MAX <= 32      4               6.6    -2.6        9
DAYS MIN <= 32     13              22.2    -9.2       28
DAYS MIN <= 0       0               0.5    -0.5        0

PRECIPITATION (INCHES)
RECORD
 MAXIMUM        12.07   1937
 MINIMUM         0.64   1981
TOTALS           3.98              2.97    1.01     1.99
DAILY AVG.       0.13              0.10    0.03     0.06
DAYS >= .01        22              13.4     8.6       12
DAYS >= .10        10               6.5     3.5        5
DAYS >= .50         4               2.0     2.0        1
DAYS >= 1.00        0               0.5    -0.5        1
GREATEST
 24 HR. TOTAL    0.61   01/03 TO 01/03              4.30

SNOWFALL (INCHES)
RECORDS
 TOTAL           30.3   1978
TOTALS            4.1               6.9    -2.8     13.8
SINCE 7/1         5.9              11.5    -5.6     13.8
DAYS >= 1.0         2               2.2    -0.2        3
GREATEST
 SNOW DEPTH         2   01/30                         10  01/24
                        01/06                             01/23
 24 HR TOTAL      1.8   MM                       01/23 TO 01/23
                                                          01/23 TO 01/23
                                                          01/23 TO 01/23

DEGREE_DAYS
HEATING TOTAL     718               969    -251     1039
 SINCE 7/1       2125              2724    -599     2279
COOLING TOTAL       0                 0       0        0
 SINCE 1/1          0                 0       0        0
....................................................

WIND (MPH)
AVERAGE WIND SPEED              6.6
HIGHEST WIND SPEED/DIRECTION    25/220    DATE  01/10
HIGHEST GUST SPEED/DIRECTION    39/180    DATE  01/10

SKY COVER
POSSIBLE SUNSHINE (PERCENT)   MM
AVERAGE SKY COVER           0.70
NUMBER OF DAYS FAIR            4
NUMBER OF DAYS PC              8
NUMBER OF DAYS CLOUDY         19

AVERAGE RH (PERCENT)     73

WEATHER CONDITIONS. NUMBER OF DAYS WITH
THUNDERSTORM              0     MIXED PRECIP               0
HEAVY RAIN                4     RAIN                       7
LIGHT RAIN               19     FREEZING RAIN              0
LT FREEZING RAIN          0     HAIL                       0
HEAVY SNOW                0     SNOW                       2
LIGHT SNOW                6     SLEET                      0
FOG                      20     FOG W/VIS <= 1/4 MILE      4
HAZE                      3

-  INDICATES NEGATIVE NUMBERS.
R  INDICATES RECORD WAS SET OR TIED.
MM INDICATES DATA IS MISSING.
T  INDICATES TRACE AMOUNT.

$$
