000
CXUS51 KRLX 011724
CLMHTS


CLIMATE REPORT
NATIONAL WEATHER SERVICE CHARLESTON WV
122 PM EDT TUE JUL 1 2014

...................................

...THE HUNTINGTON CLIMATE SUMMARY FOR THE MONTH OF JUNE 2014...

CLIMATE NORMAL PERIOD 1981 TO 2010
CLIMATE RECORD PERIOD 1897 TO 2014

WEATHER         OBSERVED          NORMAL  DEPART  LAST YEAR`S
                 VALUE   DATE(S)  VALUE   FROM    VALUE  DATE(S)
                                          NORMAL
................................................................
TEMPERATURE (F)
RECORD
 HIGH             105   06/24/1930
 LOW               39   06/06/1945
HIGHEST            91   06/18        MM      MM       91  06/25
                                                          06/12
LOWEST             50   06/15        MM      MM       54  06/04
                        06/07
AVG. MAXIMUM     83.2              82.8     0.4     83.8
AVG. MINIMUM     62.5              61.4     1.1     62.9
MEAN             72.8              72.1     0.7     73.3
DAYS MAX >= 90      3               3.4    -0.4        4
DAYS MAX <= 32      0               0.0     0.0        0
DAYS MIN <= 32      0               0.0     0.0        0
DAYS MIN <= 0       0               0.0     0.0        0

PRECIPITATION (INCHES)
RECORD
 MAXIMUM         8.88   1946
 MINIMUM         0.41   1966
TOTALS           4.52              3.88    0.64     5.76
DAILY AVG.       0.15              0.13    0.02     0.19
DAYS >= .01        12              12.1    -0.1       14
DAYS >= .10         7               8.0    -1.0       11
DAYS >= .50         4               2.9     1.1        4
DAYS >= 1.00        1               0.7     0.3        2
GREATEST
 24 HR. TOTAL    1.26   06/03 TO 06/04              1.31

SNOWFALL (INCHES)
RECORDS
 TOTAL             MM   MM
TOTALS            0.0               0.0     0.0      0.0
SINCE 7/1        36.8              23.6    13.2     12.4
DAYS >= 1.0         0               0.0     0.0        0
GREATEST
 SNOW DEPTH         0   MM                             0  MM
 24 HR TOTAL      0.0   06/30 TO 06/30           06/30 TO 06/30
                                                          06/30 TO 06/30
                                                          06/30 TO 06/30

DEGREE_DAYS
HEATING TOTAL       0                12     -12        0
 SINCE 7/1       4817              4512     305     4527
COOLING TOTAL     245               225      20      257
 SINCE 1/1        359               338      21      427
.................................................

WIND (MPH)
AVERAGE WIND SPEED              4.4
HIGHEST WIND SPEED/DIRECTION    31/230    DATE  06/10
HIGHEST GUST SPEED/DIRECTION    51/220    DATE  06/10

SKY COVER
POSSIBLE SUNSHINE (PERCENT)   MM
AVERAGE SKY COVER           0.30
NUMBER OF DAYS FAIR           19
NUMBER OF DAYS PC             10
NUMBER OF DAYS CLOUDY          1

AVERAGE RH (PERCENT)     76

WEATHER CONDITIONS. NUMBER OF DAYS WITH
THUNDERSTORM              0     MIXED PRECIP               0
HEAVY RAIN                5     RAIN                       7
LIGHT RAIN               13     FREEZING RAIN              0
LT FREEZING RAIN          0     HAIL                       0
HEAVY SNOW                0     SNOW                       0
LIGHT SNOW                0     SLEET                      0
FOG                      25     FOG W/VIS <= 1/4 MILE      3
HAZE                      8

-  INDICATES NEGATIVE NUMBERS.
R  INDICATES RECORD WAS SET OR TIED.
MM INDICATES DATA IS MISSING.
T  INDICATES TRACE AMOUNT.

$$
