000
CXUS51 KRLX 031944
CLMHTS


CLIMATE REPORT
NATIONAL WEATHER SERVICE CHARLESTON WV
343 PM EDT MON APR 3 2017

...................................

...THE HUNTINGTON CLIMATE SUMMARY FOR THE MONTH OF MARCH 2017...

CLIMATE NORMAL PERIOD 1981 TO 2010
CLIMATE RECORD PERIOD 1897 TO 2017

WEATHER         OBSERVED          NORMAL  DEPART  LAST YEAR`S
                 VALUE   DATE(S)  VALUE   FROM    VALUE  DATE(S)
                                          NORMAL
................................................................
TEMPERATURE (F)
RECORD
 HIGH              92   03/25/1929
 LOW               -2   03/03/1980
HIGHEST            82   03/30        MM      MM       78  03/10
LOWEST             17   03/15        MM      MM       24  03/03
AVG. MAXIMUM     57.1              56.6     0.5     64.0
AVG. MINIMUM     36.9              35.3     1.6     42.0
MEAN             47.0              45.9     1.1     53.0
DAYS MAX >= 90      0               0.0     0.0        0
DAYS MAX <= 32      0               0.5    -0.5        0
DAYS MIN <= 32     13              12.4     0.6        8
DAYS MIN <= 0       0               0.0     0.0        0

PRECIPITATION (INCHES)
RECORD
 MAXIMUM         8.88   2002
 MINIMUM         0.56   1910
TOTALS           4.08              3.90    0.18     2.67
DAILY AVG.       0.13              0.13    0.00     0.09
DAYS >= .01        12              13.3    -1.3       12
DAYS >= .10         8               8.0     0.0        9
DAYS >= .50         4               2.4     1.6        0
DAYS >= 1.00        0               0.6    -0.6        0
GREATEST
 24 HR. TOTAL    0.94   03/31 TO 03/31              0.45

SNOWFALL (INCHES)
RECORDS
 TOTAL           23.6   1993
TOTALS              T               3.8    -3.8      3.0
SINCE 7/1         5.9              22.7   -16.8     23.8
DAYS >= 1.0         0               1.0    -1.0        1
GREATEST
 SNOW DEPTH         0   MM                             3  03/04
 24 HR TOTAL        T   03/14 TO 03/14           03/03 TO 03/03
                                                          03/03 TO 03/03
                                                          03/03 TO 03/03

DEGREE_DAYS
HEATING TOTAL     552               596     -44      375
 SINCE 7/1       3201              4097    -896     3410
COOLING TOTAL       2                 5      -3        9
 SINCE 1/1          3                 5      -2        9
....................................................

WIND (MPH)
AVERAGE WIND SPEED              6.9
HIGHEST WIND SPEED/DIRECTION    26/250    DATE  03/08
HIGHEST GUST SPEED/DIRECTION    44/290    DATE  03/01

SKY COVER
POSSIBLE SUNSHINE (PERCENT)   MM
AVERAGE SKY COVER           0.50
NUMBER OF DAYS FAIR           11
NUMBER OF DAYS PC             12
NUMBER OF DAYS CLOUDY          8

AVERAGE RH (PERCENT)     59

WEATHER CONDITIONS. NUMBER OF DAYS WITH
THUNDERSTORM              0     MIXED PRECIP               0
HEAVY RAIN                3     RAIN                       8
LIGHT RAIN               14     FREEZING RAIN              0
LT FREEZING RAIN          0     HAIL                       0
HEAVY SNOW                0     SNOW                       1
LIGHT SNOW                4     SLEET                      0
FOG                      13     FOG W/VIS <= 1/4 MILE      3
HAZE                      7

-  INDICATES NEGATIVE NUMBERS.
R  INDICATES RECORD WAS SET OR TIED.
MM INDICATES DATA IS MISSING.
T  INDICATES TRACE AMOUNT.

$$
