000
CXUS53 KIND 011513
CLMHUF


CLIMATE REPORT
NATIONAL WEATHER SERVICE INDIANAPOLIS IN
1113 AM EDT FRI AUG 1 2014

...................................

...THE TERRE HAUTE IN CLIMATE SUMMARY FOR THE MONTH OF JULY 2014...

CLIMATE NORMAL PERIOD 1981 TO 2010
CLIMATE RECORD PERIOD 9999 TO 9999

WEATHER         OBSERVED          NORMAL  DEPART  LAST YEAR`S
                 VALUE   DATE(S)  VALUE   FROM    VALUE  DATE(S)
                                          NORMAL
................................................................
TEMPERATURE (F)
HIGHEST            88   07/22                         94  07/17
LOWEST             50   07/25                         49  07/28
AVG. MAXIMUM     80.8              85.7    -4.9     82.8
AVG. MINIMUM     58.9              64.3    -5.4     64.2
MEAN             69.8              75.0    -5.2     73.5
DAYS MAX >= 90      0               6.8    -6.8        6
DAYS MAX <= 32      0               0.0     0.0        0
DAYS MIN <= 32      0               0.0     0.0        0
DAYS MIN <= 0       0               0.0     0.0        0

PRECIPITATION (INCHES)
TOTALS           2.41              4.79   -2.38     1.94
DAILY AVG.       0.08              0.15   -0.07     0.06
DAYS >= .01        10                MM      MM       11
DAYS >= .10         6                MM      MM        5
DAYS >= .50         1                MM      MM        2
DAYS >= 1.00        0                MM      MM        0
GREATEST
 24 HR. TOTAL    0.90   06/30 TO 07/01
                        07/07 TO 07/08

DEGREE_DAYS
HEATING TOTAL       8                 1       7        2
 SINCE 7/1          8                 1       7        2
COOLING TOTAL     167               311    -144      274
 SINCE 1/1        581               632     -51      617
.................................................................

WIND (MPH)
AVERAGE WIND SPEED              5.6
HIGHEST WIND SPEED/DIRECTION    26/280    DATE  07/26
HIGHEST GUST SPEED/DIRECTION    36/310    DATE  07/27

SKY COVER
POSSIBLE SUNSHINE (PERCENT)   MM
AVERAGE SKY COVER           0.30
NUMBER OF DAYS FAIR           24
NUMBER OF DAYS PC              7
NUMBER OF DAYS CLOUDY          0

AVERAGE RH (PERCENT)     72

WEATHER CONDITIONS. NUMBER OF DAYS WITH
THUNDERSTORM              7     MIXED PRECIP               0
HEAVY RAIN                4     RAIN                       4
LIGHT RAIN               11     FREEZING RAIN              0
LT FREEZING RAIN          0     HAIL                       0
HEAVY SNOW                0     SNOW                       0
LIGHT SNOW                0     SLEET                      0
FOG                      16     FOG W/VIS <= 1/4 MILE      7
HAZE                      3

-  INDICATES NEGATIVE NUMBERS.
R  INDICATES RECORD WAS SET OR TIED.
MM INDICATES DATA IS MISSING.
T  INDICATES TRACE AMOUNT.

$$
