000
CXUS53 KIND 011510
CLMHUF


CLIMATE REPORT
NATIONAL WEATHER SERVICE INDIANAPOLIS IN
1110 AM EDT TUE AUG 1 2017

...................................

...THE TERRE HAUTE IN CLIMATE SUMMARY FOR THE MONTH OF JULY 2017...

CLIMATE NORMAL PERIOD 1981 TO 2010
CLIMATE RECORD PERIOD 9999 TO 9999

WEATHER         OBSERVED          NORMAL  DEPART  LAST YEAR`S
                 VALUE   DATE(S)  VALUE   FROM    VALUE  DATE(S)
                                          NORMAL
................................................................
TEMPERATURE (F)
HIGHEST            94   07/21                         92  07/24
LOWEST             56   07/30                         51  07/02
AVG. MAXIMUM     86.1              85.7     0.4     85.2
AVG. MINIMUM     66.2              64.3     1.9     66.9
MEAN             76.1              75.0     1.1     76.0
DAYS MAX >= 90      5               6.8    -1.8        5
DAYS MAX <= 32      0               0.0     0.0        0
DAYS MIN <= 32      0               0.0     0.0        0
DAYS MIN <= 0       0               0.0     0.0        0

PRECIPITATION (INCHES)
TOTALS           4.67              4.79   -0.12     7.32
DAILY AVG.       0.15              0.15    0.00     0.24
DAYS >= .01        10                MM      MM       15
DAYS >= .10         8                MM      MM       11
DAYS >= .50         4                MM      MM        7
DAYS >= 1.00        2                MM      MM        2
GREATEST
 24 HR. TOTAL    2.50   06/30 TO 07/01

DEGREE_DAYS
HEATING TOTAL       0                 1      -1        4
 SINCE 7/1          0                 1      -1        4
COOLING TOTAL     354               311      43      354
 SINCE 1/1        714               632      82      760
.................................................................

WIND (MPH)
AVERAGE WIND SPEED              5.2
HIGHEST WIND SPEED/DIRECTION    46/060    DATE  07/12
HIGHEST GUST SPEED/DIRECTION    61/050    DATE  07/12

SKY COVER
POSSIBLE SUNSHINE (PERCENT)   MM
AVERAGE SKY COVER           0.20
NUMBER OF DAYS FAIR           25
NUMBER OF DAYS PC              5
NUMBER OF DAYS CLOUDY          1

AVERAGE RH (PERCENT)     74

WEATHER CONDITIONS. NUMBER OF DAYS WITH
THUNDERSTORM              9     MIXED PRECIP               0
HEAVY RAIN                7     RAIN                       7
LIGHT RAIN               12     FREEZING RAIN              0
LT FREEZING RAIN          0     HAIL                       0
HEAVY SNOW                0     SNOW                       0
LIGHT SNOW                0     SLEET                      0
FOG                      23     FOG W/VIS <= 1/4 MILE      2
HAZE                      2

-  INDICATES NEGATIVE NUMBERS.
R  INDICATES RECORD WAS SET OR TIED.
MM INDICATES DATA IS MISSING.
T  INDICATES TRACE AMOUNT.

$$
