000
CXUS53 KIND 011620
CLMHUF


CLIMATE REPORT
NATIONAL WEATHER SERVICE INDIANAPOLIS IN
1115 AM EST THU JAN 1 2015

...................................

...THE TERRE HAUTE IN CLIMATE SUMMARY FOR THE MONTH OF DECEMBER 2014...

CLIMATE NORMAL PERIOD 1981 TO 2010
CLIMATE RECORD PERIOD 9999 TO 9999

WEATHER         OBSERVED          NORMAL  DEPART  LAST YEAR`S
                 VALUE   DATE(S)  VALUE   FROM    VALUE  DATE(S)
                                          NORMAL
................................................................
TEMPERATURE (F)
HIGHEST            53   12/23                         65  12/04
LOWEST             12   12/31                         -1  12/12
AVG. MAXIMUM     40.4              39.5     0.9     37.9
AVG. MINIMUM     29.0              23.8     5.2     21.7
MEAN             34.7              31.6     3.1     29.8
DAYS MAX >= 90      0               0.0     0.0        0
DAYS MAX <= 32      4               7.9    -3.9       14
DAYS MIN <= 32     21              23.6    -2.6       26
DAYS MIN <= 0       0               1.3    -1.3        1

PRECIPITATION (INCHES)
TOTALS           2.78              3.05   -0.27     3.65
DAILY AVG.       0.09              0.10   -0.01     0.12
DAYS >= .01        12                MM      MM        8
DAYS >= .10         6                MM      MM        4
DAYS >= .50         1                MM      MM        2
DAYS >= 1.00        1                MM      MM        1
GREATEST
 24 HR. TOTAL    1.48   12/05 TO 12/06

DEGREE_DAYS
HEATING TOTAL     933              1033    -100     1083
 SINCE 7/1       2233              2111     122     2205
COOLING TOTAL       0                 0       0        0
 SINCE 1/1        939               993     -54     1056
.................................................................

WIND (MPH)
AVERAGE WIND SPEED              7.2
HIGHEST WIND SPEED/DIRECTION    25/260    DATE  12/16
HIGHEST GUST SPEED/DIRECTION    31/260    DATE  12/16

SKY COVER
POSSIBLE SUNSHINE (PERCENT)    0
AVERAGE SKY COVER           0.70
NUMBER OF DAYS FAIR            6
NUMBER OF DAYS PC              9
NUMBER OF DAYS CLOUDY         16

AVERAGE RH (PERCENT)     80

WEATHER CONDITIONS. NUMBER OF DAYS WITH
THUNDERSTORM              0     MIXED PRECIP               0
HEAVY RAIN                2     RAIN                       4
LIGHT RAIN               12     FREEZING RAIN              0
LT FREEZING RAIN          1     HAIL                       0
HEAVY SNOW                0     SNOW                       0
LIGHT SNOW                2     SLEET                      1
FOG                      22     FOG W/VIS <= 1/4 MILE      0
HAZE                      6

-  INDICATES NEGATIVE NUMBERS.
R  INDICATES RECORD WAS SET OR TIED.
MM INDICATES DATA IS MISSING.
T  INDICATES TRACE AMOUNT.

$$
