000
CXUS53 KIND 011515
CLMHUF


CLIMATE REPORT
NATIONAL WEATHER SERVICE INDIANAPOLIS IN
1110 AM EDT THU JUN 1 2017

...................................

...THE TERRE HAUTE IN CLIMATE SUMMARY FOR THE MONTH OF MAY 2017...

CLIMATE NORMAL PERIOD 1981 TO 2010
CLIMATE RECORD PERIOD 9999 TO 9999

WEATHER         OBSERVED          NORMAL  DEPART  LAST YEAR`S
                 VALUE   DATE(S)  VALUE   FROM    VALUE  DATE(S)
                                          NORMAL
................................................................
TEMPERATURE (F)
HIGHEST            87   05/18                         88  05/31
LOWEST             37   05/08                         39  05/16
                                                          05/15
AVG. MAXIMUM     73.5              74.0    -0.5     73.1
AVG. MINIMUM     53.5              51.9     1.6     52.6
MEAN             63.5              63.0     0.5     62.9
DAYS MAX >= 90      0               0.5    -0.5        0
DAYS MAX <= 32      0               0.0     0.0        0
DAYS MIN <= 32      0               0.2    -0.2        0
DAYS MIN <= 0       0               0.0     0.0        0

PRECIPITATION (INCHES)
TOTALS           6.76              6.63    0.13     1.91
DAILY AVG.       0.22              0.21    0.01     0.06
DAYS >= .01        12                MM      MM       13
DAYS >= .10         9                MM      MM        9
DAYS >= .50         4                MM      MM        0
DAYS >= 1.00        2                MM      MM        0
GREATEST
 24 HR. TOTAL    2.53   05/04 TO 05/04

DEGREE_DAYS
HEATING TOTAL     126               135      -9      138
 SINCE 7/1       4243              5355   -1112     4417
COOLING TOTAL      86                71      15       79
 SINCE 1/1        116                86      30       88
.................................................................

WIND (MPH)
AVERAGE WIND SPEED              8.6
HIGHEST WIND SPEED/DIRECTION    40/290    DATE  05/10
HIGHEST GUST SPEED/DIRECTION    51/290    DATE  05/10

SKY COVER
POSSIBLE SUNSHINE (PERCENT)   MM
AVERAGE SKY COVER           0.40
NUMBER OF DAYS FAIR           14
NUMBER OF DAYS PC             13
NUMBER OF DAYS CLOUDY          4

AVERAGE RH (PERCENT)     68

WEATHER CONDITIONS. NUMBER OF DAYS WITH
THUNDERSTORM              8     MIXED PRECIP               0
HEAVY RAIN                5     RAIN                       9
LIGHT RAIN               16     FREEZING RAIN              0
LT FREEZING RAIN          0     HAIL                       0
HEAVY SNOW                0     SNOW                       0
LIGHT SNOW                0     SLEET                      0
FOG                      15     FOG W/VIS <= 1/4 MILE      1
HAZE                      0

-  INDICATES NEGATIVE NUMBERS.
R  INDICATES RECORD WAS SET OR TIED.
MM INDICATES DATA IS MISSING.
T  INDICATES TRACE AMOUNT.

$$
