000
CXUS53 KIND 011518
CLMHUF


CLIMATE REPORT
NATIONAL WEATHER SERVICE INDIANAPOLIS IN
1114 AM EDT MON SEP 1 2014

...................................

...THE TERRE HAUTE IN CLIMATE SUMMARY FOR THE MONTH OF AUGUST 2014...

CLIMATE NORMAL PERIOD 1981 TO 2010
CLIMATE RECORD PERIOD 9999 TO 9999

WEATHER         OBSERVED          NORMAL  DEPART  LAST YEAR`S
                 VALUE   DATE(S)  VALUE   FROM    VALUE  DATE(S)
                                          NORMAL
................................................................
TEMPERATURE (F)
HIGHEST            91   08/26                         96  08/31
LOWEST             47   08/15                         47  08/15
AVG. MAXIMUM     83.0              83.7    -0.7     84.7
AVG. MINIMUM     63.9              62.0     1.9     60.9
MEAN             73.4              72.8     0.6     72.8
DAYS MAX >= 90      4               3.1     0.9        5
DAYS MAX <= 32      0               0.0     0.0        0
DAYS MIN <= 32      0               0.0     0.0        0
DAYS MIN <= 0       0               0.0     0.0        0

PRECIPITATION (INCHES)
TOTALS           2.79              3.61   -0.82     1.27
DAILY AVG.       0.09              0.12   -0.03     0.04
DAYS >= .01        16                MM      MM        5
DAYS >= .10         7                MM      MM        3
DAYS >= .50         1                MM      MM        1
DAYS >= 1.00        1                MM      MM        1
GREATEST
 24 HR. TOTAL    1.16   08/23 TO 08/23

DEGREE_DAYS
HEATING TOTAL       3                 4      -1        8
 SINCE 7/1         11                 5       6       10
COOLING TOTAL     270               247      23      258
 SINCE 1/1        851               879     -28      875
.................................................................

WIND (MPH)
AVERAGE WIND SPEED              4.5
HIGHEST WIND SPEED/DIRECTION    26/190    DATE  08/29
HIGHEST GUST SPEED/DIRECTION    36/190    DATE  08/29

SKY COVER
POSSIBLE SUNSHINE (PERCENT)   MM
AVERAGE SKY COVER           0.40
NUMBER OF DAYS FAIR           15
NUMBER OF DAYS PC             12
NUMBER OF DAYS CLOUDY          4

AVERAGE RH (PERCENT)     78

WEATHER CONDITIONS. NUMBER OF DAYS WITH
THUNDERSTORM              9     MIXED PRECIP               0
HEAVY RAIN                3     RAIN                       6
LIGHT RAIN               18     FREEZING RAIN              0
LT FREEZING RAIN          0     HAIL                       0
HEAVY SNOW                0     SNOW                       0
LIGHT SNOW                0     SLEET                      0
FOG                      25     FOG W/VIS <= 1/4 MILE     14
HAZE                     10

-  INDICATES NEGATIVE NUMBERS.
R  INDICATES RECORD WAS SET OR TIED.
MM INDICATES DATA IS MISSING.
T  INDICATES TRACE AMOUNT.

$$
