537
CXUS51 KCAR 070100
CLMHUL


CLIMATE REPORT
NATIONAL WEATHER SERVICE CARIBOU, ME
800 PM EST MON MAR 6 2017

...................................

...THE HOULTON ME CLIMATE SUMMARY FOR THE SEASON, FROM
12/1/2016 TO 2/28/2017...

CLIMATE NORMAL PERIOD 1981 TO 2010
CLIMATE RECORD PERIOD 1948 TO 2017

WEATHER         OBSERVED          NORMAL  DEPART  LAST YEAR`S
                 VALUE   DATE(S)  VALUE   FROM    VALUE  DATE(S)
                                          NORMAL
................................................................
TEMPERATURE (F)
RECORD
 HIGH              62   02/20/1994
 LOW              -41   01/04/1981
HIGHEST            53   02/23        MM      MM       54  02/25
LOWEST            -21   02/12        MM      MM      -24  02/13
                        02/11
AVG. MAXIMUM     28.3              25.8     2.5     31.5
AVG. MINIMUM      7.5               5.0     2.5     13.8
MEAN             17.9              15.4     2.5     22.7
DAYS MAX >= 90      0               0.0     0.0        0
DAYS MAX <= 32     58              62.3    -4.3       50
DAYS MIN <= 32     87              87.4    -0.4       85
DAYS MIN <= 0      33              35.1    -2.1       17

PRECIPITATION (INCHES)
RECORD
 MAXIMUM         9.15   2016
 MINIMUM         5.33   2007
TOTALS           7.37                     -0.78
DAILY AVG.       0.08              0.09   -0.01     0.10
DAYS >= .01        39              34.5     4.5       35
DAYS >= .10        17              18.8    -1.8       21
DAYS >= .50         4               4.9    -0.9        6
DAYS >= 1.00        0               1.2    -1.2        1
GREATEST
 24 HR. TOTAL    1.22   MM                       02/29 TO 02/29
                                                          02/29 TO 02/29
                                                          02/29 TO 02/29

SNOWFALL (INCHES)
RECORDS
 TOTAL             MM   MM
TOTALS             MM              57.5      MM       MM
SINCE 7/1          MM              65.6      MM      0.0
SNOWDEPTH AVG.     MM                10      MM       MM
DAYS >= 1.0         0              16.6   -16.6        0
GREATEST
 SNOW DEPTH        MM                                 MM  MM
 24 HR TOTAL       MM                                 MM

DEGREE_DAYS
HEATING TOTAL    4218              4466    -248     3823
 SINCE 7/1       5961              6573    -612     5618
COOLING TOTAL       0                 0       0        0
 SINCE 1/1          0                 0       0        0
..........................................................

WIND (MPH)
AVERAGE WIND SPEED              6.9
HIGHEST WIND SPEED/DIRECTION    30/280    DATE  01/13
HIGHEST GUST SPEED/DIRECTION    44/270    DATE  01/13

SKY COVER
POSSIBLE SUNSHINE (PERCENT)   MM
AVERAGE SKY COVER           0.60
NUMBER OF DAYS FAIR           20
NUMBER OF DAYS PC             38
NUMBER OF DAYS CLOUDY         32

AVERAGE RH (PERCENT)     76

WEATHER CONDITIONS. NUMBER OF DAYS WITH
THUNDERSTORM              0     MIXED PRECIP               0
HEAVY RAIN                2     RAIN                       5
LIGHT RAIN               11     FREEZING RAIN              3
LT FREEZING RAIN          4     HAIL                       0
HEAVY SNOW                3     SNOW                      10
LIGHT SNOW               53     SLEET                      0
FOG                      59     FOG W/VIS <= 1/4 MILE      8
HAZE                     20

-  INDICATES NEGATIVE NUMBERS.
R  INDICATES RECORD WAS SET OR TIED.
MM INDICATES DATA IS MISSING.
T  INDICATES TRACE AMOUNT.

$$
