000
CXUS51 KCAR 111817
CLMHUL


CLIMATE REPORT
NATIONAL WEATHER SERVICE CARIBOU, ME
214 PM EDT THU SEP 11 2014

...................................

...THE HOULTON ME CLIMATE SUMMARY FOR THE SEASON, FROM
6/1/2014 TO 8/31/2014...

CLIMATE NORMAL PERIOD 1981 TO 2010
CLIMATE RECORD PERIOD 1948 TO 2014

WEATHER         OBSERVED          NORMAL  DEPART  LAST YEAR`S
                 VALUE   DATE(S)  VALUE   FROM    VALUE  DATE(S)
                                          NORMAL
................................................................
TEMPERATURE (F)
RECORD
 HIGH              99   08/02/1975
 LOW               28   06/06/1971
HIGHEST            93   07/02        MM      MM       93  07/15
LOWEST             36   06/01        MM      MM       35  06/06
AVG. MAXIMUM     76.5              75.4     1.1     74.9
AVG. MINIMUM     52.8              51.1     1.7     51.1
MEAN             64.6              63.2     1.4     63.0
DAYS MAX >= 90      1               1.8    -0.8        2
DAYS MAX <= 32      0               0.0     0.0        0
DAYS MIN <= 32      0               0.6    -0.6        0
DAYS MIN <= 0       0               0.0     0.0        0

PRECIPITATION (INCHES)
RECORD
 MAXIMUM        16.56   2012
 MINIMUM        11.96   2006
TOTALS          12.67                      1.68
DAILY AVG.       0.14              0.12    0.02     0.18
DAYS >= .01        41              37.6     3.4       47
DAYS >= .10        26              22.4     3.6       29
DAYS >= .50         8               7.6     0.4       12
DAYS >= 1.00        3               2.1     0.9        4
GREATEST
 24 HR. TOTAL    2.40   MM                       08/31 TO 08/31
                                                          08/31 TO 08/31
                                                          08/31 TO 08/31

SNOWFALL (INCHES)
RECORDS
 TOTAL             MM   MM
TOTALS             MM               0.0      MM      0.0
SINCE 7/1          MM               0.0      MM      0.0
SNOWDEPTH AVG.      0                MM      MM        0
DAYS >= 1.0         0               0.0     0.0        0
GREATEST
 SNOW DEPTH         0   MM                             0  MM
 24 HR TOTAL       MM                            08/31 TO 08/31
                                                          08/31 TO 08/31
                                                          08/31 TO 08/31

DEGREE_DAYS
HEATING TOTAL     214               337    -123      330
 SINCE 7/1         85               156     -71      133
COOLING TOTAL     202               174      28      175
 SINCE 1/1        203               178      25      179
..................................................

WIND (MPH)
AVERAGE WIND SPEED              5.5
HIGHEST WIND SPEED/DIRECTION    33/320    DATE  07/05
HIGHEST GUST SPEED/DIRECTION    47/300    DATE  07/05

SKY COVER
POSSIBLE SUNSHINE (PERCENT)   MM
AVERAGE SKY COVER           0.40
NUMBER OF DAYS FAIR           43
NUMBER OF DAYS PC             31
NUMBER OF DAYS CLOUDY         18

AVERAGE RH (PERCENT)     73

WEATHER CONDITIONS. NUMBER OF DAYS WITH
THUNDERSTORM              0     MIXED PRECIP               0
HEAVY RAIN               12     RAIN                      21
LIGHT RAIN               45     FREEZING RAIN              0
LT FREEZING RAIN          0     HAIL                       0
HEAVY SNOW                0     SNOW                       0
LIGHT SNOW                0     SLEET                      0
FOG                      66     FOG W/VIS <= 1/4 MILE      9
HAZE                     12

-  INDICATES NEGATIVE NUMBERS.
R  INDICATES RECORD WAS SET OR TIED.
MM INDICATES DATA IS MISSING.
T  INDICATES TRACE AMOUNT.

$$
