000
CXUS51 KCAR 100634
CLMHUL


CLIMATE REPORT
NATIONAL WEATHER SERVICE CARIBOU, ME
233 AM EDT SAT JUN 10 2017

...................................

...THE HOULTON ME CLIMATE SUMMARY FOR THE SEASON, FROM
3/1/2017 TO 5/31/2017...

CLIMATE NORMAL PERIOD 1981 TO 2010
CLIMATE RECORD PERIOD 1948 TO 2017

WEATHER         OBSERVED          NORMAL  DEPART  LAST YEAR`S
                 VALUE   DATE(S)  VALUE   FROM    VALUE  DATE(S)
                                          NORMAL
................................................................
TEMPERATURE (F)
RECORD
 HIGH              96   05/29/1978
 LOW              -31   03/02/2001
HIGHEST            91   05/18        MM      MM       82  05/31
LOWEST             -7   03/11        MM      MM       -6  03/04
AVG. MAXIMUM     47.7              49.9    -2.2     50.2
AVG. MINIMUM     27.7              27.3     0.4     27.3
MEAN             37.7              38.6    -0.9     38.8
DAYS MAX >= 90      1               0.1     0.9        0
DAYS MAX <= 32     16               9.8     6.2       12
DAYS MIN <= 32     46              56.5   -10.5       59
DAYS MIN <= 0       7               4.7     2.3        2

PRECIPITATION (INCHES)
RECORD
 MAXIMUM        10.30   2017
 MINIMUM         7.25   2015
TOTALS          10.30                      0.53
DAILY AVG.       0.11              0.11    0.00     0.10
DAYS >= .01        41              36.4     4.6       35
DAYS >= .10        27              21.8     5.2       25
DAYS >= .50         6               5.3     0.7        6
DAYS >= 1.00        0               1.1    -1.1        2
GREATEST
 24 HR. TOTAL    0.98   MM                       05/31 TO 05/31
                                                          05/31 TO 05/31
                                                          05/31 TO 05/31

SNOWFALL (INCHES)
RECORDS
 TOTAL             MM   MM
TOTALS             MM              23.9      MM       MM
SINCE 7/1          MM              89.5      MM      0.0
SNOWDEPTH AVG.     MM                MM      MM        0
DAYS >= 1.0         0               5.9    -5.9        0
GREATEST
 SNOW DEPTH        MM                                  0  MM
 24 HR TOTAL       MM                            05/31 TO 05/31
                                                          05/31 TO 05/31
                                                          05/31 TO 05/31

DEGREE_DAYS
HEATING TOTAL    2457              2434      23     2399
 SINCE 7/1       8418              9007    -589     8017
COOLING TOTAL       6                 4       2        7
 SINCE 1/1          6                 4       2        7
..................................................

WIND (MPH)
AVERAGE WIND SPEED              7.5
HIGHEST WIND SPEED/DIRECTION    32/360    DATE  04/29
HIGHEST GUST SPEED/DIRECTION    46/060    DATE  03/14

SKY COVER
POSSIBLE SUNSHINE (PERCENT)   MM
AVERAGE SKY COVER           0.60
NUMBER OF DAYS FAIR           30
NUMBER OF DAYS PC             28
NUMBER OF DAYS CLOUDY         34

AVERAGE RH (PERCENT)     72

WEATHER CONDITIONS. NUMBER OF DAYS WITH
THUNDERSTORM              0     MIXED PRECIP               0
HEAVY RAIN                6     RAIN                      17
LIGHT RAIN               34     FREEZING RAIN              0
LT FREEZING RAIN          3     HAIL                       0
HEAVY SNOW                1     SNOW                       4
LIGHT SNOW               18     SLEET                      0
FOG                      47     FOG W/VIS <= 1/4 MILE      3
HAZE                      8

-  INDICATES NEGATIVE NUMBERS.
R  INDICATES RECORD WAS SET OR TIED.
MM INDICATES DATA IS MISSING.
T  INDICATES TRACE AMOUNT.

$$
