000
CXUS51 KCAR 022049
CLMHUL


CLIMATE REPORT
NATIONAL WEATHER SERVICE CARIBOU, ME
348 PM EST THU FEB 2 2017

...................................

...THE HOULTON ME CLIMATE SUMMARY FOR THE MONTH OF JANUARY 2017...

CLIMATE NORMAL PERIOD 1981 TO 2010
CLIMATE RECORD PERIOD 1948 TO 2017

WEATHER         OBSERVED          NORMAL  DEPART  LAST YEAR`S
                 VALUE   DATE(S)  VALUE   FROM    VALUE  DATE(S)
                                          NORMAL
................................................................
TEMPERATURE (F)
RECORD
 HIGH              58   01/14/2005
 LOW              -41   01/04/1981
HIGHEST            46   01/12        MM      MM       47  01/11
                        01/11
LOWEST            -18   01/09        MM      MM      -10  01/24
                        01/07
AVG. MAXIMUM     28.2              22.3     5.9     27.4
AVG. MINIMUM      8.6               0.9     7.7      9.5
MEAN             18.4              11.6     6.8     18.5
DAYS MAX >= 90      0               0.0     0.0        0
DAYS MAX <= 32     21              24.6    -3.6       25
DAYS MIN <= 32     30              30.5    -0.5       31
DAYS MIN <= 0      13              15.5    -2.5        8

PRECIPITATION (INCHES)
RECORD
 MAXIMUM           MM   MM
 MINIMUM           MM   MM
TOTALS           2.83                     -0.03
DAILY AVG.       0.09              0.09    0.00     0.05
DAYS >= .01        12              11.9     0.1        8
DAYS >= .10         5               6.6    -1.6        3
DAYS >= .50         2               1.6     0.4        1
DAYS >= 1.00        0               0.4    -0.4        0
GREATEST
 24 HR. TOTAL    1.22   01/24 TO 01/25           01/10 TO 01/11
                                                          01/11 TO 01/11
                                                          01/11 TO 01/11

SNOWFALL (INCHES)
RECORDS
 TOTAL             MM   MM
TOTALS             MM              23.3      MM       MM
SINCE 7/1          MM              47.8      MM       MM
SNOWDEPTH AVG.     MM                11      MM       MM
DAYS >= 1.0         0               6.1    -6.1        0
GREATEST
 SNOW DEPTH        MM                                 MM  MM
 24 HR TOTAL       MM                                 MM

DEGREE_DAYS
HEATING TOTAL    1438              1655    -217
..................................................

WIND (MPH)
AVERAGE WIND SPEED              6.9
HIGHEST WIND SPEED/DIRECTION    30/280    DATE  01/13
HIGHEST GUST SPEED/DIRECTION    44/270    DATE  01/13

SKY COVER
POSSIBLE SUNSHINE (PERCENT)   MM
AVERAGE SKY COVER           0.60
NUMBER OF DAYS FAIR            6
NUMBER OF DAYS PC             12
NUMBER OF DAYS CLOUDY         13

AVERAGE RH (PERCENT)     76

WEATHER CONDITIONS. NUMBER OF DAYS WITH
THUNDERSTORM              0     MIXED PRECIP               0
HEAVY RAIN                0     RAIN                       2
LIGHT RAIN                5     FREEZING RAIN              1
LT FREEZING RAIN          2     HAIL                       0
HEAVY SNOW                0     SNOW                       1
LIGHT SNOW               15     SLEET                      0
FOG                      19     FOG W/VIS <= 1/4 MILE      2
HAZE                      5

-  INDICATES NEGATIVE NUMBERS.
R  INDICATES RECORD WAS SET OR TIED.
MM INDICATES DATA IS MISSING.
T  INDICATES TRACE AMOUNT.

$$
