000
CXUS55 KTFX 011219
CLMHVR


CLIMATE REPORT
NATIONAL WEATHER SERVICE GREAT FALLS MT
616 AM MDT MON SEP 1 2014

...................................

...THE HAVRE MT CLIMATE SUMMARY FOR THE MONTH OF AUGUST 2014...

CLIMATE NORMAL PERIOD 1981 TO 2010
CLIMATE RECORD PERIOD 1880 TO 2014

WEATHER         OBSERVED          NORMAL  DEPART  LAST YEAR`S
                 VALUE   DATE(S)  VALUE   FROM    VALUE
                                          NORMAL
.............................................................
TEMPERATURE (F)
RECORD
 HIGH             111   08/05/1961
 LOW               27   08/25/1910
HIGHEST            95   08/12        86       9       97
                        08/06
LOWEST             41   08/26        47      -6       48
AVG. MAXIMUM     83.4              84.0    -0.6     85.4
AVG. MINIMUM     54.6              52.0     2.6     55.0
MEAN             69.0              68.0     1.0     70.2
DAYS MAX >= 90     11               9.2     1.8       13
DAYS MAX <= 32      0               0.0     0.0        0
DAYS MIN <= 32      0               0.0     0.0        0
DAYS MIN <= 0       0               0.0     0.0        0

PRECIPITATION (INCHES)
RECORD
 MAXIMUM           MM   MM
 MINIMUM           MM   MM
TOTALS           2.66              1.11    1.55     1.14
DAYS >= .01        11               7.2     3.8
DAYS >= .10         4               2.9     1.1
DAYS >= .50         3               0.6     2.4
DAYS >= 1.00        0               0.1    -0.1
GREATEST
 24 HR. TOTAL    1.19   08/23 TO 08/24

SNOWFALL (INCHES)
RECORDS
 TOTAL             MM   5
 24 HR TOTAL       MM
 SNOW DEPTH        MM   MM
TOTALS            0.0               0.0     0.0      0.0
SNOWDEPTH AVG.      0
DAYS >= TRACE       0               0.0     0.0
DAYS >= 1.0         0               0.0     0.0
GREATEST
 SNOW DEPTH         0   MM                             0
 24 HR TOTAL      0.0   08/31 TO 08/31

DEGREE_DAYS
HEATING TOTAL      44                53      -9       10
 SINCE 7/1         44                83     -39       18
COOLING TOTAL     176               146      30      179
 SINCE 1/1        390               367      23      375
..............................................................

WIND (MPH)
AVERAGE WIND SPEED              8.5
HIGHEST WIND SPEED/DIRECTION    41/240    DATE  08/15
HIGHEST GUST SPEED/DIRECTION    55/230    DATE  08/15

SKY COVER
AVERAGE SKY COVER           0.30

AVERAGE RH (PERCENT)     60

WEATHER CONDITIONS. NUMBER OF DAYS WITH
THUNDERSTORM              0     MIXED PRECIP               0
HEAVY RAIN                2     RAIN                       4
LIGHT RAIN               17     FREEZING RAIN              0
LT FREEZING RAIN          0     HAIL                       0
HEAVY SNOW                0     SNOW                       0
LIGHT SNOW                0     SLEET                      0
FOG                       6     FOG W/VIS <= 1/4 MILE      1
HAZE                      1

-  INDICATES NEGATIVE NUMBERS.
R  INDICATES RECORD WAS SET OR TIED.
MM INDICATES DATA IS MISSING.
T  INDICATES TRACE AMOUNT.

$$

NEW PRECIPITATION RECORDS WERE SET IN CENTRAL MONTANA DURING AUGUST
AS A SERIES OF SLOW MOVING UPPER LEVEL LOWS DREW MOISTURE INTO THE
REGION FROM THE SOUTH AND SOUTHWEST. MONTHLY HIGH TEMPERATURES WERE
SLIGHTLY COOLER THAN AVERAGE WHILE MINIMUM TEMPERATURES WERE JUST
ABOVE AVERAGE. THE MOST SIGNIFICANT RAIN EVENT OF THE MONTH OCCURRED
FROM THE 22ND TO THE 25TH WHEN A CUT-OFF LOW BECAME NEARLY
STATIONARY OVER SOUTHERN IDAHO BEFORE DRIFTING THROUGH SOUTHEAST
MONTANA. THE MONTHLY TOTAL OF 2.66 INCHES OF PRECIPITATION
REPRESENTS THE 10TH WETTEST AUGUST OF RECORD AT HAVRE.

$$
