000
CXUS55 KTFX 011753
CLMHVR


CLIMATE REPORT
NATIONAL WEATHER SERVICE GREAT FALLS MT
1153 AM MDT TUE AUG 1 2017

...................................

...THE HAVRE MT CLIMATE SUMMARY FOR THE MONTH OF JULY 2017...

CLIMATE NORMAL PERIOD 1981 TO 2010
CLIMATE RECORD PERIOD 1880 TO 2017

WEATHER         OBSERVED          NORMAL  DEPART  LAST YEAR`S
                 VALUE   DATE(S)  VALUE   FROM    VALUE
                                          NORMAL
.............................................................
TEMPERATURE (F)
RECORD
 HIGH             107   07/17/1936
                        07/25/1933
 LOW               36   07/20/1895
HIGHEST           103   07/08        86      17       97
LOWEST             44   07/17        51      -7       47
AVG. MAXIMUM     93.6              84.9     8.7     83.6
AVG. MINIMUM     55.6              53.6     2.0     54.4
MEAN             74.6              69.2     5.4     69.0
DAYS MAX >= 90     24               9.7    14.3        6
DAYS MAX <= 32      0               0.0     0.0        0
DAYS MIN <= 32      0               0.0     0.0        0
DAYS MIN <= 0       0               0.0     0.0        0

PRECIPITATION (INCHES)
RECORD
 MAXIMUM         9.67   1884
 MINIMUM         0.01   1967
TOTALS           0.23              1.64   -1.41     2.43
DAYS >= .01         2               8.0    -6.0
DAYS >= .10         1               3.6    -2.6
DAYS >= .50         0               0.8    -0.8
DAYS >= 1.00        0               0.3    -0.3
GREATEST
 24 HR. TOTAL    0.22   07/11 TO 07/11

SNOWFALL (INCHES)
RECORDS
 TOTAL             MM   MM
 24 HR TOTAL       MM
 SNOW DEPTH        MM   MM
TOTALS            0.0               0.0     0.0      0.0
SNOWDEPTH AVG.      0
DAYS >= TRACE       0               0.0     0.0
DAYS >= 1.0         0               0.0     0.0
GREATEST
 SNOW DEPTH         0   MM                             0
 24 HR TOTAL      0.0   07/31 TO 07/31

DEGREE_DAYS
HEATING TOTAL       1                30     -29       19
 SINCE 7/1          1                30     -29       19
COOLING TOTAL     307               162     145      151
 SINCE 1/1        381               221     160      206
..............................................................

WIND (MPH)
AVERAGE WIND SPEED              9.2
HIGHEST WIND SPEED/DIRECTION    39/320    DATE  07/15
HIGHEST GUST SPEED/DIRECTION    50/320    DATE  07/15

SKY COVER
AVERAGE SKY COVER           0.00

AVERAGE RH (PERCENT)     41

WEATHER CONDITIONS. NUMBER OF DAYS WITH
THUNDERSTORM              0     MIXED PRECIP               0
HEAVY RAIN                1     RAIN                       1
LIGHT RAIN                2     FREEZING RAIN              0
LT FREEZING RAIN          0     HAIL                       0
HEAVY SNOW                0     SNOW                       0
LIGHT SNOW                0     SLEET                      0
FOG                       1     FOG W/VIS <= 1/4 MILE      0
HAZE                      5

-  INDICATES NEGATIVE NUMBERS.
R  INDICATES RECORD WAS SET OR TIED.
MM INDICATES DATA IS MISSING.
T  INDICATES TRACE AMOUNT.

$$
