000
CXUS55 KTFX 020011
CLMHVR


CLIMATE REPORT
NATIONAL WEATHER SERVICE GREAT FALLS MT
611 PM MDT SAT APR 1 2017

...................................

...THE HAVRE MT CLIMATE SUMMARY FOR THE MONTH OF MARCH 2017...

CLIMATE NORMAL PERIOD 1981 TO 2010
CLIMATE RECORD PERIOD 1880 TO 2017

WEATHER         OBSERVED          NORMAL  DEPART  LAST YEAR`S
                 VALUE   DATE(S)  VALUE   FROM    VALUE
                                          NORMAL
.............................................................
TEMPERATURE (F)
RECORD
 HIGH              79   03/30/2004
 LOW              -41   03/13/1897
HIGHEST            75   03/18        52      23       71
LOWEST              5   03/13        15     -10        8
                        03/12
AVG. MAXIMUM     46.9              44.6     2.3     54.6
AVG. MINIMUM     23.6              21.0     2.6     24.6
MEAN             35.3              32.8     2.5     39.6
DAYS MAX >= 90      0               0.0     0.0        0
DAYS MAX <= 32      6               5.5     0.5        0
DAYS MIN <= 32     23              27.3    -4.3       28
DAYS MIN <= 0       0               2.0    -2.0        0

PRECIPITATION (INCHES)
RECORD
 MAXIMUM           MM   MM
 MINIMUM           MM   MM
TOTALS           0.15              0.54   -0.39     0.40
DAYS >= .01         5               6.9    -1.9
DAYS >= .10         0               1.8    -1.8
DAYS >= .50         0               0.1    -0.1
DAYS >= 1.00        0               0.0     0.0
GREATEST
 24 HR. TOTAL    0.09   03/10 TO 03/10

SNOWFALL (INCHES)
RECORDS
 TOTAL             MM   5
 24 HR TOTAL       MM
 SNOW DEPTH        13   03/05/2010
                        03/04/2010
                        03/03/2010
TOTALS            1.0               6.3    -5.3        T
SNOWDEPTH AVG.      0
DAYS >= TRACE       8               5.4     2.6
DAYS >= 1.0         1               2.1    -1.1
GREATEST
 SNOW DEPTH         2   03/01                         -1
 24 HR TOTAL      1.0   03/10 TO 03/10

DEGREE_DAYS
HEATING TOTAL     912               998     -86      779
 SINCE 7/1       6911              7118    -207     6204
COOLING TOTAL       0                 0       0        0
 SINCE 1/1          0                 0       0        0
..............................................................

WIND (MPH)
AVERAGE WIND SPEED              10.3
HIGHEST WIND SPEED/DIRECTION    41/280    DATE  03/16
HIGHEST GUST SPEED/DIRECTION    51/280    DATE  03/16

SKY COVER
AVERAGE SKY COVER           0.40

AVERAGE RH (PERCENT)     66

WEATHER CONDITIONS. NUMBER OF DAYS WITH
THUNDERSTORM              0     MIXED PRECIP               0
HEAVY RAIN                0     RAIN                       0
LIGHT RAIN                2     FREEZING RAIN              0
LT FREEZING RAIN          1     HAIL                       0
HEAVY SNOW                0     SNOW                       0
LIGHT SNOW                8     SLEET                      0
FOG                       8     FOG W/VIS <= 1/4 MILE      0
HAZE                      2

-  INDICATES NEGATIVE NUMBERS.
R  INDICATES RECORD WAS SET OR TIED.
MM INDICATES DATA IS MISSING.
T  INDICATES TRACE AMOUNT.

$$
