000
CXUS55 KTFX 011129
CLMHVR


CLIMATE REPORT
NATIONAL WEATHER SERVICE GREAT FALLS MT
519 AM MDT TUE JUL 1 2014

...................................

...THE HAVRE MT CLIMATE SUMMARY FOR THE MONTH OF JUNE 2014...

CLIMATE NORMAL PERIOD 1981 TO 2010
CLIMATE RECORD PERIOD 1880 TO 2014

WEATHER         OBSERVED          NORMAL  DEPART  LAST YEAR`S
                 VALUE   DATE(S)  VALUE   FROM    VALUE
                                          NORMAL
.............................................................
TEMPERATURE (F)
RECORD
 HIGH             108   06/21/1900
 LOW               29   06/06/1992
                        06/03/1910
HIGHEST            83   06/09        81       2       89
LOWEST             33   06/08        45     -12       39
AVG. MAXIMUM     72.2              75.8    -3.6     75.5
AVG. MINIMUM     46.0              48.5    -2.5     49.4
MEAN             59.1              62.2    -3.1     62.5
DAYS MAX >= 90      0               2.4    -2.4        0
DAYS MAX <= 32      0               0.0     0.0        0
DAYS MIN <= 32      0               0.1    -0.1        0
DAYS MIN <= 0       0               0.0     0.0        0

PRECIPITATION (INCHES)
RECORD
 MAXIMUM         9.33   1887
 MINIMUM         0.16   1985
TOTALS           2.69              2.19    0.50     3.89
DAYS >= .01        14              11.4     2.6
DAYS >= .10         7               5.3     1.7
DAYS >= .50         2               1.1     0.9
DAYS >= 1.00        0               0.5    -0.5
GREATEST
 24 HR. TOTAL      MM

SNOWFALL (INCHES)
RECORDS
 TOTAL            2.0   1950
 24 HR TOTAL      1.5   1950
TOTALS            0.0               0.0     0.0      0.0
SNOWDEPTH AVG.      0
DAYS >= TRACE       0               0.0     0.0
DAYS >= 1.0         0               0.0     0.0
GREATEST
 SNOW DEPTH         0                                0
 24 HR TOTAL        0

DEGREE_DAYS
HEATING TOTAL     175               133      42      113
 SINCE 7/1       8555              8221     334     8018
COOLING TOTAL       6                48     -42       43
 SINCE 1/1         13                59     -46       50
..............................................................

WIND (MPH)
AVERAGE WIND SPEED              10.2
HIGHEST WIND SPEED/DIRECTION    43/250    DATE  06/02
HIGHEST GUST SPEED/DIRECTION    51/250    DATE  06/02

SKY COVER
AVERAGE SKY COVER           0.40

AVERAGE RH (PERCENT)     65

WEATHER CONDITIONS. NUMBER OF DAYS WITH
THUNDERSTORM              0     MIXED PRECIP               0
HEAVY RAIN                6     RAIN                       6
LIGHT RAIN               20     FREEZING RAIN              0
LT FREEZING RAIN          0     HAIL                       0
HEAVY SNOW                0     SNOW                       0
LIGHT SNOW                0     SLEET                      0
FOG                       8     FOG W/VIS <= 1/4 MILE      0
HAZE                      1

-  INDICATES NEGATIVE NUMBERS.
R  INDICATES RECORD WAS SET OR TIED.
MM INDICATES DATA IS MISSING.
T  INDICATES TRACE AMOUNT.

$$

THE WEATHER PATTERN WAS ACTIVE DURING THE MONTH OF JUNE OVER THE
REGION. THE HEAVIEST RAINFALL WAS CONCENTRATED ALONG THE ROCKY
MOUNTAIN FRONT WITH LIGHTER RAINFALL TOTALS ALONG THE HI-LINE.
RAINFALL WAS SLIGHTLY BELOW AVERAGE FOR THE MONTH IN THE HAVRE AREA.
TEMPERATURES WERE GENERALLY COOL WITH THE AVERAGE MONTHLY
TEMPERATURE A FEW DEGREES BELOW AVERAGE. THERE WERE 4 DAYS THAT WERE
80 DEGREES OR WARMER...HAVRE AVERAGES 11 DAYS WITH TEMPERATURES OF
80 DEGREES OR WARMER IN JUNE.
