000
CXUS51 KLWX 042050
CLMIAD

CLIMATE REPORT
NATIONAL WEATHER SERVICE BALTIMORE MD/WASHINGTON DC
450 PM EDT THU JUN 4 2015

...................................

...THE WASHINGTON DULLES DC CLIMATE SUMMARY FOR THE MONTH OF MAY 2015...

CLIMATE NORMAL PERIOD 1981 TO 2010
CLIMATE RECORD PERIOD 1962 TO 2015

WEATHER         OBSERVED          NORMAL  DEPART  LAST YEAR`S
                 VALUE   DATE(S)  VALUE   FROM    VALUE
                                          NORMAL
.............................................................
TEMPERATURE (F)
RECORD
 HIGH              97   05/29/1969
 LOW               28   05/07/1970
HIGHEST            89   05/30        89       0
                        05/28
                        05/18
LOWEST             42   05/23        35       7
AVG. MAXIMUM     80.4              75.1     5.3     75.4
AVG. MINIMUM     57.5              51.2     6.3     53.0
MEAN             68.9              63.2     5.7
DAYS MAX >= 90      0               1.1    -1.1
DAYS MAX <= 32      0               0.0     0.0
DAYS MIN <= 32      0               0.2    -0.2
DAYS MIN <= 0       0               0.0     0.0

PRECIPITATION (INCHES)
RECORD
 MAXIMUM        10.26   2009
                        1988
 MINIMUM         0.34   2007
TOTALS           2.46              4.55   -2.09     6.34
DAILY AVG.       0.08              0.15   -0.07
DAYS >= .01         7              12.2    -5.2
DAYS >= .10         4               7.5    -3.5
DAYS >= .50         2               3.2    -1.2
DAYS >= 1.00        1               1.0     0.0
GREATEST
 24 HR. TOTAL    1.05   05/27 TO 05/27
                        05/26 TO 05/27

DEGREE_DAYS
HEATING TOTAL      48               130     -82       94
 SINCE 7/1       5115              4702     413     5164
COOLING TOTAL     179                72     107       75
 SINCE 1/1        182                92      90       86
..............................................................

WIND (MPH)
AVERAGE WIND SPEED              6.2
HIGHEST WIND SPEED/DIRECTION    35/310    DATE  05/16
HIGHEST GUST SPEED/DIRECTION    40/310    DATE  05/16

SKY COVER
POSSIBLE SUNSHINE (PERCENT)   MM
AVERAGE SKY COVER           0.60
NUMBER OF DAYS FAIR            6
NUMBER OF DAYS PC             21
NUMBER OF DAYS CLOUDY          4

AVERAGE RH (PERCENT)     66

WEATHER CONDITIONS. NUMBER OF DAYS WITH
THUNDERSTORM              6     MIXED PRECIP               0
HEAVY RAIN                2     RAIN                       4
LIGHT RAIN               11     FREEZING RAIN              0
LT FREEZING RAIN          0     HAIL                       0
HEAVY SNOW                0     SNOW                       0
LIGHT SNOW                0     SLEET                      0
FOG                      12     FOG W/VIS <= 1/4 MILE      2
HAZE                      2

-  INDICATES NEGATIVE NUMBERS.
R  INDICATES RECORD WAS SET OR TIED.
MM INDICATES DATA IS MISSING.
T  INDICATES TRACE AMOUNT.

&&
THE MONTHLY AVERAGE TEMPERATURE WAS WELL ABOVE NORMAL. MONTHLY
PRECIPITATION WAS WELL BELOW NORMAL.

PRELIMINARY DATA INDICATES THAT MAY 2015 WAS THE THIRD WARMEST MAY
ON RECORD. THIS WAS ACCOMPLISHED WITHOUT EVER HITTING 90 DEGREES.

FOUR DAILY HIGH MINIMUM TEMPERATURE RECORDS WERE BROKEN THIS MONTH.

THE FIRST RECORD OF 66 DEGREES ON THE 12TH BROKE THE OLD RECORD OF
65 SET IN 2004. THE SECOND RECORD OF 65 DEGREES ON THE 17TH TIED THE
OLD RECORD SET IN 1974. THE THIRD RECORD OF 68 DEGREES ON THE 18TH
BROKE THE OLD RECORD OF 66 SET IN 1995. THE FOURTH RECORD OF 66
DEGREES ON THE 19TH TIED THE OLD RECORD SET IN 1969.

ALTHOUGH THE MONTH OVERALL WAS QUITE WARM...A DAILY RECORD LOW
MAXIMUM TEMPERATURE OF 58 DEGREES WAS OBSERVED ON THE 21ST. THIS
BROKE THE OLD RECORD OF 59 DEGREES SET IN 2002.

$$
SMZ/DH
