000
CXUS51 KLWX 022030
CLMIAD

CLIMATE REPORT
NATIONAL WEATHER SERVICE BALTIMORE MD/WASHINGTON DC
430 PM EDT FRI SEP 2 2016

...................................

...THE WASHINGTON DULLES DC CLIMATE SUMMARY FOR THE MONTH OF AUGUST 2016...

CLIMATE NORMAL PERIOD 1981 TO 2010
CLIMATE RECORD PERIOD 1962 TO 2016

WEATHER         OBSERVED          NORMAL  DEPART  LAST YEAR`S
                 VALUE   DATE(S)  VALUE   FROM    VALUE
                                          NORMAL
.............................................................
TEMPERATURE (F)
RECORD
 HIGH             104   08/20/1983
 LOW               38   08/29/1982
HIGHEST            99   08/13        95       4
LOWEST             61   08/23        50      11
                        08/09
AVG. MAXIMUM     90.3              86.6     3.7     85.4
AVG. MINIMUM     68.6              64.2     4.4     63.8
MEAN             79.4              75.4     4.0
DAYS MAX >= 90     20               8.9    11.1
DAYS MAX <= 32      0               0.0     0.0
DAYS MIN <= 32      0               0.0     0.0
DAYS MIN <= 0       0               0.0     0.0

PRECIPITATION (INCHES)
RECORD
 MAXIMUM        10.71   1984
 MINIMUM         0.44   1998
TOTALS           0.96              3.53   -2.57     1.09
DAILY AVG.       0.03              0.11   -0.08
DAYS >= .01         6               9.4    -3.4
DAYS >= .10         2               5.6    -3.6
DAYS >= .50         1               2.1    -1.1
DAYS >= 1.00        0               1.0    -1.0
GREATEST
 24 HR. TOTAL    0.66   08/17 TO 08/17
                        08/16 TO 08/17
                        08/17 TO 08/17

DEGREE_DAYS
HEATING TOTAL       0                 2      -2        0
 SINCE 7/1          0                 2      -2        0
COOLING TOTAL     453               324     129      305
 SINCE 1/1       1263              1016     247     1111
..............................................................

WIND (MPH)
AVERAGE WIND SPEED              5.9
HIGHEST WIND SPEED/DIRECTION    26/310    DATE  08/21
HIGHEST GUST SPEED/DIRECTION    36/240    DATE  08/17

SKY COVER
POSSIBLE SUNSHINE (PERCENT)   MM
AVERAGE SKY COVER           0.50
NUMBER OF DAYS FAIR            8
NUMBER OF DAYS PC             22
NUMBER OF DAYS CLOUDY          1

AVERAGE RH (PERCENT)     69

WEATHER CONDITIONS. NUMBER OF DAYS WITH
THUNDERSTORM              5     MIXED PRECIP               0
HEAVY RAIN                1     RAIN                       4
LIGHT RAIN                8     FREEZING RAIN              0
LT FREEZING RAIN          0     HAIL                       0
HEAVY SNOW                0     SNOW                       0
LIGHT SNOW                0     SLEET                      0
FOG                       8     FOG W/VIS <= 1/4 MILE      0
HAZE                      2

-  INDICATES NEGATIVE NUMBERS.
R  INDICATES RECORD WAS SET OR TIED.
MM INDICATES DATA IS MISSING.
T  INDICATES TRACE AMOUNT.

&&

DULLES INTERNATIONAL AIRPORT...

THE MONTHLY AVERAGE TEMPERATURE RANKED AS THE WARMEST AUGUST ON
RECORD...BREAKING THE PREVIOUS RECORD OF 78.7 DEGREES SET IN 2007.
MONTHLY PRECIPITATION WAS WELL BELOW NORMAL...AND RANKED AS THE
THIRD DRIEST AUGUST ON RECORD.

THE MONTHLY AVERAGE MAXIMUM TEMPERATURE (AVERAGE OF DAILY HIGHS) WAS
90.3 DEGREES. THIS TIES WITH 1991 AS THE WARMEST ON RECORD FOR THE
MONTH OF AUGUST. THE MONTHLY AVERAGE MINIMUM TEMPERATURE (AVERAGE OF
DAILY LOWS) WAS 68.6 DEGREES. THIS ALSO RANKS AS THE WARMEST ON
RECORD FOR THE MONTH OF AUGUST...BREAKING THE RECORD OF 68.1 SET IN
2009.

TWO DAILY HIGH TEMPERATURE RECORDS WERE SET LAST MONTH. A HIGH
TEMPERATURE OF 99 ON THE 13TH BROKE THE OLD RECORD OF 98 SET IN
2002. A HIGH TEMPERATURE OF 95 ON THE 26TH TIED THE RECORD
PREVIOUSLY SET IN 1998...1993 AND 1975.

SIX DAILY HIGH MINIMUM TEMPERATURE RECORDS WERE SET LAST MONTH. A
LOW TEMPERATURE OF 74 ON THE 6TH BROKE THE OLD RECORD OF 72 SET IN
2012...2011 AND 2007. A LOW OF 75 ON THE 10TH TIED THE RECORD
PREVIOUSLY SET IN 2001. A LOW OF 75 ON THE 11TH TIED THE RECORD
PREVIOUSLY SET IN 1988. A LOW OF 77 ON THE 12TH BROKE THE OLD RECORD
OF 75 SET IN 1988. A LOW OF 78 ON THE 13TH BROKE THE OLD RECORD OF
76 SET IN 1988. A LOW OF 76 ON THE 14TH BROKE THE OLD RECORD OF 75
SET IN 2005.

RECORDS AT DULLES INTERNATIONAL AIRPORT DATE BACK TO 1962.

ALL CLIMATE DATA ARE CONSIDERED PRELIMINARY UNTIL REVIEWED BY THE
NATIONAL CENTERS FOR ENVIRONMENTAL INFORMATION.

$$

DH
