000
CXUS53 KUNR 011602
CLMICR


CLIMATE REPORT
NATIONAL WEATHER SERVICE RAPID CITY SD
1001 AM MDT FRI AUG 1 2014

...................................

...THE WINNER REGIONAL AIRPORT SD CLIMATE SUMMARY FOR THE MONTH OF JULY 2014...

CLIMATE NORMAL PERIOD 1981 TO 2010
CLIMATE RECORD PERIOD 9999 TO 9999

WEATHER         OBSERVED          NORMAL  DEPART  LAST YEAR`S
                 VALUE   DATE(S)  VALUE   FROM    VALUE  DATE(S)
                                          NORMAL
................................................................
TEMPERATURE (F)
HIGHEST           108   07/21                         97  07/12
LOWEST             46R  07/15                         49  07/28
                                                          07/27
AVG. MAXIMUM     87.3              88.2    -0.9     85.0
AVG. MINIMUM     60.0              62.8    -2.8     62.7
MEAN             73.6              75.5    -1.9     73.9
DAYS MAX >= 90     11                                  6
DAYS MAX <= 32      0                                  0
DAYS MIN <= 32      0                                  0
DAYS MIN <= 0       0                                  0

PRECIPITATION (INCHES)
TOTALS           0.25              2.96   -2.71     2.60
DAILY AVG.       0.01              0.10   -0.09     0.08
DAYS >= .01         6                                  9
DAYS >= .10         1                                  4
DAYS >= .50         0                                  3
DAYS >= 1.00        0                                  0
GREATEST
 24 HR. TOTAL    0.12   07/07 TO 07/07              0.84

DEGREE_DAYS
HEATING TOTAL      12                 5       7        7
 SINCE 7/1         12                 5       7        7
COOLING TOTAL     286               331     -45      288
 SINCE 1/1        484               506     -22      459
.................................................................

WIND (MPH)
AVERAGE WIND SPEED              10.3
HIGHEST WIND SPEED/DIRECTION    39/210    DATE  07/10
HIGHEST GUST SPEED/DIRECTION    55/230    DATE  07/10

AVERAGE RH (PERCENT)     60

WEATHER CONDITIONS. NUMBER OF DAYS WITH
THUNDERSTORM              0     MIXED PRECIP               0
HEAVY RAIN                0     RAIN                       1
LIGHT RAIN                9     FREEZING RAIN              0
LT FREEZING RAIN          0     HAIL                       0
HEAVY SNOW                0     SNOW                       0
LIGHT SNOW                0     SLEET                      0
FOG                       3     FOG W/VIS <= 1/4 MILE      0
HAZE                      4

-  INDICATES NEGATIVE NUMBERS.
R  INDICATES RECORD WAS SET OR TIED.
MM INDICATES DATA IS MISSING.
T  INDICATES TRACE AMOUNT.

$$
