000
CXUS53 KUNR 011602
CLMICR


CLIMATE REPORT
NATIONAL WEATHER SERVICE RAPID CITY SD
1001 AM MDT SAT JUL 1 2017

...................................

...THE WINNER REGIONAL AIRPORT SD CLIMATE SUMMARY FOR THE MONTH OF JUNE 2017...

CLIMATE NORMAL PERIOD 1981 TO 2010
CLIMATE RECORD PERIOD 9999 TO 9999

WEATHER         OBSERVED          NORMAL  DEPART  LAST YEAR`S
                 VALUE   DATE(S)  VALUE   FROM    VALUE  DATE(S)
                                          NORMAL
................................................................
TEMPERATURE (F)
HIGHEST            98   06/21                        100  06/24
LOWEST             44   06/25                         48  06/07
                        06/24
AVG. MAXIMUM     86.9              80.1     6.8     88.1
AVG. MINIMUM     57.3              56.0     1.3     60.4
MEAN             72.1              68.1     4.0     74.2
DAYS MAX >= 90     12                                 12
DAYS MAX <= 32      0                                  0
DAYS MIN <= 32      0                                  0
DAYS MIN <= 0       0                                  0

PRECIPITATION (INCHES)
TOTALS           0.25              3.65   -3.40     1.05
DAILY AVG.       0.01              0.12   -0.11     0.04
DAYS >= .01         4                                  7
DAYS >= .10         1                                  2
DAYS >= .50         0                                  1
DAYS >= 1.00        0                                  0
GREATEST
 24 HR. TOTAL    0.19   06/17 TO 06/17              0.61

DEGREE_DAYS
HEATING TOTAL       8                54     -46        3
 SINCE 7/1       5553              6699   -1146     5573
COOLING TOTAL     230               145      85      286
 SINCE 1/1        258               175      83      333
.................................................................

WIND (MPH)
AVERAGE WIND SPEED              10.8
HIGHEST WIND SPEED/DIRECTION    38/320    DATE  06/17
HIGHEST GUST SPEED/DIRECTION    51/310    DATE  06/17

AVERAGE RH (PERCENT)     52

WEATHER CONDITIONS. NUMBER OF DAYS WITH
THUNDERSTORM              0     MIXED PRECIP               0
HEAVY RAIN                1     RAIN                       1
LIGHT RAIN                6     FREEZING RAIN              0
LT FREEZING RAIN          0     HAIL                       0
HEAVY SNOW                0     SNOW                       0
LIGHT SNOW                0     SLEET                      0
FOG                       1     FOG W/VIS <= 1/4 MILE      0
HAZE                      1

-  INDICATES NEGATIVE NUMBERS.
R  INDICATES RECORD WAS SET OR TIED.
MM INDICATES DATA IS MISSING.
T  INDICATES TRACE AMOUNT.

$$
