000
CXUS53 KUNR 011504
CLMICR


CLIMATE REPORT
NATIONAL WEATHER SERVICE RAPID CITY SD
903 AM MDT SAT AUG 1 2015

...................................

...THE WINNER REGIONAL AIRPORT SD CLIMATE SUMMARY FOR THE MONTH OF JULY 2015...

CLIMATE NORMAL PERIOD 1981 TO 2010
CLIMATE RECORD PERIOD 9999 TO 9999

WEATHER         OBSERVED          NORMAL  DEPART  LAST YEAR`S
                 VALUE   DATE(S)  VALUE   FROM    VALUE  DATE(S)
                                          NORMAL
................................................................
TEMPERATURE (F)
HIGHEST           105   07/23                        108  07/21
LOWEST             54   07/07                         46  07/15
AVG. MAXIMUM     89.6              88.2     1.4     87.3
AVG. MINIMUM     64.1              62.8     1.3     60.0
MEAN             76.9              75.5     1.4     73.6
DAYS MAX >= 90     16                                 11
DAYS MAX <= 32      0                                  0
DAYS MIN <= 32      0                                  0
DAYS MIN <= 0       0                                  0

PRECIPITATION (INCHES)
TOTALS           2.02              2.96   -0.94     0.25
DAILY AVG.       0.07              0.10   -0.03     0.01
DAYS >= .01        13                                  6
DAYS >= .10         5                                  1
DAYS >= .50         1                                  0
DAYS >= 1.00        0                                  0
GREATEST
 24 HR. TOTAL    0.60   07/05 TO 07/06              0.12

DEGREE_DAYS
HEATING TOTAL       0                 5      -5       12
 SINCE 7/1          0                 5      -5       12
COOLING TOTAL     375               331      44      286
 SINCE 1/1        628               506     122      484
.................................................................

WIND (MPH)
AVERAGE WIND SPEED              10.5
HIGHEST WIND SPEED/DIRECTION    59/280    DATE  07/05
HIGHEST GUST SPEED/DIRECTION    72/280    DATE  07/05

AVERAGE RH (PERCENT)     57

WEATHER CONDITIONS. NUMBER OF DAYS WITH
THUNDERSTORM              0     MIXED PRECIP               0
HEAVY RAIN                5     RAIN                       4
LIGHT RAIN               14     FREEZING RAIN              0
LT FREEZING RAIN          0     HAIL                       0
HEAVY SNOW                0     SNOW                       0
LIGHT SNOW                0     SLEET                      0
FOG                      12     FOG W/VIS <= 1/4 MILE      1
HAZE                      6

-  INDICATES NEGATIVE NUMBERS.
R  INDICATES RECORD WAS SET OR TIED.
MM INDICATES DATA IS MISSING.
T  INDICATES TRACE AMOUNT.

$$
