524
CXUS53 KUNR 011609
CLMICR


CLIMATE REPORT
NATIONAL WEATHER SERVICE RAPID CITY SD
908 AM MST THU FEB 1 2018

...................................

...THE WINNER REGIONAL AIRPORT SD CLIMATE SUMMARY FOR THE MONTH OF JANUARY 2018...

CLIMATE NORMAL PERIOD 1981 TO 2010
CLIMATE RECORD PERIOD 9999 TO 9999

WEATHER         OBSERVED          NORMAL  DEPART  LAST YEAR`S
                 VALUE   DATE(S)  VALUE   FROM    VALUE  DATE(S)
                                          NORMAL
................................................................
TEMPERATURE (F)
HIGHEST            55   01/19                         55  01/18
LOWEST            -27R  01/01                         -5  01/04
AVG. MAXIMUM     33.3              35.5    -2.2     32.7
AVG. MINIMUM     12.4              13.9    -1.5     15.0
MEAN             22.6              24.7    -2.1     23.9
DAYS MAX >= 90      0                                  0
DAYS MAX <= 32     13                                 12
DAYS MIN <= 32     28                                 29
DAYS MIN <= 0       7                                  5

PRECIPITATION (INCHES)
TOTALS           0.86              0.25    0.61     1.08
DAILY AVG.       0.03              0.01    0.02     0.03
DAYS >= .01         2                                  4
DAYS >= .10         1                                  1
DAYS >= .50         1                                  1
DAYS >= 1.00        0                                  0
GREATEST
 24 HR. TOTAL    0.85   01/21 TO 01/21              0.98

DEGREE_DAYS
HEATING TOTAL    1179              1249     -70     1268
 SINCE 7/1       3593              3955    -362     3322
COOLING TOTAL       0                 0       0        0
 SINCE 1/1          0                 0       0        0
.................................................................

WIND (MPH)
AVERAGE WIND SPEED              11.5
HIGHEST WIND SPEED/DIRECTION    39/320    DATE  01/11
HIGHEST GUST SPEED/DIRECTION    47/320    DATE  01/11

AVERAGE RH (PERCENT)     71

WEATHER CONDITIONS. NUMBER OF DAYS WITH
THUNDERSTORM              0     MIXED PRECIP               0
HEAVY RAIN                0     RAIN                       0
LIGHT RAIN                1     FREEZING RAIN              1
LT FREEZING RAIN          2     HAIL                       0
HEAVY SNOW                1     SNOW                       1
LIGHT SNOW               10     SLEET                      0
FOG                       8     FOG W/VIS <= 1/4 MILE      2
HAZE                      4

-  INDICATES NEGATIVE NUMBERS.
R  INDICATES RECORD WAS SET OR TIED.
MM INDICATES DATA IS MISSING.
T  INDICATES TRACE AMOUNT.

$$
