175
CXUS53 KICT 010951
CLMICT


CLIMATE REPORT
NATIONAL WEATHER SERVICE WICHITA KS
349 AM CST THU FEB 1 2018

...................................

...THE WICHITA EISENHOWER NATIONAL CLIMATE SUMMARY FOR THE MONTH OF JANUARY 2018...

CLIMATE NORMAL PERIOD 1981 TO 2010
CLIMATE RECORD PERIOD 1888 TO 2018

WEATHER         OBSERVED          NORMAL  DEPART  LAST YEAR`S
                 VALUE   DATE(S)  VALUE   FROM    VALUE  DATE(S)
                                          NORMAL
................................................................
TEMPERATURE (F)
RECORD
 HIGH              75   01/08/2002
                        01/22/1967
 LOW              -15   01/12/1912
HIGHEST            67   01/25                         73  01/30
LOWEST             -2   01/01                          4  01/07
AVG. MAXIMUM     47.2              42.5     4.7     47.6
AVG. MINIMUM     20.9              21.9    -1.0     25.6
MEAN             34.1              32.2     1.9     36.6
DAYS MAX >= 90      0               0.0     0.0        0
DAYS MAX <= 32      5               7.0    -2.0        4
DAYS MIN <= 32     26              27.3    -1.3       25
DAYS MIN <= 0       1               0.6     0.4        0

PRECIPITATION (INCHES)
RECORD
 MAXIMUM         6.29   1949
 MINIMUM         0.00   1986
                        1919
                        1914
TOTALS           0.20              0.83   -0.63     2.79
DAILY AVG.       0.01              0.03   -0.02     0.09
DAYS >= .01         3               4.7    -1.7        7
DAYS >= .10         1               1.9    -0.9        4
DAYS >= .50         0               0.4    -0.4        2
DAYS >= 1.00        0               0.1    -0.1        1
GREATEST
 24 HR. TOTAL    0.11   01/11 TO 01/11

SNOWFALL (INCHES)
RECORDS
 TOTAL           19.7   1987
TOTALS            0.3               3.6    -3.3        T
SINCE 7/1         0.3               9.2    -8.9      2.0
SNOWDEPTH AVG.      0                 2      -2        0
DAYS >= 1.0         0               1.2    -1.2        0
GREATEST
 SNOW DEPTH         0   MM                             0  MM
 24 HR TOTAL      0.3   01/15 TO 01/15                 T

DEGREE_DAYS
HEATING TOTAL     951              1017     -66      872
 SINCE 7/1       2547              2860    -313     2312
COOLING TOTAL       0                 0       0        0
 SINCE 1/1          0                 0       0        0
.................................................................

WIND (MPH)
AVERAGE WIND SPEED              12.2
HIGHEST WIND SPEED/DIRECTION    41/310    DATE  01/22
HIGHEST GUST SPEED/DIRECTION    50/310    DATE  01/22

SKY COVER
POSSIBLE SUNSHINE (PERCENT)   MM
AVERAGE SKY COVER           0.40
NUMBER OF DAYS FAIR           14
NUMBER OF DAYS PC             14
NUMBER OF DAYS CLOUDY          3

AVERAGE RH (PERCENT)     58

WEATHER CONDITIONS. NUMBER OF DAYS WITH
THUNDERSTORM              0     MIXED PRECIP               0
HEAVY RAIN                0     RAIN                       2
LIGHT RAIN                5     FREEZING RAIN              1
LT FREEZING RAIN          1     HAIL                       0
HEAVY SNOW                0     SNOW                       2
LIGHT SNOW                2     SLEET                      2
FOG                       6     FOG W/VIS <= 1/4 MILE      0
HAZE                      2

-  INDICATES NEGATIVE NUMBERS.
R  INDICATES RECORD WAS SET OR TIED.
MM INDICATES DATA IS MISSING.
T  INDICATES TRACE AMOUNT.

$$
