000
CXUS53 KUNR 011602
CLMIEN


CLIMATE REPORT
NATIONAL WEATHER SERVICE RAPID CITY SD
1002 AM MDT WED JUL 1 2015

...................................

...THE PINE RIDGE SD CLIMATE SUMMARY FOR THE MONTH OF JUNE 2015...

CLIMATE NORMAL PERIOD 1981 TO 2010
CLIMATE RECORD PERIOD 9999 TO 9999

WEATHER         OBSERVED          NORMAL  DEPART  LAST YEAR`S
                 VALUE   DATE(S)  VALUE   FROM    VALUE  DATE(S)
                                          NORMAL
................................................................
TEMPERATURE (F)
HIGHEST            93   06/09                         89  06/26
LOWEST             51   06/17                         38  06/12
                        06/03
AVG. MAXIMUM     80.4              79.8     0.6     76.0
AVG. MINIMUM     56.3              51.7     4.6     50.1
MEAN             68.4              65.8     2.6     63.0
DAYS MAX >= 90      2                                  0
DAYS MAX <= 32      0                                  0
DAYS MIN <= 32      0                                  0
DAYS MIN <= 0       0                                  0

PRECIPITATION (INCHES)
TOTALS           3.77              3.43    0.34     4.54
DAILY AVG.       0.13              0.11    0.02     0.15
DAYS >= .01        16                                 13
DAYS >= .10        11                                  8
DAYS >= .50         1                                  4
DAYS >= 1.00        0                                  1
GREATEST
 24 HR. TOTAL    0.70   06/05 TO 06/06              1.53

DEGREE_DAYS
HEATING TOTAL      10                87     -77      108
 SINCE 7/1       6874              7214    -340     7468
COOLING TOTAL     121               110      11       57
 SINCE 1/1        121               127      -6       82
.................................................................

WIND (MPH)
AVERAGE WIND SPEED              8.0
HIGHEST WIND SPEED/DIRECTION    40/350    DATE  06/17
HIGHEST GUST SPEED/DIRECTION    61/350    DATE  06/17

AVERAGE RH (PERCENT)     69

WEATHER CONDITIONS. NUMBER OF DAYS WITH
THUNDERSTORM              0     MIXED PRECIP               0
HEAVY RAIN               10     RAIN                      13
LIGHT RAIN               14     FREEZING RAIN              0
LT FREEZING RAIN          0     HAIL                       0
HEAVY SNOW                0     SNOW                       0
LIGHT SNOW                0     SLEET                      0
FOG                      15     FOG W/VIS <= 1/4 MILE      2
HAZE                      4

-  INDICATES NEGATIVE NUMBERS.
R  INDICATES RECORD WAS SET OR TIED.
MM INDICATES DATA IS MISSING.
T  INDICATES TRACE AMOUNT.

$$
