000
CXUS53 KUNR 011504
CLMIEN


CLIMATE REPORT
NATIONAL WEATHER SERVICE RAPID CITY SD
903 AM MDT SAT AUG 1 2015

...................................

...THE PINE RIDGE SD CLIMATE SUMMARY FOR THE MONTH OF JULY 2015...

CLIMATE NORMAL PERIOD 1981 TO 2010
CLIMATE RECORD PERIOD 9999 TO 9999

WEATHER         OBSERVED          NORMAL  DEPART  LAST YEAR`S
                 VALUE   DATE(S)  VALUE   FROM    VALUE  DATE(S)
                                          NORMAL
................................................................
TEMPERATURE (F)
HIGHEST            98   07/26                         99  07/24
LOWEST             39R  07/29                         41  07/02
AVG. MAXIMUM     85.4              89.1    -3.7     84.4
AVG. MINIMUM     56.3              58.3    -2.0     54.5
MEAN             70.8              73.7    -2.9     69.5
DAYS MAX >= 90     10                                  6
DAYS MAX <= 32      0                                  0
DAYS MIN <= 32      0                                  0
DAYS MIN <= 0       0                                  0

PRECIPITATION (INCHES)
TOTALS           2.64              2.27    0.37     2.56
DAILY AVG.       0.09              0.07    0.02     0.08
DAYS >= .01         7                                  8
DAYS >= .10         4                                  4
DAYS >= .50         2                                  1
DAYS >= 1.00        2                                  1
GREATEST
 24 HR. TOTAL    1.25   07/05 TO 07/06              1.51

DEGREE_DAYS
HEATING TOTAL       8                12      -4       28
 SINCE 7/1          8                12      -4       28
COOLING TOTAL     196               281     -85      176
 SINCE 1/1        317               408     -91      258
.................................................................

WIND (MPH)
AVERAGE WIND SPEED              7.6
HIGHEST WIND SPEED/DIRECTION    30/180    DATE  07/27
HIGHEST GUST SPEED/DIRECTION    41/270    DATE  07/01

AVERAGE RH (PERCENT)     62

WEATHER CONDITIONS. NUMBER OF DAYS WITH
THUNDERSTORM              0     MIXED PRECIP               0
HEAVY RAIN                3     RAIN                       6
LIGHT RAIN                9     FREEZING RAIN              0
LT FREEZING RAIN          0     HAIL                       0
HEAVY SNOW                0     SNOW                       0
LIGHT SNOW                0     SLEET                      0
FOG                       8     FOG W/VIS <= 1/4 MILE      0
HAZE                      6

-  INDICATES NEGATIVE NUMBERS.
R  INDICATES RECORD WAS SET OR TIED.
MM INDICATES DATA IS MISSING.
T  INDICATES TRACE AMOUNT.

$$
