000
CXUS53 KUNR 011602
CLMIEN


CLIMATE REPORT
NATIONAL WEATHER SERVICE RAPID CITY SD
901 AM MST SUN MAR 1 2015

...................................

...THE PINE RIDGE SD CLIMATE SUMMARY FOR THE MONTH OF FEBRUARY 2015...

CLIMATE NORMAL PERIOD 1981 TO 2010
CLIMATE RECORD PERIOD 9999 TO 9999

WEATHER         OBSERVED          NORMAL  DEPART  LAST YEAR`S
                 VALUE   DATE(S)  VALUE   FROM    VALUE  DATE(S)
                                          NORMAL
................................................................
TEMPERATURE (F)
HIGHEST            71   02/07                         63  02/16
LOWEST             -8   02/27                        -21  02/07
AVG. MAXIMUM     42.5              40.0     2.5     31.4
AVG. MINIMUM     14.6              13.3     1.3      5.5
MEAN             28.5              26.7     1.8     18.4
DAYS MAX >= 90      0                                  0
DAYS MAX <= 32     10                                 15
DAYS MIN <= 32     28                                 28
DAYS MIN <= 0       3                                 13

PRECIPITATION (INCHES)
TOTALS           0.27              0.47   -0.20     0.18
DAILY AVG.       0.01              0.02   -0.01     0.01
DAYS >= .01         6                                  7
DAYS >= .10         1                                  0
DAYS >= .50         0                                  0
DAYS >= 1.00        0                                  0
GREATEST
 24 HR. TOTAL    0.15   02/16 TO 02/17              0.08

DEGREE_DAYS
HEATING TOTAL    1014              1073     -59     1297
 SINCE 7/1       5210              5350    -140     5482
COOLING TOTAL       0                 0       0        0
 SINCE 1/1          0                 0       0        0
.................................................................

WIND (MPH)
AVERAGE WIND SPEED              8.1
HIGHEST WIND SPEED/DIRECTION    39/270    DATE  02/07
HIGHEST GUST SPEED/DIRECTION    49/270    DATE  02/07

AVERAGE RH (PERCENT)     64

WEATHER CONDITIONS. NUMBER OF DAYS WITH
THUNDERSTORM              0     MIXED PRECIP               0
HEAVY RAIN                0     RAIN                       1
LIGHT RAIN                5     FREEZING RAIN              0
LT FREEZING RAIN          0     HAIL                       0
HEAVY SNOW                2     SNOW                       4
LIGHT SNOW                9     SLEET                      0
FOG                      10     FOG W/VIS <= 1/4 MILE      1
HAZE                      8

-  INDICATES NEGATIVE NUMBERS.
R  INDICATES RECORD WAS SET OR TIED.
MM INDICATES DATA IS MISSING.
T  INDICATES TRACE AMOUNT.

$$
