000
CXUS53 KUNR 092059
CLMIEN


CLIMATE REPORT
NATIONAL WEATHER SERVICE RAPID CITY SD
159 PM MST THU MAR 9 2017

...................................

...THE PINE RIDGE SD CLIMATE SUMMARY FOR THE MONTH OF FEBRUARY 2017...

CLIMATE NORMAL PERIOD 1981 TO 2010
CLIMATE RECORD PERIOD 9999 TO 9999

WEATHER         OBSERVED          NORMAL  DEPART  LAST YEAR`S
                 VALUE   DATE(S)  VALUE   FROM    VALUE  DATE(S)
                                          NORMAL
................................................................
TEMPERATURE (F)
HIGHEST            72   02/21                         73  02/18
LOWEST             -9   02/03                         10  02/04
AVG. MAXIMUM     43.5              40.0     3.5     48.8
AVG. MINIMUM     17.1              13.3     3.8     22.8
MEAN             30.3              26.7     3.6     35.8
DAYS MAX >= 90      0                                  0
DAYS MAX <= 32      9                                  3
DAYS MIN <= 32     25                                 26
DAYS MIN <= 0       4                                  0

PRECIPITATION (INCHES)
TOTALS           0.73              0.47    0.26     0.29
DAILY AVG.       0.03              0.02    0.01     0.01
DAYS >= .01         9                                  6
DAYS >= .10         3                                  0
DAYS >= .50         0                                  0
DAYS >= 1.00        0                                  0
GREATEST
 24 HR. TOTAL    0.28   02/07 TO 02/08              0.09

DEGREE_DAYS
HEATING TOTAL     966              1073    -107      838
 SINCE 7/1       5166              5350    -184     4869
COOLING TOTAL       0                 0       0        0
 SINCE 1/1          0                 0       0        0
.................................................................

WIND (MPH)
AVERAGE WIND SPEED              7.3
HIGHEST WIND SPEED/DIRECTION    41/180    DATE  02/03
HIGHEST GUST SPEED/DIRECTION    53/180    DATE  02/03

AVERAGE RH (PERCENT)     70

WEATHER CONDITIONS. NUMBER OF DAYS WITH
THUNDERSTORM              0     MIXED PRECIP               0
HEAVY RAIN                0     RAIN                       0
LIGHT RAIN                3     FREEZING RAIN              0
LT FREEZING RAIN          0     HAIL                       0
HEAVY SNOW                2     SNOW                       5
LIGHT SNOW                9     SLEET                      0
FOG                      14     FOG W/VIS <= 1/4 MILE      5
HAZE                      7

-  INDICATES NEGATIVE NUMBERS.
R  INDICATES RECORD WAS SET OR TIED.
MM INDICATES DATA IS MISSING.
T  INDICATES TRACE AMOUNT.

$$
