000
CXUS53 KUNR 011604
CLMIEN


CLIMATE REPORT
NATIONAL WEATHER SERVICE RAPID CITY SD
903 AM MST FRI DEC 1 2017

...................................

...THE PINE RIDGE SD CLIMATE SUMMARY FOR THE MONTH OF NOVEMBER 2017...

CLIMATE NORMAL PERIOD 1981 TO 2010
CLIMATE RECORD PERIOD 9999 TO 9999

WEATHER         OBSERVED          NORMAL  DEPART  LAST YEAR`S
                 VALUE   DATE(S)  VALUE   FROM    VALUE  DATE(S)
                                          NORMAL
................................................................
TEMPERATURE (F)
HIGHEST            77   11/16                         76  11/05
                                                          11/04
LOWEST             12   11/30                          3  11/19
AVG. MAXIMUM     54.2              47.8     6.4     58.2
AVG. MINIMUM     24.3              19.9     4.4     25.1
MEAN             39.2              33.8     5.4     41.7
DAYS MAX >= 90      0                                  0
DAYS MAX <= 32      0                                  2
DAYS MIN <= 32     26                                 23
DAYS MIN <= 0       0                                  0

PRECIPITATION (INCHES)
TOTALS           0.28              0.57   -0.29     0.42
DAILY AVG.       0.01              0.02   -0.01     0.01
DAYS >= .01         5                                  7
DAYS >= .10         1                                  1
DAYS >= .50         0                                  0
DAYS >= 1.00        0                                  0
GREATEST
 24 HR. TOTAL    0.19   11/01 TO 11/01              0.23

DEGREE_DAYS
HEATING TOTAL     767               935    -168      694
 SINCE 7/1       1497              1690    -193     1173
COOLING TOTAL       0                 0       0        0
 SINCE 1/1        780               717      63      774
.................................................................

WIND (MPH)
AVERAGE WIND SPEED              7.5
HIGHEST WIND SPEED/DIRECTION    38/180    DATE  11/29
HIGHEST GUST SPEED/DIRECTION    50/180    DATE  11/29

AVERAGE RH (PERCENT)     60

WEATHER CONDITIONS. NUMBER OF DAYS WITH
THUNDERSTORM              0     MIXED PRECIP               0
HEAVY RAIN                0     RAIN                       0
LIGHT RAIN                4     FREEZING RAIN              0
LT FREEZING RAIN          0     HAIL                       0
HEAVY SNOW                0     SNOW                       0
LIGHT SNOW                2     SLEET                      0
FOG                       4     FOG W/VIS <= 1/4 MILE      1
HAZE                      1

-  INDICATES NEGATIVE NUMBERS.
R  INDICATES RECORD WAS SET OR TIED.
MM INDICATES DATA IS MISSING.
T  INDICATES TRACE AMOUNT.

$$
