000
CXUS53 KUNR 011604
CLMIEN


CLIMATE REPORT
NATIONAL WEATHER SERVICE RAPID CITY SD
1003 AM MDT WED OCT 1 2014

...................................

...THE PINE RIDGE SD CLIMATE SUMMARY FOR THE MONTH OF SEPTEMBER 2014...

CLIMATE NORMAL PERIOD 1981 TO 2010
CLIMATE RECORD PERIOD 9999 TO 9999

WEATHER         OBSERVED          NORMAL  DEPART  LAST YEAR`S
                 VALUE   DATE(S)  VALUE   FROM    VALUE  DATE(S)
                                          NORMAL
................................................................
TEMPERATURE (F)
HIGHEST            96   09/03                         99  09/06
LOWEST             28   09/15                         29  09/20
AVG. MAXIMUM     75.5              77.6    -2.1     81.8
AVG. MINIMUM     46.0              44.5     1.5     50.7
MEAN             60.8              61.0    -0.2     66.3
DAYS MAX >= 90      4                                 10
DAYS MAX <= 32      0                                  0
DAYS MIN <= 32      1                                  1
DAYS MIN <= 0       0                                  0

PRECIPITATION (INCHES)
TOTALS           2.61              1.61    1.00     1.56
DAILY AVG.       0.09              0.05    0.04     0.05
DAYS >= .01         7                                  6
DAYS >= .10         3                                  3
DAYS >= .50         1                                  2
DAYS >= 1.00        1                                  0
GREATEST
 24 HR. TOTAL    2.15   09/29 TO 09/29              1.36

DEGREE_DAYS
HEATING TOTAL     178               185      -7      105
 SINCE 7/1        222               222       0      107
COOLING TOTAL      61                66      -5      152
 SINCE 1/1        479               714    -235      804
.................................................................

WIND (MPH)
AVERAGE WIND SPEED              8.1
HIGHEST WIND SPEED/DIRECTION    35/270    DATE  09/30
HIGHEST GUST SPEED/DIRECTION    46/270    DATE  09/30

AVERAGE RH (PERCENT)     65

WEATHER CONDITIONS. NUMBER OF DAYS WITH
THUNDERSTORM              0     MIXED PRECIP               0
HEAVY RAIN                2     RAIN                       4
LIGHT RAIN               10     FREEZING RAIN              0
LT FREEZING RAIN          0     HAIL                       0
HEAVY SNOW                0     SNOW                       0
LIGHT SNOW                0     SLEET                      0
FOG                       8     FOG W/VIS <= 1/4 MILE      0
HAZE                      3

-  INDICATES NEGATIVE NUMBERS.
R  INDICATES RECORD WAS SET OR TIED.
MM INDICATES DATA IS MISSING.
T  INDICATES TRACE AMOUNT.

$$
