000
CXUS55 KVEF 012037
CLMIGM


CLIMATE REPORT
NATIONAL WEATHER SERVICE LAS VEGAS, NV
1236 PM PST MON FEB 1 2016

...................................

...THE KINGMAN AZ CLIMATE SUMMARY FOR THE MONTH OF JANUARY 2016...

CLIMATE NORMAL PERIOD 1981 TO 2010
CLIMATE RECORD PERIOD 1901 TO 2016

WEATHER         OBSERVED          NORMAL  DEPART  LAST YEAR`S
                 VALUE   DATE(S)  VALUE   FROM    VALUE  DATE(S)
                                          NORMAL
................................................................
TEMPERATURE (F)
RECORD
 HIGH              78   MM
 LOW               10   01/02/2015
                        01/13/2013
                        01/14/2007
HIGHEST            68   01/30        MM      MM       70  01/18
                        01/29
LOWEST             21   01/02        MM      MM       10  01/02
AVG. MAXIMUM     56.5              56.4     0.1     58.4
AVG. MINIMUM     30.8              31.3    -0.5     32.6
MEAN             43.7              43.8    -0.1     45.5
DAYS MAX >= 90      0               0.0     0.0        0
DAYS MAX <= 32      0               0.0     0.0        0
DAYS MIN <= 32     21              17.8     3.2       13
DAYS MIN <= 0       0               0.0     0.0        0

PRECIPITATION (INCHES)
RECORD
 MAXIMUM         5.87   1993
 MINIMUM         0.00   1972
                        1971
                        1948
TOTALS           1.18              1.02    0.16     0.82
DAILY AVG.       0.04              0.03    0.01     0.03
DAYS >= .01         7                MM      MM        8
DAYS >= .10         3                MM      MM        3
DAYS >= .50         1                MM      MM        0
DAYS >= 1.00        0                MM      MM        0
GREATEST
 24 HR. TOTAL    0.51   01/31 TO 01/31

SNOWFALL (INCHES)
RECORDS
 TOTAL           12.0   1905
 24 HR TOTAL      7.0
TOTALS            0.0                MM      MM      0.0
SINCE 7/1           T
SNOWDEPTH AVG.      0
DAYS >= TRACE       0
DAYS >= 1.0         0
GREATEST
 SNOW DEPTH         0
 24 HR TOTAL      0.0   01/31 TO 01/31
 STORM TOTAL       MM
 (MM/DD(HH))

DEGREE_DAYS
HEATING TOTAL     652               656      -4      596
 SINCE 7/1       1958              1905      53     1651
COOLING TOTAL       0                 0       0        0
 SINCE 1/1          0                 0       0        0

FREEZE DATES
RECORD
 EARLIEST     10/22/1996
 LATEST       05/21/1975
EARLIEST                        11/14
LATEST                          04/04
.................................................................

WIND (MPH)
AVERAGE WIND SPEED              7.5
HIGHEST WIND SPEED/DIRECTION    44/200    DATE  01/31
HIGHEST GUST SPEED/DIRECTION    56/210    DATE  01/31

SKY COVER
POSSIBLE SUNSHINE (PERCENT)   MM
AVERAGE SKY COVER           0.20
NUMBER OF DAYS FAIR           24
NUMBER OF DAYS PC              2
NUMBER OF DAYS CLOUDY          5

AVERAGE RH (PERCENT)     55

WEATHER CONDITIONS. NUMBER OF DAYS WITH
THUNDERSTORM              0     MIXED PRECIP               0
HEAVY RAIN                1     RAIN                       3
LIGHT RAIN                8     FREEZING RAIN              0
LT FREEZING RAIN          0     HAIL                       0
HEAVY SNOW                0     SNOW                       0
LIGHT SNOW                0     SLEET                      0
FOG                       3     FOG W/VIS <= 1/4 MILE      0
HAZE                      0

-  INDICATES NEGATIVE NUMBERS.
R  INDICATES RECORD WAS SET OR TIED.
MM INDICATES DATA IS MISSING.
T  INDICATES TRACE AMOUNT.

$$
