000
CXUS55 KVEF 010905
CLMIGM


CLIMATE REPORT
NATIONAL WEATHER SERVICE LAS VEGAS, NV
200 AM PDT SAT AUG 1 2015

...................................

...THE KINGMAN AZ CLIMATE SUMMARY FOR THE MONTH OF JULY 2015...

CLIMATE NORMAL PERIOD 1981 TO 2010
CLIMATE RECORD PERIOD 1901 TO 2015

WEATHER         OBSERVED          NORMAL  DEPART  LAST YEAR`S
                 VALUE   DATE(S)  VALUE   FROM    VALUE  DATE(S)
                                          NORMAL
................................................................
TEMPERATURE (F)
RECORD
 HIGH             113   07/17/2005
 LOW               45   07/02/1928
HIGHEST           100   07/03        MM      MM      105  07/24
LOWEST             59   07/28        MM      MM       63  07/11
                        07/11
AVG. MAXIMUM     95.8              97.2    -1.4     97.2
AVG. MINIMUM     66.9              70.0    -3.1     70.1
MEAN             81.3              83.6    -2.3     83.7
DAYS MAX >= 90     28              28.1    -0.1       30
DAYS MAX <= 32      0               0.0     0.0        0
DAYS MIN <= 32      0               0.0     0.0        0
DAYS MIN <= 0       0               0.0     0.0        0

PRECIPITATION (INCHES)
RECORD
 MAXIMUM         5.15   1919
 MINIMUM         0.00   1993
                        1934
                        1928
TOTALS           0.92              0.75    0.17     1.15
DAILY AVG.       0.03              0.02    0.01     0.04
DAYS >= .01         4                MM      MM        6
DAYS >= .10         1                MM      MM        2
DAYS >= .50         1                MM      MM        1
DAYS >= 1.00        0                MM      MM        0
GREATEST
 24 HR. TOTAL    0.81   07/18 TO 07/18

SNOWFALL (INCHES)
RECORDS
 TOTAL            0.0
 24 HR TOTAL      0.0
TOTALS            0.0                MM      MM      0.0
SINCE 7/1         0.0
SNOWDEPTH AVG.      0
DAYS >= TRACE       0
DAYS >= 1.0         0
GREATEST
 SNOW DEPTH         0
 24 HR TOTAL      0.0   07/31 TO 07/31
 STORM TOTAL      0.0
 (MM/DD(HH))

DEGREE_DAYS
HEATING TOTAL       0                 0       0        0
 SINCE 7/1          0                 0       0        0
COOLING TOTAL     513               576     -63      585
 SINCE 1/1       1096              1159     -63     1250

FREEZE DATES
RECORD
 EARLIEST     10/22/1996
 LATEST       05/21/1975
EARLIEST                        11/14
LATEST                          04/04
.................................................................

WIND (MPH)
AVERAGE WIND SPEED              11.2
HIGHEST WIND SPEED/DIRECTION    35/250    DATE  07/18
HIGHEST GUST SPEED/DIRECTION    43/240    DATE  07/18

SKY COVER
POSSIBLE SUNSHINE (PERCENT)   MM
AVERAGE SKY COVER           0.10
NUMBER OF DAYS FAIR           30
NUMBER OF DAYS PC              1
NUMBER OF DAYS CLOUDY          0

AVERAGE RH (PERCENT)     32

WEATHER CONDITIONS. NUMBER OF DAYS WITH
THUNDERSTORM              9     MIXED PRECIP               0
HEAVY RAIN                2     RAIN                       1
LIGHT RAIN               10     FREEZING RAIN              0
LT FREEZING RAIN          0     HAIL                       0
HEAVY SNOW                0     SNOW                       0
LIGHT SNOW                0     SLEET                      0
FOG                       2     FOG W/VIS <= 1/4 MILE      0
HAZE                      0

-  INDICATES NEGATIVE NUMBERS.
R  INDICATES RECORD WAS SET OR TIED.
MM INDICATES DATA IS MISSING.
T  INDICATES TRACE AMOUNT.

$$
