000
CXUS55 KVEF 030116
CLMIGM

RNOCLMIGM 000
TTAA00 KVEF 022157


CLIMATE REPORT
NATIONAL WEATHER SERVICE LAS VEGAS, NV
154 PM PST FRI JAN 2 2015

...................................

...THE KINGMAN AZ CLIMATE SUMMARY FOR THE MONTH OF DECEMBER 2014...

CLIMATE NORMAL PERIOD 1981 TO 2010
CLIMATE RECORD PERIOD 1901 TO 2015

WEATHER         OBSERVED          NORMAL  DEPART  LAST YEAR`S
                 VALUE   DATE(S)  VALUE   FROM    VALUE  DATE(S)
                                          NORMAL
................................................................
TEMPERATURE (F)
RECORD
 HIGH              77   12/31/1945
 LOW                5   12/05/1990
HIGHEST            67   12/22        MM      MM       67  12/18
                        12/10                             12/02
LOWEST             18   12/28        MM      MM       13  12/06
AVG. MAXIMUM     55.4              54.4     1.0     55.2
AVG. MINIMUM     32.7              31.5     1.2     26.5
MEAN             44.0              43.0     1.0     40.8
DAYS MAX >= 90      0               0.0     0.0        0
DAYS MAX <= 32      1               0.1     0.9        0
DAYS MIN <= 32     15              17.0    -2.0       26
DAYS MIN <= 0       0               0.0     0.0        0

PRECIPITATION (INCHES)
RECORD
 MAXIMUM         6.28   1919
 MINIMUM         0.00   2006
                        1992
                        1989
TOTALS           1.37              0.74    0.63     0.04
DAILY AVG.       0.04              0.02    0.02     0.00
DAYS >= .01         8                MM      MM        1
DAYS >= .10         5                MM      MM        0
DAYS >= .50         0                MM      MM        0
DAYS >= 1.00        0                MM      MM        0
GREATEST
 24 HR. TOTAL    0.48   12/31 TO 12/31

SNOWFALL (INCHES)
RECORDS
 TOTAL           14.0   1932
 24 HR TOTAL     10.0
TOTALS             MM                MM      MM        T
SINCE 7/1          MM
SNOWDEPTH AVG.      M
DAYS >= TRACE       M
DAYS >= 1.0         M
GREATEST
 SNOW DEPTH         M
 24 HR TOTAL       MM
 STORM TOTAL       MM
 (MM/DD(HH))

DEGREE_DAYS
HEATING TOTAL     641               683     -42      743
 SINCE 7/1       1055              1249    -194     1376
COOLING TOTAL       0                 0       0        0
 SINCE 1/1       2070              2093     -23     2106

FREEZE DATES
RECORD
 EARLIEST     10/22/1996
 LATEST       05/21/1975
EARLIEST                        11/14
LATEST                          04/04
.................................................................

WIND (MPH)
AVERAGE WIND SPEED              6.2
HIGHEST WIND SPEED/DIRECTION    28/350    DATE  12/25
HIGHEST GUST SPEED/DIRECTION    38/220    DATE  12/12

SKY COVER
POSSIBLE SUNSHINE (PERCENT)   MM
AVERAGE SKY COVER           0.20
NUMBER OF DAYS FAIR           22
NUMBER OF DAYS PC              7
NUMBER OF DAYS CLOUDY          2

AVERAGE RH (PERCENT)     62

WEATHER CONDITIONS. NUMBER OF DAYS WITH
THUNDERSTORM              0     MIXED PRECIP               0
HEAVY RAIN                0     RAIN                       3
LIGHT RAIN                8     FREEZING RAIN              0
LT FREEZING RAIN          0     HAIL                       0
HEAVY SNOW                1     SNOW                       1
LIGHT SNOW                1     SLEET                      0
FOG                       2     FOG W/VIS <= 1/4 MILE      0
HAZE                      0

-  INDICATES NEGATIVE NUMBERS.
R  INDICATES RECORD WAS SET OR TIED.
MM INDICATES DATA IS MISSING.
T  INDICATES TRACE AMOUNT.

$$
