000
CXUS55 KVEF 011317
CLMIGM

CLIMATE REPORT
NATIONAL WEATHER SERVICE LAS VEGAS, NV
459 AM PDT TUE AUG 1 2017

...................................

...THE KINGMAN AZ CLIMATE SUMMARY FOR THE MONTH OF JULY 2017...

CLIMATE NORMAL PERIOD 1981 TO 2010
CLIMATE RECORD PERIOD 1901 TO 2017

WEATHER         OBSERVED          NORMAL  DEPART  LAST YEAR`S
                 VALUE   DATE(S)  VALUE   FROM    VALUE  DATE(S)
                                          NORMAL
................................................................
TEMPERATURE (F)
RECORD
 HIGH             113   MM
 LOW               59   07/28/2015
                        07/11/2015
                        01/14/2007
HIGHEST           112   07/07        MM      MM      108  07/28
LOWEST             60   07/02        MM      MM       63  07/02
AVG. MAXIMUM     99.2              97.2     2.0    100.1
AVG. MINIMUM     71.8              70.0     1.8     72.2
MEAN             85.5              83.6     1.9     86.2
DAYS MAX >= 90     28              28.1    -0.1       31
DAYS MAX <= 32      0               0.0     0.0        0
DAYS MIN <= 32      0               0.0     0.0        0
DAYS MIN <= 0       0               0.0     0.0        0

PRECIPITATION (INCHES)
RECORD
 MAXIMUM         5.15   1919
 MINIMUM         0.00   1993
                        1934
                        1928
TOTALS           2.89              0.75    2.14     0.44
DAILY AVG.       0.09              0.02    0.07     0.01
DAYS >= .01         8                MM      MM        4
DAYS >= .10         4                MM      MM        2
DAYS >= .50         2                MM      MM        0
DAYS >= 1.00        1                MM      MM        0
GREATEST
 24 HR. TOTAL    1.31   07/25 TO 07/25

SNOWFALL (INCHES)
RECORDS
 TOTAL            0.0   MM
 24 HR TOTAL       MM
TOTALS           99.0R               MM      MM      0.0
SINCE 7/1        99.0
SNOWDEPTH AVG.     99
DAYS >= TRACE       0
DAYS >= 1.0         0
GREATEST
 SNOW DEPTH        99
 24 HR TOTAL     99.0   MM
 STORM TOTAL       MM
 (MM/DD(HH))

DEGREE_DAYS
HEATING TOTAL       0                 0       0        0
 SINCE 7/1          0                 0       0        0
COOLING TOTAL     644               576      68      665
 SINCE 1/1       1319              1159     160     1367

FREEZE DATES
RECORD
 EARLIEST     10/22/1996
 LATEST       05/21/1975
EARLIEST                        11/14
LATEST                          04/04
.................................................................

WIND (MPH)
AVERAGE WIND SPEED              10.1
HIGHEST WIND SPEED/DIRECTION    40/090    DATE  07/23
HIGHEST GUST SPEED/DIRECTION    48/150    DATE  07/29

SKY COVER
POSSIBLE SUNSHINE (PERCENT)   MM
AVERAGE SKY COVER           0.10
NUMBER OF DAYS FAIR           28
NUMBER OF DAYS PC              3
NUMBER OF DAYS CLOUDY          0

AVERAGE RH (PERCENT)     40

WEATHER CONDITIONS. NUMBER OF DAYS WITH
THUNDERSTORM             17     MIXED PRECIP               0
HEAVY RAIN                4     RAIN                       4
LIGHT RAIN               11     FREEZING RAIN              0
LT FREEZING RAIN          0     HAIL                       0
HEAVY SNOW                0     SNOW                       0
LIGHT SNOW                0     SLEET                      0
FOG                       2     FOG W/VIS <= 1/4 MILE      0
HAZE                      2

-  INDICATES NEGATIVE NUMBERS.
R  INDICATES RECORD WAS SET OR TIED.
MM INDICATES DATA IS MISSING.
T  INDICATES TRACE AMOUNT.

$$
