000
CXUS55 KVEF 011313
CLMIGM


CLIMATE REPORT
NATIONAL WEATHER SERVICE LAS VEGAS, NV
436 AM PST THU DEC 1 2016

...................................

...THE KINGMAN AZ CLIMATE SUMMARY FOR THE MONTH OF NOVEMBER 2016...

CLIMATE NORMAL PERIOD 1981 TO 2010
CLIMATE RECORD PERIOD 1901 TO 2016

WEATHER         OBSERVED          NORMAL  DEPART  LAST YEAR`S
                 VALUE   DATE(S)  VALUE   FROM    VALUE  DATE(S)
                                          NORMAL
................................................................
TEMPERATURE (F)
RECORD
 HIGH              90   MM
 LOW               17   11/30/2010
                        11/26/2010
                        01/25/1937
HIGHEST            83   11/08        MM      MM       81  11/01
LOWEST             25   11/30        MM      MM       18  11/30
AVG. MAXIMUM     69.5              64.3     5.2     61.7
AVG. MINIMUM     40.6              37.3     3.3     33.0
MEAN             55.1              50.8     4.3     47.3
DAYS MAX >= 90      0               0.0     0.0        0
DAYS MAX <= 32      0               0.0     0.0        0
DAYS MIN <= 32      6               5.7     0.3       15
DAYS MIN <= 0       0               0.0     0.0        0

PRECIPITATION (INCHES)
RECORD
 MAXIMUM         6.28   1919
 MINIMUM         0.00   2014
                        2006
                        1992
TOTALS           0.43              0.65   -0.22     0.35
DAILY AVG.       0.01              0.02   -0.01     0.01
DAYS >= .01         2                MM      MM        4
DAYS >= .10         2                MM      MM        1
DAYS >= .50         0                MM      MM        0
DAYS >= 1.00        0                MM      MM        0
GREATEST
 24 HR. TOTAL    0.28   11/21 TO 11/21
                        11/20 TO 11/21
                        11/21 TO 11/21

SNOWFALL (INCHES)
RECORDS
 TOTAL            7.5   1919
 24 HR TOTAL      7.5
TOTALS            0.0                MM      MM        T
SINCE 7/1         0.0
SNOWDEPTH AVG.      0
DAYS >= TRACE       0
DAYS >= 1.0         0
GREATEST
 SNOW DEPTH         0
 24 HR TOTAL      0.0   11/30 TO 11/30
 STORM TOTAL       MM
 (MM/DD(HH))

DEGREE_DAYS
HEATING TOTAL     292               427    -135      522
 SINCE 7/1        322               566    -244      576
COOLING TOTAL       2                 1       1        0
 SINCE 1/1       2244              2093     151     2235

FREEZE DATES
RECORD
 EARLIEST     10/22/1996
 LATEST       05/21/1975
EARLIEST      11/18             11/14
LATEST                          04/04
.................................................................

WIND (MPH)
AVERAGE WIND SPEED              7.8
HIGHEST WIND SPEED/DIRECTION    37/060    DATE  11/03
HIGHEST GUST SPEED/DIRECTION    45/230    DATE  11/27

SKY COVER
POSSIBLE SUNSHINE (PERCENT)   MM
AVERAGE SKY COVER           0.10
NUMBER OF DAYS FAIR           26
NUMBER OF DAYS PC              4
NUMBER OF DAYS CLOUDY          0

AVERAGE RH (PERCENT)     40

WEATHER CONDITIONS. NUMBER OF DAYS WITH
THUNDERSTORM              0     MIXED PRECIP               0
HEAVY RAIN                1     RAIN                       2
LIGHT RAIN                3     FREEZING RAIN              0
LT FREEZING RAIN          0     HAIL                       0
HEAVY SNOW                0     SNOW                       0
LIGHT SNOW                0     SLEET                      0
FOG                       2     FOG W/VIS <= 1/4 MILE      0
HAZE                      1

-  INDICATES NEGATIVE NUMBERS.
R  INDICATES RECORD WAS SET OR TIED.
MM INDICATES DATA IS MISSING.
T  INDICATES TRACE AMOUNT.

$$
