000
CXUS51 KPHI 011202
CLMILG


CLIMATE REPORT
NATIONAL WEATHER SERVICE MOUNT HOLLY NJ
802 AM EDT WED JUL 1 2015

...................................

...THE WILMINGTON CLIMATE SUMMARY FOR THE MONTH OF JUNE 2015...

CLIMATE NORMAL PERIOD 1981 TO 2010
CLIMATE RECORD PERIOD 1894 TO 2015

WEATHER         OBSERVED          NORMAL  DEPART  LAST YEAR`S
                 VALUE   DATE(S)  VALUE   FROM    VALUE  DATE(S)
                                          NORMAL
................................................................
TEMPERATURE (F)
RECORD
 HIGH             102   06/24/1894
 LOW               40   06/01/1945
HIGHEST            92                93      -1       93
LOWEST             53                49       4       50
AVG. MAXIMUM     81.4              81.8    -0.4     82.2
AVG. MINIMUM     64.7              62.6     2.1     63.3
MEAN             73.1              72.2     0.9     72.7
DAYS MAX >= 90      4               3.4     0.6        2
DAYS MAX <= 32      0               0.0     0.0        0
DAYS MIN <= 32      0               0.0     0.0        0
DAYS MIN <= 0       0               0.0     0.0        0

PRECIPITATION (INCHES)
RECORD
 MAXIMUM        13.66   2013
 MINIMUM         0.21   1988
TOTALS          12.52              3.88    8.64     5.03
DAILY AVG.       0.42              0.13    0.29     0.17
DAYS >= .01        18              10.3     7.7       11
DAYS >= .10        15               6.7     8.3        8
DAYS >= .50         7               2.6     4.4        4
DAYS >= 1.00        3               1.0     2.0        1
GREATEST
 24 HR. TOTAL    3.84   06/01 TO 06/02              2.01

SNOWFALL (INCHES)
RECORDS
 TOTAL             MM   5
 24 HR TOTAL       MM
TOTALS            0.0               0.0     0.0      0.0
SINCE 7/1        23.4              20.2     3.2     56.1
SNOWDEPTH AVG.      0                MM      MM        0
DAYS >= 1.0         0               0.0     0.0        0
GREATEST
 SNOW DEPTH         0   MM                             0  MM
 24 HR TOTAL      0.0   06/30 TO 06/30               0.0

DEGREE_DAYS
HEATING TOTAL      18                15       3        2
 SINCE 7/1       5075              4819     256     5127
COOLING TOTAL     268               231      37      240
 SINCE 1/1        436               310     126      307
.................................................................

WIND (MPH)
AVERAGE WIND SPEED              8.8
HIGHEST WIND SPEED/DIRECTION    53/300    DATE  06/23
HIGHEST GUST SPEED/DIRECTION    66/290    DATE  06/23

SKY COVER
POSSIBLE SUNSHINE (PERCENT)   MM
AVERAGE SKY COVER           0.50
NUMBER OF DAYS FAIR            8
NUMBER OF DAYS PC             15
NUMBER OF DAYS CLOUDY          7

AVERAGE RH (PERCENT)     75

WEATHER CONDITIONS. NUMBER OF DAYS WITH
THUNDERSTORM              0     MIXED PRECIP               0
HEAVY RAIN               13     RAIN                      15
LIGHT RAIN               22     FREEZING RAIN              0
LT FREEZING RAIN          0     HEAVY SNOW                 0
SNOW                      0     LIGHT SNOW                 0
SLEET                     0     FOG                       21
FOG W/VIS <= 1/4 MILE     2     HAZE                       3

-  INDICATES NEGATIVE NUMBERS.
R  INDICATES RECORD WAS SET OR TIED.
MM INDICATES DATA IS MISSING.
T  INDICATES TRACE AMOUNT.

$$
