000
CXUS51 KPHI 010942
CLMILG


CLIMATE REPORT
NATIONAL WEATHER SERVICE MOUNT HOLLY NJ
541 AM EDT MON MAY 1 2017

...................................

...THE WILMINGTON CLIMATE SUMMARY FOR THE MONTH OF APRIL 2017...

CLIMATE NORMAL PERIOD 1981 TO 2010
CLIMATE RECORD PERIOD 1894 TO 2017

WEATHER         OBSERVED          NORMAL  DEPART  LAST YEAR`S
                 VALUE   DATE(S)  VALUE   FROM    VALUE  DATE(S)
                                          NORMAL
................................................................
TEMPERATURE (F)
RECORD
 HIGH              97   04/18/1896
                        04/17/1896
 LOW               11   04/01/1923
HIGHEST            87                82       5       85
LOWEST             33                29       4       25
AVG. MAXIMUM     68.6              63.5     5.1     63.5
AVG. MINIMUM     49.0              43.0     6.0     41.6
MEAN             58.8              53.3     5.5     52.6
DAYS MAX >= 90      0               0.2    -0.2        0
DAYS MAX <= 32      0               0.0     0.0        0
DAYS MIN <= 32      0               1.9    -1.9        3
DAYS MIN <= 0       0               0.0     0.0        0

PRECIPITATION (INCHES)
RECORD
 MAXIMUM         8.55   2007
 MINIMUM         0.35   1985
TOTALS           2.32              3.50   -1.18     1.84
DAILY AVG.       0.08              0.12   -0.04     0.06
DAYS >= .01        12              11.3     0.7       10
DAYS >= .10         5               6.4    -1.4        7
DAYS >= .50         1               2.4    -1.4        0
DAYS >= 1.00        0               0.8    -0.8        0
GREATEST
 24 HR. TOTAL    0.80   04/06 TO 04/07              0.40

SNOWFALL (INCHES)
RECORDS
 TOTAL              T   2016
                        2009
                        5
 24 HR TOTAL       MM
TOTALS            0.0               0.3    -0.3        T
SINCE 7/1         9.0              20.2   -11.2     25.4
SNOWDEPTH AVG.      0                MM      MM        0
DAYS >= 1.0         0               0.2    -0.2        0
GREATEST
 SNOW DEPTH         0   MM                             0  MM
 24 HR TOTAL      0.0   04/30 TO 04/30                 T

DEGREE_DAYS
HEATING TOTAL     210               363    -153      379
 SINCE 7/1       3929              4669    -740     3889
COOLING TOTAL      30                11      19       12
 SINCE 1/1         30                12      18       14
.................................................................

WIND (MPH)
AVERAGE WIND SPEED              9.6
HIGHEST WIND SPEED/DIRECTION    33/230    DATE  04/06
HIGHEST GUST SPEED/DIRECTION    50/220    DATE  04/06

SKY COVER
POSSIBLE SUNSHINE (PERCENT)   MM
AVERAGE SKY COVER           0.40
NUMBER OF DAYS FAIR           14
NUMBER OF DAYS PC              7
NUMBER OF DAYS CLOUDY          9

AVERAGE RH (PERCENT)     68

WEATHER CONDITIONS. NUMBER OF DAYS WITH
THUNDERSTORM              0     MIXED PRECIP               0
HEAVY RAIN                4     RAIN                       6
LIGHT RAIN               15     FREEZING RAIN              0
LT FREEZING RAIN          0     HEAVY SNOW                 0
SNOW                      0     LIGHT SNOW                 0
SLEET                     0     FOG                       14
FOG W/VIS <= 1/4 MILE     1     HAZE                       0

-  INDICATES NEGATIVE NUMBERS.
R  INDICATES RECORD WAS SET OR TIED.
MM INDICATES DATA IS MISSING.
T  INDICATES TRACE AMOUNT.

$$
