000
CXUS51 KPHI 011201
CLMILG


CLIMATE REPORT
NATIONAL WEATHER SERVICE MOUNT HOLLY NJ
801 AM EDT TUE JUL 1 2014

...................................

...THE WILMINGTON CLIMATE SUMMARY FOR THE MONTH OF JUNE 2014...

CLIMATE NORMAL PERIOD 1981 TO 2010
CLIMATE RECORD PERIOD 1894 TO 2014

WEATHER         OBSERVED          NORMAL  DEPART  LAST YEAR`S
                 VALUE   DATE(S)  VALUE   FROM    VALUE  DATE(S)
                                          NORMAL
................................................................
TEMPERATURE (F)
RECORD
 HIGH             102   06/24/1894
 LOW               40   06/01/1945
HIGHEST            93                93       0       92
LOWEST             50                49       1       52
AVG. MAXIMUM     82.2              81.8     0.4     82.5
AVG. MINIMUM     63.3              62.6     0.7     63.9
MEAN             72.7              72.2     0.5     73.2
DAYS MAX >= 90      2               3.4    -1.4        4
DAYS MAX <= 32      0               0.0     0.0        0
DAYS MIN <= 32      0               0.0     0.0        0
DAYS MIN <= 0       0               0.0     0.0        0

PRECIPITATION (INCHES)
RECORD
 MAXIMUM        13.66   2013
 MINIMUM         0.21   1988
TOTALS           5.03              3.88    1.15    13.66
DAILY AVG.       0.17              0.13    0.04     0.46
DAYS >= .01        11              10.3     0.7       16
DAYS >= .10         8               6.7     1.3       12
DAYS >= .50         4               2.6     1.4        8
DAYS >= 1.00        1               1.0     0.0        6
GREATEST
 24 HR. TOTAL    2.01   06/10 TO 06/10              3.42
                        06/09 TO 06/10
                        06/10 TO 06/10

SNOWFALL (INCHES)
RECORDS
 TOTAL             MM   5
 24 HR TOTAL       MM
TOTALS            0.0               0.0     0.0      0.0
SINCE 7/1        56.1              20.2    35.9      5.5
SNOWDEPTH AVG.      0                MM      MM        0
DAYS >= 1.0         0               0.0     0.0        0
GREATEST
 SNOW DEPTH         0   MM                             0  MM
 24 HR TOTAL      0.0   06/30 TO 06/30               0.0

DEGREE_DAYS
HEATING TOTAL       2                15     -13        0
 SINCE 7/1       5127              4819     308     4620
COOLING TOTAL     240               231       9      253
 SINCE 1/1        307               310      -3      360
.................................................................

WIND (MPH)
AVERAGE WIND SPEED              7.5
HIGHEST WIND SPEED/DIRECTION    24/290    DATE  06/19
HIGHEST GUST SPEED/DIRECTION    30/320    DATE  06/14

SKY COVER
POSSIBLE SUNSHINE (PERCENT)   MM
AVERAGE SKY COVER           0.30
NUMBER OF DAYS FAIR           18
NUMBER OF DAYS PC              8
NUMBER OF DAYS CLOUDY          4

AVERAGE RH (PERCENT)     70

WEATHER CONDITIONS. NUMBER OF DAYS WITH
THUNDERSTORM              0     MIXED PRECIP               0
HEAVY RAIN                6     RAIN                       9
LIGHT RAIN               12     FREEZING RAIN              0
LT FREEZING RAIN          0     HEAVY SNOW                 0
SNOW                      0     LIGHT SNOW                 0
SLEET                     0     FOG                       10
FOG W/VIS <= 1/4 MILE     1     HAZE                       1

-  INDICATES NEGATIVE NUMBERS.
R  INDICATES RECORD WAS SET OR TIED.
MM INDICATES DATA IS MISSING.
T  INDICATES TRACE AMOUNT.

$$
