863
CXUS51 KPHI 031511
CLMILG


CLIMATE REPORT
NATIONAL WEATHER SERVICE MOUNT HOLLY NJ
1011 AM EST WED FEB 3 2016

...................................

...THE WILMINGTON CLIMATE SUMMARY FOR THE MONTH OF JANUARY 2016...

CLIMATE NORMAL PERIOD 1981 TO 2010
CLIMATE RECORD PERIOD 1894 TO 2016

WEATHER         OBSERVED          NORMAL  DEPART  LAST YEAR`S
                 VALUE   DATE(S)  VALUE   FROM    VALUE  DATE(S)
                                          NORMAL
................................................................
TEMPERATURE (F)
RECORD
 HIGH              75   01/26/1950
 LOW              -14   01/21/1985
                        01/22/1984
HIGHEST            66                60       6       62
LOWEST             12                 8       4        8
AVG. MAXIMUM     41.3              40.2     1.1     38.0
AVG. MINIMUM     23.0              24.6    -1.6     22.7
MEAN             32.2              32.4    -0.2     30.3
DAYS MAX >= 90      0               0.0     0.0        0
DAYS MAX <= 32      6               6.4    -0.4        6
DAYS MIN <= 32     27              23.8     3.2       28
DAYS MIN <= 0       0               0.4    -0.4        0

PRECIPITATION (INCHES)
RECORD
 MAXIMUM         8.41   1978
 MINIMUM         0.52   1981
TOTALS           2.30              3.01   -0.71     4.45
DAILY AVG.       0.07              0.10   -0.03     0.14
DAYS >= .01         6              10.5    -4.5       11
DAYS >= .10         5               5.5    -0.5        7
DAYS >= .50         2               2.1    -0.1        4
DAYS >= 1.00        0               0.8    -0.8        1
GREATEST
 24 HR. TOTAL    0.95   01/23 TO 01/23              1.67
                        01/22 TO 01/23

SNOWFALL (INCHES)
RECORDS
 TOTAL             MM   5
 24 HR TOTAL       MM
TOTALS           16.9               5.9    11.0      3.7
SINCE 7/1        16.9               9.7     7.2      4.2
SNOWDEPTH AVG.      2                 2       0        0
DAYS >= 1.0         2               1.8     0.2        2
GREATEST
 SNOW DEPTH        12   01/25                          1  01/27
                        01/24                             01/22
                                                          01/08
 24 HR TOTAL     13.1   MM                           1.8

DEGREE_DAYS
HEATING TOTAL    1009              1010      -1     1066
 SINCE 7/1       2190              2787    -597     2720
COOLING TOTAL       0                 0       0        0
 SINCE 1/1          0                 0       0        0
.................................................................

WIND (MPH)
AVERAGE WIND SPEED              9.8
HIGHEST WIND SPEED/DIRECTION    43/030    DATE  01/23
HIGHEST GUST SPEED/DIRECTION    53/030    DATE  01/23

SKY COVER
POSSIBLE SUNSHINE (PERCENT)    0
AVERAGE SKY COVER           0.30
NUMBER OF DAYS FAIR           17
NUMBER OF DAYS PC              9
NUMBER OF DAYS CLOUDY          5

AVERAGE RH (PERCENT)     63

WEATHER CONDITIONS. NUMBER OF DAYS WITH
THUNDERSTORM              0     MIXED PRECIP               0
HEAVY RAIN                0     RAIN                       3
LIGHT RAIN                6     FREEZING RAIN              0
LT FREEZING RAIN          0     HEAVY SNOW                 2
SNOW                      3     LIGHT SNOW                 6
SLEET                     0     FOG                       11
FOG W/VIS <= 1/4 MILE     3     HAZE                       4

-  INDICATES NEGATIVE NUMBERS.
R  INDICATES RECORD WAS SET OR TIED.
MM INDICATES DATA IS MISSING.
T  INDICATES TRACE AMOUNT.

$$
