000
CXUS51 KPHI 031236 CCA
CLMILG

CLIMATE REPORT
NATIONAL WEATHER SERVICE MOUNT HOLLY NJ
723 AM EST TUE MAR 3 2015

...................................

...THE WILMINGTON CLIMATE SUMMARY FOR THE MONTH OF FEBRUARY 2015...

CLIMATE NORMAL PERIOD 1981 TO 2010
CLIMATE RECORD PERIOD 1894 TO 2015

WEATHER         OBSERVED          NORMAL  DEPART  LAST YEAR`S
                 VALUE   DATE(S)  VALUE   FROM    VALUE  DATE(S)
                                          NORMAL
................................................................
TEMPERATURE (F)
RECORD
 HIGH              78   02/24/1985
                        02/25/1930
 LOW              -15   02/09/1934
HIGHEST            53                62      -9       66
LOWEST              2                10      -8        8
AVG. MAXIMUM     33.6              43.5    -9.9     39.7
AVG. MINIMUM     15.9              26.8   -10.9     23.1
MEAN             24.8              35.1   -10.3     31.4
DAYS MAX >= 90      0               0.0     0.0        0
DAYS MAX <= 32     13               3.1     9.9        9
DAYS MIN <= 32     28              20.8     7.2       27
DAYS MIN <= 0       0               0.0     0.0        0

PRECIPITATION (INCHES)
RECORD
 MAXIMUM         7.02   1979
 MINIMUM         0.30   2009
TOTALS           2.16              2.68   -0.52     5.35
DAILY AVG.       0.08              0.10   -0.02     0.19
DAYS >= .01        10               9.4     0.6       15
DAYS >= .10         5               5.0     0.0        9
DAYS >= .50         2               1.9     0.1        3
DAYS >= 1.00        0               0.5    -0.5        3
GREATEST
 24 HR. TOTAL    0.90   02/21 TO 02/22              1.50

SNOWFALL (INCHES)
RECORDS
 TOTAL             MM   5
 24 HR TOTAL       MM
TOTALS           10.6               8.3     2.3     19.0
SINCE 7/1        14.8              18.0    -3.2     48.4
SNOWDEPTH AVG.      1                 3      -2        3
DAYS >= 1.0         3               1.8     1.2        7
GREATEST
 SNOW DEPTH         4   02/22                         10  02/14
                                                          02/13
 24 HR TOTAL      5.0   02/21 TO 02/21               9.5

DEGREE_DAYS
HEATING TOTAL    1119               836     283      934
 SINCE 7/1       3839              3623     216     3855
COOLING TOTAL       0                 0       0        0
 SINCE 1/1          0                 0       0        0
.................................................................

WIND (MPH)
AVERAGE WIND SPEED              10.4
HIGHEST WIND SPEED/DIRECTION    41/290    DATE  02/14
HIGHEST GUST SPEED/DIRECTION    54/290    DATE  02/15

SKY COVER
POSSIBLE SUNSHINE (PERCENT)   MM
AVERAGE SKY COVER           0.40
NUMBER OF DAYS FAIR           14
NUMBER OF DAYS PC             12
NUMBER OF DAYS CLOUDY          2

AVERAGE RH (PERCENT)     59

WEATHER CONDITIONS. NUMBER OF DAYS WITH
THUNDERSTORM              0     MIXED PRECIP               0
HEAVY RAIN                1     RAIN                       3
LIGHT RAIN                5     FREEZING RAIN              1
LT FREEZING RAIN          3     HEAVY SNOW                 3
SNOW                      3     LIGHT SNOW                12
SLEET                     0     FOG                       13
FOG W/VIS <= 1/4 MILE     2     HAZE                       6

-  INDICATES NEGATIVE NUMBERS.
R  INDICATES RECORD WAS SET OR TIED.
MM INDICATES DATA IS MISSING.
T  INDICATES TRACE AMOUNT.

$$
