000
CXUS52 KILM 011016
CLMILM


CLIMATE REPORT
NATIONAL WEATHER SERVICE WILMINGTON NC
512 AM EST WED FEB 1 2017

...................................

...THE WILMINGTON NC CLIMATE SUMMARY FOR THE MONTH OF JANUARY 2017...

CLIMATE NORMAL PERIOD 1981 TO 2010
CLIMATE RECORD PERIOD 1871 TO 2017

WEATHER         OBSERVED          NORMAL  DEPART  LAST YEAR`S
                 VALUE   DATE(S)  VALUE   FROM    VALUE  DATE(S)
                                          NORMAL
................................................................
TEMPERATURE (F)
RECORD
 HIGH              82   01/31/1975
 LOW                5   01/21/1985
HIGHEST            77   01/13                         71  01/31
LOWEST             16   01/09                         21  01/20
                                                          01/19
AVG. MAXIMUM     61.3              56.4     4.9     54.4
AVG. MINIMUM     41.4              35.6     5.8     34.6
MEAN             51.3              46.0     5.3     44.5
DAYS MAX >= 90      0               0.0     0.0        0
DAYS MAX <= 32      1               0.3     0.7        0
DAYS MIN <= 32      6              11.8    -5.8       16
DAYS MIN <= 0       0               0.0     0.0        0

PRECIPITATION (INCHES)
RECORD
 MAXIMUM        10.22   1991
 MINIMUM         0.45   1951
TOTALS           4.22              3.76    0.46     4.45
DAILY AVG.       0.14              0.12    0.02     0.14
DAYS >= .01        10              10.2    -0.2        7
DAYS >= .10         5               6.4    -1.4        6
DAYS >= .50         3               2.6     0.4        3
DAYS >= 1.00        2               1.0     1.0        2
GREATEST
 24 HR. TOTAL    2.09   01/22 TO 01/23

SNOWFALL (INCHES)
RECORDS
 TOTAL            8.6   1912
 24 HR TOTAL      8.4   01/13/1912 TO 01/13/1912
TOTALS              T               0.4    -0.4        T
SINCE 7/1           T               1.2    -1.2        T
DAYS >= TRACE       1               0.3     0.7        1
DAYS >= 1.0         0               0.2    -0.2        0
GREATEST
 SNOW DEPTH         0   MM                             0  MM
 24 HR TOTAL        T   01/07 TO 01/07

DEGREE_DAYS
HEATING TOTAL     417               591    -174      627
COOLING TOTAL       0                 2      -2        0
....................................................

WIND (MPH)
AVERAGE WIND SPEED              7.6
RESULTANT WIND SPEED/DIRECTION   3/269
HIGHEST WIND SPEED/DIRECTION    30/260    DATE  01/26
HIGHEST GUST SPEED/DIRECTION    40/330    DATE  01/07

SKY COVER
POSSIBLE SUNSHINE (PERCENT)   MM
AVERAGE SKY COVER           0.40
NUMBER OF DAYS FAIR           14
NUMBER OF DAYS PC             12
NUMBER OF DAYS CLOUDY          5

AVERAGE RH (PERCENT)     72

WEATHER CONDITIONS. NUMBER OF DAYS WITH
THUNDERSTORM              2     MIXED PRECIP               0
HEAVY RAIN                4     RAIN                       5
LIGHT RAIN               11     FREEZING RAIN              0
LT FREEZING RAIN          0     HAIL                       0
HEAVY SNOW                0     SNOW                       0
LIGHT SNOW                1     SLEET                      0
FOG                      16     FOG W/VIS <= 1/4 MILE      6
HAZE                      2

-  INDICATES NEGATIVE NUMBERS.
R  INDICATES RECORD WAS SET OR TIED.
MM INDICATES DATA IS MISSING.
T  INDICATES TRACE AMOUNT.

$$
