000
CXUS52 KILM 051528
CLMILM


CLIMATE REPORT
NATIONAL WEATHER SERVICE WILMINGTON NC
1127 AM EDT FRI SEP 5 2014

...................................

...THE WILMINGTON NC CLIMATE SUMMARY FOR THE MONTH OF AUGUST 2014...

CLIMATE NORMAL PERIOD 1981 TO 2010
CLIMATE RECORD PERIOD 1871 TO 2014

WEATHER         OBSERVED          NORMAL  DEPART  LAST YEAR`S
                 VALUE   DATE(S)  VALUE   FROM    VALUE  DATE(S)
                                          NORMAL
................................................................
TEMPERATURE (F)
RECORD
 HIGH             103   08/01/1999
 LOW               55   08/07/2004
                        08/30/1982
HIGHEST            95   08/22                         95  08/12
LOWEST             63   08/28                         62  08/26
AVG. MAXIMUM     87.3              88.1    -0.8     86.6
AVG. MINIMUM     70.9              71.3    -0.4     69.9
MEAN             79.1              79.7    -0.6     78.3
DAYS MAX >= 90     12              10.4     1.6       10
DAYS MAX <= 32      0               0.0     0.0        0
DAYS MIN <= 32      0               0.0     0.0        0
DAYS MIN <= 0       0               0.0     0.0        0

PRECIPITATION (INCHES)
RECORD
 MAXIMUM        18.83   2006
 MINIMUM         1.56   1930
TOTALS           8.79              7.41    1.38     8.68
DAILY AVG.       0.28              0.24    0.04     0.28
DAYS >= .01        15              15.9    -0.9       14
DAYS >= .10        12               8.8     3.2       12
DAYS >= .50         7               4.4     2.6        7
DAYS >= 1.00        3               2.5     0.5        3
GREATEST
 24 HR. TOTAL    2.64   08/09 TO 08/10

SNOWFALL (INCHES)
RECORDS
 TOTAL             MM   MM
 24 HR TOTAL       MM
TOTALS            0.0               0.0     0.0      0.0
SINCE 7/1         0.0               0.0     0.0      0.0
DAYS >= TRACE       0               0.0     0.0        0
DAYS >= 1.0         0               0.0     0.0        0
GREATEST
 SNOW DEPTH         0   MM                             0  MM
 24 HR TOTAL      0.0   MM

DEGREE_DAYS
HEATING TOTAL       0                 0       0        0
COOLING TOTAL     442               456     -14      417
..........................................................

WIND (MPH)
AVERAGE WIND SPEED              5.8
RESULTANT WIND SPEED/DIRECTION   1/047
HIGHEST WIND SPEED/DIRECTION    26/300    DATE  08/22
HIGHEST GUST SPEED/DIRECTION    39/290    DATE  08/22

SKY COVER
POSSIBLE SUNSHINE (PERCENT)   MM
AVERAGE SKY COVER           0.30
NUMBER OF DAYS FAIR           17
NUMBER OF DAYS PC             12
NUMBER OF DAYS CLOUDY          2

AVERAGE RH (PERCENT)     78

WEATHER CONDITIONS. NUMBER OF DAYS WITH
THUNDERSTORM             10     MIXED PRECIP               0
HEAVY RAIN               10     RAIN                       9
LIGHT RAIN               17     FREEZING RAIN              0
LT FREEZING RAIN          0     HAIL                       0
HEAVY SNOW                0     SNOW                       0
LIGHT SNOW                0     SLEET                      0
FOG                      22     FOG W/VIS <= 1/4 MILE      2
HAZE                      5

-  INDICATES NEGATIVE NUMBERS.
R  INDICATES RECORD WAS SET OR TIED.
MM INDICATES DATA IS MISSING.
T  INDICATES TRACE AMOUNT.

$$
