000
CXUS52 KILM 011929
CLMILM


CLIMATE REPORT
NATIONAL WEATHER SERVICE WILMINGTON NC
327 PM EDT FRI JUL 1 2016

...................................

...THE WILMINGTON NC CLIMATE SUMMARY FOR THE MONTH OF JUNE 2016...

CLIMATE NORMAL PERIOD 1981 TO 2010
CLIMATE RECORD PERIOD 1871 TO 2016

WEATHER         OBSERVED          NORMAL  DEPART  LAST YEAR`S
                 VALUE   DATE(S)  VALUE   FROM    VALUE  DATE(S)
                                          NORMAL
................................................................
TEMPERATURE (F)
RECORD
 HIGH             104   06/27/1952
 LOW               48   06/02/1983
HIGHEST            96   06/12                        100  06/16
LOWEST             58   06/20                         63  06/08
                        06/09
AVG. MAXIMUM     87.9              86.9     1.0     89.9
AVG. MINIMUM     69.5              68.7     0.8     72.5
MEAN             78.7              77.8     0.9     81.2
DAYS MAX >= 90     10               8.8     1.2       16
DAYS MAX <= 32      0               0.0     0.0        0
DAYS MIN <= 32      0               0.0     0.0        0
DAYS MIN <= 0       0               0.0     0.0        0

PRECIPITATION (INCHES)
RECORD
 MAXIMUM        12.87   1962
 MINIMUM         0.89   1984
TOTALS           6.63              5.18    1.45     7.11
DAILY AVG.       0.22              0.17    0.05     0.24
DAYS >= .01        11              12.8    -1.8       11
DAYS >= .10         7               7.0     0.0        8
DAYS >= .50         6               3.4     2.6        5
DAYS >= 1.00        4               1.5     2.5        3
GREATEST
 24 HR. TOTAL    1.75   06/06 TO 06/07

SNOWFALL (INCHES)
RECORDS
 TOTAL             MM   MM
 24 HR TOTAL       MM
TOTALS            0.0               0.0     0.0      0.0
SINCE 7/1           T               1.7    -1.7      0.3
DAYS >= TRACE       0               0.0     0.0        0
DAYS >= 1.0         0               0.0     0.0        0
GREATEST
 SNOW DEPTH         0   MM                             0  MM
 24 HR TOTAL      0.0   06/30 TO 06/30

DEGREE_DAYS
HEATING TOTAL       0                 2      -2        0
COOLING TOTAL     418               385      33      494
..........................................................

WIND (MPH)
AVERAGE WIND SPEED              7.8
RESULTANT WIND SPEED/DIRECTION   2/232
HIGHEST WIND SPEED/DIRECTION    32/020    DATE  06/15
HIGHEST GUST SPEED/DIRECTION    48/010    DATE  06/15

SKY COVER
POSSIBLE SUNSHINE (PERCENT)   MM
AVERAGE SKY COVER           0.20
NUMBER OF DAYS FAIR           20
NUMBER OF DAYS PC             10
NUMBER OF DAYS CLOUDY          0

AVERAGE RH (PERCENT)     73

WEATHER CONDITIONS. NUMBER OF DAYS WITH
THUNDERSTORM             12     MIXED PRECIP               0
HEAVY RAIN                6     RAIN                       6
LIGHT RAIN               13     FREEZING RAIN              0
LT FREEZING RAIN          0     HAIL                       0
HEAVY SNOW                0     SNOW                       0
LIGHT SNOW                0     SLEET                      0
FOG                      11     FOG W/VIS <= 1/4 MILE      1
HAZE                      2

-  INDICATES NEGATIVE NUMBERS.
R  INDICATES RECORD WAS SET OR TIED.
MM INDICATES DATA IS MISSING.
T  INDICATES TRACE AMOUNT.

$$
