000
CXUS52 KILM 031407
CLMILM


CLIMATE REPORT
NATIONAL WEATHER SERVICE WILMINGTON NC
1005 AM EDT FRI OCT 3 2014

...................................

...THE WILMINGTON NC CLIMATE SUMMARY FOR THE MONTH OF SEPTEMBER 2014...

CLIMATE NORMAL PERIOD 1981 TO 2010
CLIMATE RECORD PERIOD 1871 TO 2014

WEATHER         OBSERVED          NORMAL  DEPART  LAST YEAR`S
                 VALUE   DATE(S)  VALUE   FROM    VALUE  DATE(S)
                                          NORMAL
................................................................
TEMPERATURE (F)
RECORD
 HIGH             100   09/04/1925
 LOW               42   09/25/1887
HIGHEST            92   09/12                         91  09/02
                        09/02                             09/01
LOWEST             59   09/24                         53  09/24
                        09/23
AVG. MAXIMUM     82.1              83.7    -1.6     83.6
AVG. MINIMUM     68.1              65.6     2.5     64.5
MEAN             75.1              74.6     0.5     74.1
DAYS MAX >= 90      4               3.4     0.6        4
DAYS MAX <= 32      0               0.0     0.0        0
DAYS MIN <= 32      0               0.0     0.0        0
DAYS MIN <= 0       0               0.0     0.0        0

PRECIPITATION (INCHES)
RECORD
 MAXIMUM        23.41   1999
 MINIMUM         0.12   1931
                        1899
TOTALS           6.00              7.84   -1.84     0.98
DAILY AVG.       0.20              0.26   -0.06     0.03
DAYS >= .01        14              12.8     1.2        7
DAYS >= .10         8               6.3     1.7        3
DAYS >= .50         3               3.7    -0.7        1
DAYS >= 1.00        3               2.3     0.7        0
GREATEST
 24 HR. TOTAL    2.55   09/11 TO 09/12

SNOWFALL (INCHES)
RECORDS
 TOTAL             MM   MM
 24 HR TOTAL       MM
TOTALS            0.0               0.0     0.0      0.0
SINCE 7/1         0.0               0.0     0.0      0.0
DAYS >= TRACE       0               0.0     0.0        0
DAYS >= 1.0         0               0.0     0.0        0
GREATEST
 SNOW DEPTH         0   MM                             0  MM
 24 HR TOTAL      0.0   MM

DEGREE_DAYS
HEATING TOTAL       2                 5      -3        0
COOLING TOTAL     310               294      16      278
.................................................

WIND (MPH)
AVERAGE WIND SPEED              6.8
RESULTANT WIND SPEED/DIRECTION   3/026
HIGHEST WIND SPEED/DIRECTION    28/330    DATE  09/17
HIGHEST GUST SPEED/DIRECTION    34/330    DATE  09/17

SKY COVER
POSSIBLE SUNSHINE (PERCENT)   MM
AVERAGE SKY COVER           0.50
NUMBER OF DAYS FAIR           13
NUMBER OF DAYS PC             10
NUMBER OF DAYS CLOUDY          7

AVERAGE RH (PERCENT)     82

WEATHER CONDITIONS. NUMBER OF DAYS WITH
THUNDERSTORM              6     MIXED PRECIP               0
HEAVY RAIN                5     RAIN                       7
LIGHT RAIN               19     FREEZING RAIN              0
LT FREEZING RAIN          0     HAIL                       0
HEAVY SNOW                0     SNOW                       0
LIGHT SNOW                0     SLEET                      0
FOG                      14     FOG W/VIS <= 1/4 MILE      1
HAZE                      0

-  INDICATES NEGATIVE NUMBERS.
R  INDICATES RECORD WAS SET OR TIED.
MM INDICATES DATA IS MISSING.
T  INDICATES TRACE AMOUNT.

$$
