000
CXUS52 KILM 051919
CLMILM


CLIMATE REPORT
NATIONAL WEATHER SERVICE WILMINGTON NC
317 PM EDT TUE MAY 5 2015

...................................

...THE WILMINGTON NC CLIMATE SUMMARY FOR THE MONTH OF APRIL 2015...

CLIMATE NORMAL PERIOD 1981 TO 2010
CLIMATE RECORD PERIOD 1871 TO 2015

WEATHER         OBSERVED          NORMAL  DEPART  LAST YEAR`S
                 VALUE   DATE(S)  VALUE   FROM    VALUE  DATE(S)
                                          NORMAL
................................................................
TEMPERATURE (F)
RECORD
 HIGH              95   04/07/1967
 LOW               28   04/19/1875
HIGHEST            83   04/08                         88  04/27
                                                          04/03
                                                          04/02
LOWEST             39   04/05                         38  04/17
AVG. MAXIMUM     73.5              74.2    -0.7     76.9
AVG. MINIMUM     54.2              51.6     2.6     54.0
MEAN             63.9              62.9     1.0     65.5
DAYS MAX >= 90      0               0.6    -0.6        0
DAYS MAX <= 32      0               0.0     0.0        0
DAYS MIN <= 32      0               0.3    -0.3        0
DAYS MIN <= 0       0               0.0     0.0        0

PRECIPITATION (INCHES)
RECORD
 MAXIMUM         8.21   1961
 MINIMUM         0.16   1995
TOTALS           2.16              2.82   -0.66     4.90
DAILY AVG.       0.07              0.09   -0.02     0.16
DAYS >= .01        14               8.5     5.5        9
DAYS >= .10         6               4.8     1.2        6
DAYS >= .50         1               1.5    -0.5        1
DAYS >= 1.00        0               0.8    -0.8        1
GREATEST
 24 HR. TOTAL    1.08   04/08 TO 04/09

SNOWFALL (INCHES)
RECORDS
 TOTAL              T   1989
 24 HR TOTAL        T   04/11/1989 TO 04/11/1989
TOTALS            0.0               0.0     0.0      0.0
SINCE 7/1         0.3               1.7    -1.4      1.0
DAYS >= TRACE       0               0.0     0.0        0
DAYS >= 1.0         0               0.0     0.0        0
GREATEST
 SNOW DEPTH         0   MM                             0  MM
 24 HR TOTAL      0.0   MM

DEGREE_DAYS
HEATING TOTAL      91               130     -39       85
COOLING TOTAL      63                67      -4      108
..........................................................

WIND (MPH)
AVERAGE WIND SPEED              8.4
RESULTANT WIND SPEED/DIRECTION   1/159
HIGHEST WIND SPEED/DIRECTION    25/320    DATE  04/04
HIGHEST GUST SPEED/DIRECTION    36/180    DATE  04/19

SKY COVER
POSSIBLE SUNSHINE (PERCENT)   MM
AVERAGE SKY COVER           0.40
NUMBER OF DAYS FAIR           16
NUMBER OF DAYS PC              9
NUMBER OF DAYS CLOUDY          5

AVERAGE RH (PERCENT)     72

WEATHER CONDITIONS. NUMBER OF DAYS WITH
THUNDERSTORM              2     MIXED PRECIP               0
HEAVY RAIN                3     RAIN                       7
LIGHT RAIN               19     FREEZING RAIN              0
LT FREEZING RAIN          0     HAIL                       0
HEAVY SNOW                0     SNOW                       0
LIGHT SNOW                0     SLEET                      0
FOG                      14     FOG W/VIS <= 1/4 MILE      0
HAZE                      0

-  INDICATES NEGATIVE NUMBERS.
R  INDICATES RECORD WAS SET OR TIED.
MM INDICATES DATA IS MISSING.
T  INDICATES TRACE AMOUNT.

$$
