000
CXUS53 KILX 011610
CLMILX


CLIMATE REPORT
NATIONAL WEATHER SERVICE LINCOLN IL
1027 AM CDT FRI JUL 1 2016

...................................

...THE LINCOLN IL CLIMATE SUMMARY FOR THE MONTH OF JUNE 2016...

CLIMATE NORMAL PERIOD 1981 TO 2010
CLIMATE RECORD PERIOD 1905 TO 2016

WEATHER         OBSERVED          NORMAL  DEPART  LAST YEAR`S
                 VALUE   DATE(S)  VALUE   FROM    VALUE
                                          NORMAL
.............................................................
TEMPERATURE (F)
RECORD
 HIGH             105   06/01/1934
 LOW               35   06/16/1917
                        06/11/1913
HIGHEST            93   06/15        MM      MM       91
                        06/11
                        06/10
LOWEST             48   06/08        MM      MM       52
AVG. MAXIMUM     86.0              83.1     2.9     80.9
AVG. MINIMUM     62.2              61.2     1.0     62.9
MEAN             74.1              72.1     2.0     71.9
DAYS MAX >= 90      9               4.9     4.1        2
DAYS MAX <= 32      0               0.0     0.0        0
DAYS MIN <= 32      0               0.0     0.0        0
DAYS MIN <= 0       0               0.0     0.0        0

PRECIPITATION (INCHES)
RECORD
 MAXIMUM        10.79   2010
 MINIMUM         0.42   1936
TOTALS           2.36              4.32   -1.96     9.67
DAILY AVG.       0.08              0.14   -0.06     0.32
DAYS >= .01         8               9.3    -1.3       17
DAYS >= .10         5               6.2    -1.2       12
DAYS >= .50         1               2.9    -1.9        8
DAYS >= 1.00        1               1.1    -0.1        4
GREATEST
 24 HR. TOTAL    1.03   06/22 TO 06/22              1.99

SNOWFALL (INCHES)
RECORDS
 TOTAL            0.0   MM
TOTALS            0.0               0.0     0.0      0.0
SINCE 7/1        12.3              20.5    -8.2     21.9
DAYS >= 1.0         0               0.0     0.0        0
GREATEST
 SNOW DEPTH         0   MM                             0
 24 HR TOTAL      0.0   MM                           0.0

DEGREE_DAYS
HEATING TOTAL       2                17     -15        8
 SINCE 7/1       4875              5708    -833     6205
COOLING TOTAL     282               232      50      226
 SINCE 1/1        369               323      46      337
..............................................................

WIND (MPH)
AVERAGE WIND SPEED              MM
HIGHEST WIND SPEED/DIRECTION    MM        DATE   MM
HIGHEST GUST SPEED/DIRECTION    MM        DATE   MM

SKY COVER
POSSIBLE SUNSHINE (PERCENT)   MM
AVERAGE SKY COVER             MM
NUMBER OF DAYS FAIR            0
NUMBER OF DAYS PC              0
NUMBER OF DAYS CLOUDY          0

AVERAGE RH (PERCENT)     MM

WEATHER CONDITIONS. NUMBER OF DAYS WITH
THUNDERSTORM              5     MIXED PRECIP               0
HEAVY RAIN                4     RAIN                       4
LIGHT RAIN                8     FREEZING RAIN              0
LT FREEZING RAIN          0     HAIL                       1
HEAVY SNOW                0     SNOW                       0
LIGHT SNOW                0     SLEET                      0
FOG                       5     FOG W/VIS <= 1/4 MILE      0
HAZE                      0

-  INDICATES NEGATIVE NUMBERS.
R  INDICATES RECORD WAS SET OR TIED.
MM INDICATES DATA IS MISSING.
T  INDICATES TRACE AMOUNT.

&&

NO RECORDS SET IN JUNE 2016

$$
