000
CXUS53 KLBF 011252
CLMIML


CLIMATE REPORT
NATIONAL WEATHER SERVICE NORTH PLATTE
750 AM CDT THU JUN 1 2017

...................................

...THE IMPERIAL NE CLIMATE SUMMARY FOR THE MONTH OF MAY 2017...

CLIMATE NORMAL PERIOD 1981 TO 2010
CLIMATE RECORD PERIOD 1893 TO 2017

WEATHER         OBSERVED          NORMAL  DEPART  LAST YEAR`S
                 VALUE   DATE(S)  VALUE   FROM    VALUE  DATE(S)
                                          NORMAL
................................................................
TEMPERATURE (F)
RECORD
 HIGH             102   05/29/1934
                        05/06/1916
 LOW               15   05/01/1909
                        05/02/1907
HIGHEST            87   05/07        90      -3       90  05/22
LOWEST             34   05/24        32       2       33  05/02
                        05/04
                        05/01
AVG. MAXIMUM     71.0              73.3    -2.3     70.3
AVG. MINIMUM     44.5              46.4    -1.9     46.2
MEAN             57.7              59.8    -2.1     58.3
DAYS MAX >= 90      0               2.0    -2.0        1
DAYS MAX <= 32      0               0.0     0.0        0
DAYS MIN <= 32      0               0.5    -0.5        0
DAYS MIN <= 0       0               0.0     0.0        0

PRECIPITATION (INCHES)
RECORD
 MAXIMUM         9.18   1935
 MINIMUM         0.09   1966
TOTALS           2.95              2.97   -0.02     4.08
DAILY AVG.       0.10              0.10    0.00     0.13
DAYS >= .01        14                MM      MM       14
DAYS >= .10         6                MM      MM        8
DAYS >= .50         2                MM      MM        2
DAYS >= 1.00        0                MM      MM        1
GREATEST
 24 HR. TOTAL    0.88   05/19 TO 05/19

SNOWFALL (INCHES)
TOTALS             MM

DEGREE_DAYS
HEATING TOTAL     236               202      34      218
 SINCE 7/1       5357              6067    -710     5337
COOLING TOTAL      16                43     -27       19
 SINCE 1/1         18                44     -26       19
........................................................

WIND (MPH)
HIGHEST WIND SPEED/DIRECTION    39/160    DATE  05/26
HIGHEST GUST SPEED/DIRECTION    49/180    DATE  05/26

AVERAGE RH (PERCENT)     63

WEATHER CONDITIONS. NUMBER OF DAYS WITH
THUNDERSTORM              0     MIXED PRECIP               0
HEAVY RAIN                3     RAIN                       4
LIGHT RAIN               15     FREEZING RAIN              0
LT FREEZING RAIN          0     HAIL                       0
HEAVY SNOW                0     SNOW                       0
LIGHT SNOW                0     SLEET                      0
FOG                       6     FOG W/VIS <= 1/4 MILE      1
HAZE                      0

-  INDICATES NEGATIVE NUMBERS.
R  INDICATES RECORD WAS SET OR TIED.
MM INDICATES DATA IS MISSING.
T  INDICATES TRACE AMOUNT.

$$
