000
CXUS53 KLBF 011135
CLMIML


CLIMATE REPORT
NATIONAL WEATHER SERVICE NORTH PLATTE
533 AM CST THU DEC 1 2016

...................................

...THE IMPERIAL NE CLIMATE SUMMARY FOR THE MONTH OF NOVEMBER 2016...

CLIMATE NORMAL PERIOD 1981 TO 2010
CLIMATE RECORD PERIOD 1893 TO 2016

WEATHER         OBSERVED          NORMAL  DEPART  LAST YEAR`S
                 VALUE   DATE(S)  VALUE   FROM    VALUE  DATE(S)
                                          NORMAL
................................................................
TEMPERATURE (F)
RECORD
 HIGH              84   11/08/2006
 LOW              -18   11/27/1896
HIGHEST            75   11/10        73       2       79  11/03
                                                          11/01
LOWEST              5   11/19         6      -1       15  11/21
AVG. MAXIMUM     58.4              51.2     7.2     51.9
AVG. MINIMUM     29.0              24.2     4.8     26.0
MEAN             43.7              37.7     6.0     39.0
DAYS MAX >= 90      0               0.0     0.0        0
DAYS MAX <= 32      0               2.3    -2.3        5
DAYS MIN <= 32     20              24.8    -4.8       25
DAYS MIN <= 0       0               0.0     0.0        0

PRECIPITATION (INCHES)
RECORD
 MAXIMUM         3.34   1930
 MINIMUM         0.00   1901
TOTALS           0.23              0.63   -0.40     0.85
DAILY AVG.       0.01              0.02   -0.01     0.03
DAYS >= .01         3                MM      MM        8
DAYS >= .10         1                MM      MM        4
DAYS >= .50         0                MM      MM        0
DAYS >= 1.00        0                MM      MM        0
GREATEST
 24 HR. TOTAL    0.20   11/16 TO 11/17           11/11 TO 11/11
                        11/17 TO 11/17                    11/11 TO 11/11
                        11/17 TO 11/18                    11/11 TO 11/11

SNOWFALL (INCHES)
TOTALS             MM

DEGREE_DAYS
HEATING TOTAL     635               819    -184      776
 SINCE 7/1        954              1381    -427     1116
COOLING TOTAL       0                 0       0        0
 SINCE 1/1       1011               963      48     1040
..................................................

WIND (MPH)
HIGHEST WIND SPEED/DIRECTION    40/330    DATE  11/29
HIGHEST GUST SPEED/DIRECTION    52/330    DATE  11/29

AVERAGE RH (PERCENT)     57

WEATHER CONDITIONS. NUMBER OF DAYS WITH
THUNDERSTORM              0     MIXED PRECIP               0
HEAVY RAIN                0     RAIN                       0
LIGHT RAIN                3     FREEZING RAIN              0
LT FREEZING RAIN          0     HAIL                       0
HEAVY SNOW                0     SNOW                       1
LIGHT SNOW                2     SLEET                      0
FOG                       5     FOG W/VIS <= 1/4 MILE      1
HAZE                      9

-  INDICATES NEGATIVE NUMBERS.
R  INDICATES RECORD WAS SET OR TIED.
MM INDICATES DATA IS MISSING.
T  INDICATES TRACE AMOUNT.

&&

...SNOWFALL AND SNOW DEPTH ARE UNAVAILABLE FOR THIS LOCATION...

$$
