000
CXUS53 KLBF 011108 CCB
CLMIML

CLIMATE REPORT
NATIONAL WEATHER SERVICE NORTH PLATTE
556 AM CDT SAT AUG 1 2015

...................................

...THE IMPERIAL NE CLIMATE SUMMARY FOR THE MONTH OF JULY 2015...

CLIMATE NORMAL PERIOD 1981 TO 2010
CLIMATE RECORD PERIOD 1893 TO 2015

WEATHER         OBSERVED          NORMAL  DEPART  LAST YEAR`S
                 VALUE   DATE(S)  VALUE   FROM    VALUE  DATE(S)
                                          NORMAL
................................................................
TEMPERATURE (F)
RECORD
 HIGH             116   07/20/1934
 LOW               37   07/01/1918
HIGHEST           102   07/05       101       1      105  07/24
                                                          07/20
LOWEST             53   07/30        52       1       50  07/15
                        07/29
AVG. MAXIMUM     90.9              91.0    -0.1     88.3
AVG. MINIMUM     61.3              61.8    -0.5     60.6
MEAN             76.1              76.4    -0.3     74.4
DAYS MAX >= 90     19              17.6     1.4       14
DAYS MAX <= 32      0               0.0     0.0        0
DAYS MIN <= 32      0               0.0     0.0        0
DAYS MIN <= 0       0               0.0     0.0        0

PRECIPITATION (INCHES)
RECORD
 MAXIMUM         6.97   1993
 MINIMUM         0.36   1934
TOTALS           0.83              2.89   -2.06     1.33
DAILY AVG.       0.03              0.09   -0.06     0.04
DAYS >= .01         8                MM      MM        7
DAYS >= .10         2                MM      MM        4
DAYS >= .50         1                MM      MM        0
DAYS >= 1.00        0                MM      MM        0
GREATEST
 24 HR. TOTAL    0.52   07/14 TO 07/14           07/29 TO 07/30
                        07/13 TO 07/14                    07/30 TO 07/30
                        07/14 TO 07/14                    07/30 TO 07/30

SNOWFALL (INCHES)
TOTALS             MM

DEGREE_DAYS
HEATING TOTAL       2                 2       0       11
 SINCE 7/1          2                 2       0       11
COOLING TOTAL     354               356      -2      309
 SINCE 1/1        564               584     -20      537
.................................................

WIND (MPH)
HIGHEST WIND SPEED/DIRECTION    39/350    DATE  07/02
HIGHEST GUST SPEED/DIRECTION    49/350    DATE  07/02

AVERAGE RH (PERCENT)     58

WEATHER CONDITIONS. NUMBER OF DAYS WITH
THUNDERSTORM              0     MIXED PRECIP               0
HEAVY RAIN                1     RAIN                       0
LIGHT RAIN                9     FREEZING RAIN              0
LT FREEZING RAIN          0     HAIL                       0
HEAVY SNOW                0     SNOW                       0
LIGHT SNOW                0     SLEET                      0
FOG                       2     FOG W/VIS <= 1/4 MILE      2
HAZE                      4

-  INDICATES NEGATIVE NUMBERS.
R  INDICATES RECORD WAS SET OR TIED.
MM INDICATES DATA IS MISSING.
T  INDICATES TRACE AMOUNT.

$$
