000
CXUS53 KLBF 020134
CLMIML


CLIMATE REPORT
NATIONAL WEATHER SERVICE NORTH PLATTE
833 PM CDT TUE AUG 1 2017

...................................

...THE IMPERIAL NE CLIMATE SUMMARY FOR THE MONTH OF JULY 2017...

CLIMATE NORMAL PERIOD 1981 TO 2010
CLIMATE RECORD PERIOD 1893 TO 2017

WEATHER         OBSERVED          NORMAL  DEPART  LAST YEAR`S
                 VALUE   DATE(S)  VALUE   FROM    VALUE  DATE(S)
                                          NORMAL
................................................................
TEMPERATURE (F)
RECORD
 HIGH             116   07/20/1934
 LOW               37   07/01/1918
HIGHEST           105   07/19       101       4      101  07/21
                                                          07/10
LOWEST             50   07/01        52      -2       50  07/12
AVG. MAXIMUM     95.1              91.0     4.1     90.5
AVG. MINIMUM     62.2              61.8     0.4     63.1
MEAN             78.7              76.4     2.3     76.8
DAYS MAX >= 90     26              17.6     8.4       21
DAYS MAX <= 32      0               0.0     0.0        0
DAYS MIN <= 32      0               0.0     0.0        0
DAYS MIN <= 0       0               0.0     0.0        0

PRECIPITATION (INCHES)
RECORD
 MAXIMUM         6.97   1993
 MINIMUM         0.36   1934
TOTALS           1.06              2.89   -1.83     2.27
DAILY AVG.       0.03              0.09   -0.06     0.07
DAYS >= .01         8                MM      MM        8
DAYS >= .10         5                MM      MM        4
DAYS >= .50         0                MM      MM        2
DAYS >= 1.00        0                MM      MM        1
GREATEST
 24 HR. TOTAL    0.37   07/27 TO 07/27           07/28 TO 07/28
                                                          07/27 TO 07/28
                                                          07/28 TO 07/28

SNOWFALL (INCHES)
TOTALS             MM

DEGREE_DAYS
HEATING TOTAL       0                 2      -2        1
 SINCE 7/1          0                 2      -2        1
COOLING TOTAL     432               356      76      373
 SINCE 1/1        675               584      91      675
.........................................................

WIND (MPH)
HIGHEST WIND SPEED/DIRECTION    49/010    DATE  07/02
HIGHEST GUST SPEED/DIRECTION    62/360    DATE  07/02

AVERAGE RH (PERCENT)     56

WEATHER CONDITIONS. NUMBER OF DAYS WITH
THUNDERSTORM              0     MIXED PRECIP               0
HEAVY RAIN                2     RAIN                       6
LIGHT RAIN               15     FREEZING RAIN              0
LT FREEZING RAIN          0     HAIL                       0
HEAVY SNOW                0     SNOW                       0
LIGHT SNOW                0     SLEET                      0
FOG                       4     FOG W/VIS <= 1/4 MILE      1
HAZE                      3

-  INDICATES NEGATIVE NUMBERS.
R  INDICATES RECORD WAS SET OR TIED.
MM INDICATES DATA IS MISSING.
T  INDICATES TRACE AMOUNT.

$$
