000
CXUS53 KIND 011613
CLMIND


CLIMATE REPORT
NATIONAL WEATHER SERVICE INDIANAPOLIS IN
1113 AM EST WED FEB 1 2017

...................................

...THE INDIANAPOLIS IN CLIMATE SUMMARY FOR THE MONTH OF JANUARY 2017...

CLIMATE NORMAL PERIOD 1981 TO 2010
CLIMATE RECORD PERIOD 1871 TO 2017

WEATHER         OBSERVED          NORMAL  DEPART  LAST YEAR`S
                 VALUE   DATE(S)  VALUE   FROM    VALUE  DATE(S)
                                          NORMAL
................................................................
TEMPERATURE (F)
RECORD
 HIGH              71   01/25/1950
 LOW              -27   01/19/1994
HIGHEST            66   01/21                         61  01/30
LOWEST                  01/07                          1  01/18
                                                          01/13
AVG. MAXIMUM     42.0              35.6     6.4     37.4
AVG. MINIMUM     27.8              20.5     7.3     20.5
MEAN             34.9              28.1     6.8     28.9
DAYS MAX >= 90      0               0.0     0.0        0
DAYS MAX <= 32      8              11.6    -3.6       13
DAYS MIN <= 32     17              25.4    -8.4       28
DAYS MIN <= 0       1               2.2    -1.2        0

PRECIPITATION (INCHES)
RECORD
 MAXIMUM        12.69   1950
 MINIMUM         0.21   1944
TOTALS           4.35              2.66    1.69     1.46
DAILY AVG.       0.14              0.09    0.05     0.05
DAYS >= .01        13              12.1     0.9       11
DAYS >= .10         9               5.8     3.2        5
DAYS >= .50         5               1.6     3.4        1
DAYS >= 1.00        0               0.4    -0.4        0
GREATEST
 24 HR. TOTAL    1.31   01/19 TO 01/20

SNOWFALL (INCHES)
RECORDS
 TOTAL           30.6   1978
 SNOW DEPTH        20   01/28/1978
                        01/27/1978
TOTALS            1.7               8.6    -6.9      5.8
SINCE 7/1         6.6              16.6   -10.0      7.7
SNOWDEPTH AVG.      0
DAYS >= 1.0         1               2.5    -1.5        3
DAYS >= 0.1         3                                  5
GREATEST
 SNOW DEPTH         1   01/08                          3  01/14
                        01/07                             01/13
                        01/06                             01/12
 24 HR TOTAL      1.2   01/05 TO 01/05               1.9  01/20 TO 01/20

DEGREE_DAYS
HEATING TOTAL     925              1145    -220     1112
 SINCE 7/1       2685              3221    -536     2584
COOLING TOTAL       0                 0       0        0
 SINCE 1/1          0                 0       0        0
.................................................

WIND (MPH)
AVERAGE WIND SPEED              11.3
HIGHEST WIND SPEED/DIRECTION    47/270    DATE  01/10
HIGHEST GUST SPEED/DIRECTION    62/270    DATE  01/10

SKY COVER
POSSIBLE SUNSHINE (PERCENT)   MM
AVERAGE SKY COVER           0.80
NUMBER OF DAYS FAIR            2
NUMBER OF DAYS PC              7
NUMBER OF DAYS CLOUDY         22

AVERAGE RH (PERCENT)     79

WEATHER CONDITIONS. NUMBER OF DAYS WITH
THUNDERSTORM              3     MIXED PRECIP               0
HEAVY RAIN                5     RAIN                      10
LIGHT RAIN               14     FREEZING RAIN              1
LT FREEZING RAIN          3     HAIL                       0
HEAVY SNOW                0     SNOW                       1
LIGHT SNOW                5     SLEET                      0
FOG                      20     FOG W/VIS <= 1/4 MILE      3
HAZE                      4

-  INDICATES NEGATIVE NUMBERS.
R  INDICATES RECORD WAS SET OR TIED.
MM INDICATES DATA IS MISSING.
T  INDICATES TRACE AMOUNT.

$$
