000
CXUS53 KIND 011510
CLMIND


CLIMATE REPORT
NATIONAL WEATHER SERVICE INDIANAPOLIS IN
1110 AM EDT MON JUN 1 2015

...................................

...THE INDIANAPOLIS IN CLIMATE SUMMARY FOR THE MONTH OF MAY 2015...

CLIMATE NORMAL PERIOD 1981 TO 2010
CLIMATE RECORD PERIOD 1871 TO 2015

WEATHER         OBSERVED          NORMAL  DEPART  LAST YEAR`S
                 VALUE   DATE(S)  VALUE   FROM    VALUE  DATE(S)
                                          NORMAL
................................................................
TEMPERATURE (F)
RECORD
 HIGH              96   05/28/1911
                        05/31/1895
 LOW               28   05/10/1966
HIGHEST            86   05/07                         85  05/27
                        05/06
LOWEST             39   05/01                         38  05/18
AVG. MAXIMUM     76.6              72.8     3.8     72.9
AVG. MINIMUM     57.0              52.6     4.4     53.3
MEAN             66.8              62.7     4.1     63.1
DAYS MAX >= 90      0               0.1    -0.1        0
DAYS MAX <= 32      0               0.0     0.0        0
DAYS MIN <= 32      0               0.2    -0.2        0
DAYS MIN <= 0       0               0.0     0.0        0

PRECIPITATION (INCHES)
RECORD
 MAXIMUM        10.10   1943
 MINIMUM         0.60   1934
                        1932
TOTALS           2.45              5.05   -2.60     4.87
DAILY AVG.       0.08              0.16   -0.08     0.16
DAYS >= .01        11              13.1    -2.1        7
DAYS >= .10         4               8.8    -4.8        5
DAYS >= .50         2               3.7    -1.7        4
DAYS >= 1.00        1               1.3    -0.3        2
GREATEST
 24 HR. TOTAL    1.36   05/30 TO 05/31

SNOWFALL (INCHES)
RECORDS
 TOTAL            2.4   1897
 SNOW DEPTH         1   05/02/1929
TOTALS            0.0                 T     0.0        T
SINCE 7/1        25.6              25.9    -0.3     55.7
SNOWDEPTH AVG.      0
DAYS >= 1.0         0               0.0     0.0        0
DAYS >= 0.1         0                                  0
GREATEST
 SNOW DEPTH         0   MM                             0  MM
 24 HR TOTAL      0.0   MM                             T  05/16 TO 05/16

DEGREE_DAYS
HEATING TOTAL      79               140     -61      153
 SINCE 7/1       5908              5362     546     6206
COOLING TOTAL     142                69      73      100
 SINCE 1/1        148                84      64      104
..................................................

WIND (MPH)
AVERAGE WIND SPEED              9.7
HIGHEST WIND SPEED/DIRECTION    48/190    DATE  05/30
HIGHEST GUST SPEED/DIRECTION    58/190    DATE  05/30

SKY COVER
POSSIBLE SUNSHINE (PERCENT)   MM
AVERAGE SKY COVER           0.60
NUMBER OF DAYS FAIR            4
NUMBER OF DAYS PC             14
NUMBER OF DAYS CLOUDY         13

AVERAGE RH (PERCENT)     65

WEATHER CONDITIONS. NUMBER OF DAYS WITH
THUNDERSTORM              5     MIXED PRECIP               0
HEAVY RAIN                1     RAIN                       4
LIGHT RAIN               17     FREEZING RAIN              0
LT FREEZING RAIN          0     HAIL                       0
HEAVY SNOW                0     SNOW                       0
LIGHT SNOW                0     SLEET                      0
FOG                      12     FOG W/VIS <= 1/4 MILE      1
HAZE                      3

-  INDICATES NEGATIVE NUMBERS.
R  INDICATES RECORD WAS SET OR TIED.
MM INDICATES DATA IS MISSING.
T  INDICATES TRACE AMOUNT.

$$
