000
CXUS53 KIND 011623 CCA
CLMIND

CLIMATE REPORT
NATIONAL WEATHER SERVICE INDIANAPOLIS IN
1115 AM EST THU JAN 1 2015

...................................

...THE INDIANAPOLIS IN CLIMATE SUMMARY FOR THE MONTH OF DECEMBER 2014...

CLIMATE NORMAL PERIOD 1981 TO 2010
CLIMATE RECORD PERIOD 1871 TO 2014

WEATHER         OBSERVED          NORMAL  DEPART  LAST YEAR`S
                 VALUE   DATE(S)  VALUE   FROM    VALUE  DATE(S)
                                          NORMAL
................................................................
TEMPERATURE (F)
RECORD
 HIGH              74   12/02/1982
 LOW              -23   12/22/1989
HIGHEST            55   12/23                         61  12/04
LOWEST              9   12/31                          2  12/12
AVG. MAXIMUM     38.8              38.9    -0.1     37.4
AVG. MINIMUM     27.8              24.4     3.4     22.5
MEAN             33.3              31.6     1.7     29.9
DAYS MAX >= 90      0               0.0     0.0        0
DAYS MAX <= 32      6               8.1    -2.1       15
DAYS MIN <= 32     24              23.0     1.0       25
DAYS MIN <= 0       0               1.0    -1.0        0

PRECIPITATION (INCHES)
RECORD
 MAXIMUM         7.72   1990
 MINIMUM         0.45   1976
TOTALS           2.55              3.17   -0.62     4.44
DAILY AVG.       0.08              0.10   -0.02     0.14
DAYS >= .01        15              12.5     2.5       11
DAYS >= .10         6               6.8    -0.8        5
DAYS >= .50         2               2.1    -0.1        2
DAYS >= 1.00        0               0.6    -0.6        1
GREATEST
 24 HR. TOTAL    1.24   12/05 TO 12/06

SNOWFALL (INCHES)
RECORDS
 TOTAL           27.5   1973
 SNOW DEPTH        13   12/20/1973
TOTALS            0.1               6.9    -6.8      8.8
SINCE 7/1         2.8               8.0    -5.2      8.9
SNOWDEPTH AVG.      0
DAYS >= 1.0         0               2.2    -2.2        5
DAYS >= 0.1         0                                  7
GREATEST
 SNOW DEPTH         T   12/02                          5  12/17
                                                          12/16
                                                          12/18
 24 HR TOTAL      0.1   12/16 TO 12/16               2.9  12/05 TO 12/05

DEGREE_DAYS
HEATING TOTAL     974              1034     -60     1079
 SINCE 7/1       2253              2076     177     2223
COOLING TOTAL       0                 0       0        0
 SINCE 1/1        900              1066    -166     1160
..................................................

WIND (MPH)
AVERAGE WIND SPEED              9.3
HIGHEST WIND SPEED/DIRECTION    30/270    DATE  12/16
HIGHEST GUST SPEED/DIRECTION    37/270    DATE  12/16

SKY COVER
POSSIBLE SUNSHINE (PERCENT)   MM
AVERAGE SKY COVER           0.80
NUMBER OF DAYS FAIR            2
NUMBER OF DAYS PC             10
NUMBER OF DAYS CLOUDY         19

AVERAGE RH (PERCENT)     81

WEATHER CONDITIONS. NUMBER OF DAYS WITH
THUNDERSTORM              0     MIXED PRECIP               1
HEAVY RAIN                1     RAIN                       5
LIGHT RAIN               18     FREEZING RAIN              0
LT FREEZING RAIN          2     HAIL                       0
HEAVY SNOW                0     SNOW                       3
LIGHT SNOW                6     SLEET                      1
FOG                      25     FOG W/VIS <= 1/4 MILE      2
HAZE                     14

-  INDICATES NEGATIVE NUMBERS.
R  INDICATES RECORD WAS SET OR TIED.
MM INDICATES DATA IS MISSING.
T  INDICATES TRACE AMOUNT.

$$
