000
CXUS55 KFGZ 011145
CLMINW


CLIMATE REPORT
NATIONAL WEATHER SERVICE FLAGSTAFF, AZ
444 AM MST SUN FEB 1 2015

...................................

...THE WINSLOW AZ AIRPORT CLIMATE SUMMARY FOR THE MONTH OF JANUARY 2015...

CLIMATE NORMAL PERIOD 1981 TO 2010
CLIMATE RECORD PERIOD 1915 TO 2015

WEATHER         OBSERVED          NORMAL  DEPART  LAST YEAR`S
                 VALUE   DATE(S)  VALUE   FROM    VALUE  DATE(S)
                                          NORMAL
................................................................
TEMPERATURE (F)
RECORD
 HIGH              75   01/20/1971
 LOW              -18   01/23/1937
                        01/22/1937
HIGHEST            65                                 70  01/30
LOWEST              3                                  9  01/06
AVG. MAXIMUM     50.1              49.5     0.6     55.8
AVG. MINIMUM     24.4              20.8     3.6     18.3
MEAN             37.3              35.2     2.1     37.0
DAYS MAX >= 90      0               0.0     0.0        0
DAYS MAX <= 32      2               1.2     0.8        0
DAYS MIN <= 32     24              28.3    -4.3       29
DAYS MIN <= 0       0               0.2    -0.2        0

PRECIPITATION (INCHES)
RECORD
 MAXIMUM         2.22   2010
 MINIMUM         0.00   1972
TOTALS           1.63              0.52    1.11        T
DAILY AVG.       0.05              0.02    0.03        T
DAYS >= .01         9               4.6     4.4        0
DAYS >= .10         7               1.8     5.2        0
DAYS >= .50         1               0.2     0.8        0
DAYS >= 1.00        0               0.0     0.0        0
GREATEST
 24 HR. TOTAL    0.62   01/11 TO 01/12                 T

DEGREE_DAYS
HEATING TOTAL     853               925     -72      859
 SINCE 7/1       2437              2803    -366     2820
COOLING TOTAL       0                 0       0        0
 SINCE 1/1          0                 0       0        0
.................................................................

WIND (MPH)
AVERAGE WIND SPEED              4.2
HIGHEST WIND SPEED/DIRECTION    20/330    DATE  01/21
HIGHEST GUST SPEED/DIRECTION    23/110    DATE  01/30

SKY COVER
POSSIBLE SUNSHINE (PERCENT)   MM
AVERAGE SKY COVER           0.30
NUMBER OF DAYS FAIR           19
NUMBER OF DAYS PC              7
NUMBER OF DAYS CLOUDY          5

AVERAGE RH (PERCENT)     72

WEATHER CONDITIONS. NUMBER OF DAYS WITH
THUNDERSTORM              0     MIXED PRECIP               0
HEAVY RAIN                1     RAIN                       3
LIGHT RAIN                9     FREEZING RAIN              0
LT FREEZING RAIN          0     HAIL                       0
HEAVY SNOW                0     SNOW                       0
LIGHT SNOW                1     SLEET                      0
FOG                      13     FOG W/VIS <= 1/4 MILE      2
HAZE                      0

-  INDICATES NEGATIVE NUMBERS.
R  INDICATES RECORD WAS SET OR TIED.
MM INDICATES DATA IS MISSING.
T  INDICATES TRACE AMOUNT.

$$
