000
CXUS55 KFGZ 012346
CLMINW


CLIMATE REPORT
NATIONAL WEATHER SERVICE FLAGSTAFF, AZ
445 PM MST SUN MAY 1 2016

...................................

...THE WINSLOW AZ AIRPORT CLIMATE SUMMARY FOR THE MONTH OF APRIL 2016...

CLIMATE NORMAL PERIOD 1981 TO 2010
CLIMATE RECORD PERIOD 1915 TO 2016

WEATHER         OBSERVED          NORMAL  DEPART  LAST YEAR`S
                 VALUE   DATE(S)  VALUE   FROM    VALUE  DATE(S)
                                          NORMAL
................................................................
TEMPERATURE (F)
RECORD
 HIGH              92   04/30/1943
 LOW               14   04/09/1928
HIGHEST            85                                 85  04/30
LOWEST             26                                 23  04/16
                                                          04/09
AVG. MAXIMUM     71.8              71.8     0.0     72.6
AVG. MINIMUM     36.3              36.7    -0.4     36.1
MEAN             54.1              54.3    -0.2     54.4
DAYS MAX >= 90      0               0.3    -0.3        0
DAYS MAX <= 32      0               0.0     0.0        0
DAYS MIN <= 32      6               7.7    -1.7        7
DAYS MIN <= 0       0               0.0     0.0        0

PRECIPITATION (INCHES)
RECORD
 MAXIMUM         1.59   1934
 MINIMUM         0.00   1989
TOTALS           0.56              0.26    0.30     0.30
DAILY AVG.       0.02              0.01    0.01     0.01
DAYS >= .01         4               2.9     1.1        3
DAYS >= .10         2               0.8     1.2        1
DAYS >= .50         0               0.1    -0.1        0
DAYS >= 1.00        0               0.0     0.0        0
GREATEST
 24 HR. TOTAL    0.34   04/30 TO 04/30              0.27

DEGREE_DAYS
HEATING TOTAL     323               326      -3      313
 SINCE 7/1       4119              4379    -260     3674
COOLING TOTAL       0                 4      -4        0
 SINCE 1/1          0                 4      -4        0
.................................................................

WIND (MPH)
AVERAGE WIND SPEED              9.1
HIGHEST WIND SPEED/DIRECTION    47/210    DATE  04/25
HIGHEST GUST SPEED/DIRECTION    61/190    DATE  04/25

SKY COVER
POSSIBLE SUNSHINE (PERCENT)   MM
AVERAGE SKY COVER           0.20
NUMBER OF DAYS FAIR           21
NUMBER OF DAYS PC              7
NUMBER OF DAYS CLOUDY          2

AVERAGE RH (PERCENT)     38

WEATHER CONDITIONS. NUMBER OF DAYS WITH
THUNDERSTORM              0     MIXED PRECIP               0
HEAVY RAIN                0     RAIN                       1
LIGHT RAIN                8     FREEZING RAIN              0
LT FREEZING RAIN          0     HAIL                       0
HEAVY SNOW                0     SNOW                       0
LIGHT SNOW                0     SLEET                      0
FOG                       4     FOG W/VIS <= 1/4 MILE      0
HAZE                      1

-  INDICATES NEGATIVE NUMBERS.
R  INDICATES RECORD WAS SET OR TIED.
MM INDICATES DATA IS MISSING.
T  INDICATES TRACE AMOUNT.

$$
