000
CXUS53 KDVN 011513
CLMIOW


CLIMATE REPORT
NATIONAL WEATHER SERVICE QUAD CITIES IA IL
952 AM CDT THU JUN 1 2017

...................................

...THE IOWA CITY IA CLIMATE SUMMARY FOR THE SEASON, FROM
3/1/2017 TO 5/31/2017...

CLIMATE NORMAL PERIOD 1981 TO 2010
CLIMATE RECORD PERIOD 9999 TO 9999

WEATHER         OBSERVED          NORMAL  DEPART
                 VALUE   DATE(S)  VALUE   FROM
                                          NORMAL
................................................
TEMPERATURE (F)
HIGHEST            91   05/15        77      14
LOWEST             10   03/15        23     -13
AVG. MAXIMUM     62.1              60.6     1.5
AVG. MINIMUM     42.1              40.1     2.0
MEAN             52.1              50.3     1.8
DAYS MAX >= 90      1
DAYS MAX <= 32      3
DAYS MIN <= 32     15
DAYS MIN <= 0       0

PRECIPITATION (INCHES)
TOTALS          11.32              9.93    1.39
DAILY AVG.       0.12              0.11    0.01
DAYS >= .01        32
DAYS >= .10        23
DAYS >= .50        11
DAYS >= 1.00        0
GREATEST
 24 HR. TOTAL    1.25   03/29 TO 03/30

DEGREE_DAYS
HEATING TOTAL    1218              1411    -193
 SINCE 7/1       5113              6361   -1248
COOLING TOTAL      53                61      -8
 SINCE 1/1         53                61      -8
.................................................

WIND (MPH)
AVERAGE WIND SPEED              9.6
HIGHEST WIND SPEED/DIRECTION    43/240    DATE  03/06
HIGHEST GUST SPEED/DIRECTION    60/250    DATE  03/06

SKY COVER
POSSIBLE SUNSHINE (PERCENT)   MM
AVERAGE SKY COVER           0.50
NUMBER OF DAYS FAIR           43
NUMBER OF DAYS PC             22
NUMBER OF DAYS CLOUDY         27

AVERAGE RH (PERCENT)     65

WEATHER CONDITIONS. NUMBER OF DAYS WITH
THUNDERSTORM             18     HAIL                       0
SLEET                     0     FOG                       33
FOG W/VIS <= 1/4 MILE     3     HAZE                       9

-  INDICATES NEGATIVE NUMBERS.
R  INDICATES RECORD WAS SET OR TIED.
MM INDICATES DATA IS MISSING.
T  INDICATES TRACE AMOUNT.

$$
