000
CXUS53 KDVN 011436
CLMIOW


CLIMATE REPORT
NATIONAL WEATHER SERVICE QUAD CITIES IA IL
921 AM CDT WED JUL 1 2015

...................................

...THE IOWA CITY IA CLIMATE SUMMARY FOR THE MONTH OF JUNE 2015...

CLIMATE NORMAL PERIOD 1981 TO 2010
CLIMATE RECORD PERIOD 9999 TO 9999

WEATHER         OBSERVED          NORMAL  DEPART
                 VALUE   DATE(S)  VALUE   FROM
                                          NORMAL
................................................
TEMPERATURE (F)
HIGHEST            92   06/09        84       8
LOWEST             47   06/01        57     -10
AVG. MAXIMUM     80.3              81.6    -1.3
AVG. MINIMUM     62.1              61.3     0.8
MEAN             71.2              71.5    -0.3
DAYS MAX >= 90      2
DAYS MAX <= 32      0
DAYS MIN <= 32      0
DAYS MIN <= 0       0

PRECIPITATION (INCHES)
TOTALS           5.88              4.61    1.27
DAILY AVG.       0.20              0.15    0.05
DAYS >= .01        14
DAYS >= .10        10
DAYS >= .50         6
DAYS >= 1.00        1
GREATEST
 24 HR. TOTAL    1.62   06/14 TO 06/15

DEGREE_DAYS
HEATING TOTAL       7                17     -10
 SINCE 7/1       6728              6378     350
COOLING TOTAL     200               211     -11
 SINCE 1/1        263               272      -9
.................................................

WIND (MPH)
AVERAGE WIND SPEED              6.5
HIGHEST WIND SPEED/DIRECTION    31/330    DATE  06/29
HIGHEST GUST SPEED/DIRECTION    41/320    DATE  06/29

SKY COVER
POSSIBLE SUNSHINE (PERCENT)   MM
AVERAGE SKY COVER           0.30
NUMBER OF DAYS FAIR           17
NUMBER OF DAYS PC             11
NUMBER OF DAYS CLOUDY          2

AVERAGE RH (PERCENT)     75

WEATHER CONDITIONS. NUMBER OF DAYS WITH
THUNDERSTORM             10     HAIL                       0
SLEET                     0     FOG                       17
FOG W/VIS <= 1/4 MILE     3     HAZE                       3

-  INDICATES NEGATIVE NUMBERS.
R  INDICATES RECORD WAS SET OR TIED.
MM INDICATES DATA IS MISSING.
T  INDICATES TRACE AMOUNT.

$$
