000
CXUS53 KDVN 011505
CLMIOW


CLIMATE REPORT
NATIONAL WEATHER SERVICE QUAD CITIES IA IL
956 AM CDT SAT NOV 1 2014

...................................

...THE IOWA CITY IA CLIMATE SUMMARY FOR THE MONTH OF OCTOBER 2014...

CLIMATE NORMAL PERIOD 1981 TO 2010
CLIMATE RECORD PERIOD 9999 TO 9999

WEATHER         OBSERVED          NORMAL  DEPART
                 VALUE   DATE(S)  VALUE   FROM
                                          NORMAL
................................................
TEMPERATURE (F)
HIGHEST            77   10/27        70       7
LOWEST             31   10/31        37      -6
                        10/29
                        10/19
AVG. MAXIMUM     61.5              62.9    -1.4
AVG. MINIMUM     40.9              41.1    -0.2
MEAN             51.2              52.0    -0.8
DAYS MAX >= 90      0
DAYS MAX <= 32      0
DAYS MIN <= 32      4
DAYS MIN <= 0       0

PRECIPITATION (INCHES)
TOTALS           2.94              2.87    0.07
DAILY AVG.       0.09              0.09    0.00
DAYS >= .01         9
DAYS >= .10         4
DAYS >= .50         2
DAYS >= 1.00        1
GREATEST
 24 HR. TOTAL    1.92   10/13 TO 10/14

DEGREE_DAYS
HEATING TOTAL     419               413       6
 SINCE 7/1        552               525      27
COOLING TOTAL       1                10      -9
 SINCE 1/1        779               912    -133
.................................................

WIND (MPH)
AVERAGE WIND SPEED              8.2
HIGHEST WIND SPEED/DIRECTION    30/280    DATE  10/03
HIGHEST GUST SPEED/DIRECTION    41/300    DATE  10/03

SKY COVER
POSSIBLE SUNSHINE (PERCENT)   MM
AVERAGE SKY COVER           0.40
NUMBER OF DAYS FAIR           14
NUMBER OF DAYS PC             11
NUMBER OF DAYS CLOUDY          6

AVERAGE RH (PERCENT)     74

WEATHER CONDITIONS. NUMBER OF DAYS WITH
THUNDERSTORM              0     HAIL                       0
SLEET                     0     FOG                       11
FOG W/VIS <= 1/4 MILE     5     HAZE                       2

-  INDICATES NEGATIVE NUMBERS.
R  INDICATES RECORD WAS SET OR TIED.
MM INDICATES DATA IS MISSING.
T  INDICATES TRACE AMOUNT.

$$
