000
CXUS51 KCTP 010848
CLMIPT

PHLCLMIPT 000
TTAA00 KCTP 010845


CLIMATE REPORT
NATIONAL WEATHER SERVICE STATE COLLEGE PA
348 AM EST WED FEB 1 2017

...................................

...THE WILLIAMSPORT PA CLIMATE SUMMARY FOR THE MONTH OF JANUARY 2017...

CLIMATE NORMAL PERIOD 1981 TO 2010
CLIMATE RECORD PERIOD 1895 TO 2017

WEATHER         OBSERVED          NORMAL  DEPART  LAST YEAR`S
                 VALUE   DATE(S)  VALUE   FROM    VALUE  DATE(S)
                                          NORMAL
................................................................
TEMPERATURE (F)
RECORD
 HIGH              70   01/14/1932
                        01/13/1932
 LOW              -20   01/21/1994
HIGHEST            55   01/12                         55  01/31
                                                          01/10
LOWEST              8   01/09                          8  01/06
AVG. MAXIMUM     39.3              34.2     5.1     36.0
AVG. MINIMUM     27.0              19.3     7.7     20.9
MEAN             33.1              26.8     6.3     28.4
DAYS MAX >= 90      0               0.0     0.0        0
DAYS MAX <= 32      8              12.7    -4.7       11
DAYS MIN <= 32     20              27.7    -7.7       29
DAYS MIN <= 0       0               1.5    -1.5        0

PRECIPITATION (INCHES)
RECORD
 MAXIMUM         8.25   1978
 MINIMUM         0.52   1985
TOTALS           3.43              2.70    0.73     2.06
DAILY AVG.       0.11              0.09    0.02     0.07
DAYS >= .01        15              11.0     4.0        8
DAYS >= .10        10               5.4     4.6        2
DAYS >= .50         1               1.7    -0.7        1
DAYS >= 1.00        0               0.4    -0.4        1
GREATEST
 24 HR. TOTAL    1.11   01/23 TO 01/24

SNOWFALL (INCHES)
RECORDS
 TOTAL           40.1   1987
TOTALS            3.3              10.5    -7.2      1.3
SINCE 7/1        12.3              19.2    -6.9      0.9
SNOWDEPTH AVG.      0                 3      -3        0
DAYS >= 1.0         1               3.1    -2.1        0
GREATEST
 SNOW DEPTH         1   01/24                          0  MM
 24 HR TOTAL      1.5   01/31 TO 01/31

DEGREE_DAYS
HEATING TOTAL     981              1186    -205     1128
 SINCE 7/1       2890              3479    -589     2727
COOLING TOTAL       0                 0       0        0
 SINCE 1/1          0                 0       0        0
..................................................

WIND (MPH)
AVERAGE WIND SPEED              6.7
HIGHEST WIND SPEED/DIRECTION    26/280    DATE  01/26
HIGHEST GUST SPEED/DIRECTION    45/270    DATE  01/04

SKY COVER
POSSIBLE SUNSHINE (PERCENT)   MM
AVERAGE SKY COVER           0.70
NUMBER OF DAYS FAIR            6
NUMBER OF DAYS PC              7
NUMBER OF DAYS CLOUDY         18

AVERAGE RH (PERCENT)     71

WEATHER CONDITIONS. NUMBER OF DAYS WITH
THUNDERSTORM              0     MIXED PRECIP               0
HEAVY RAIN                4     RAIN                       8
LIGHT RAIN               17     FREEZING RAIN              1
LT FREEZING RAIN          1     HAIL                       0
HEAVY SNOW                0     SNOW                       2
LIGHT SNOW               13     SLEET                      0
FOG                      19     FOG W/VIS <= 1/4 MILE      6
HAZE                      3

-  INDICATES NEGATIVE NUMBERS.
R  INDICATES RECORD WAS SET OR TIED.
MM INDICATES DATA IS MISSING.
T  INDICATES TRACE AMOUNT.

$$
