000
CXUS51 KCTP 010919
CLMIPT

CLIMATE REPORT
NATIONAL WEATHER SERVICE STATE COLLEGE PA
420 AM EST THU DEC 1 2016

...................................

...THE WILLIAMSPORT PA CLIMATE SUMMARY FOR THE MONTH OF NOVEMBER 2016...

CLIMATE NORMAL PERIOD 1981 TO 2010
CLIMATE RECORD PERIOD 1895 TO 2016

WEATHER         OBSERVED          NORMAL  DEPART  LAST YEAR`S
                 VALUE   DATE(S)  VALUE   FROM    VALUE  DATE(S)
                                          NORMAL
................................................................
TEMPERATURE (F)
RECORD
 HIGH              83   11/01/1950
 LOW                3   11/27/1938
HIGHEST            70   11/03                         74  11/06
                                                          11/04
LOWEST             23   11/23                         22  11/30
AVG. MAXIMUM     55.0              49.9     5.1     57.1
AVG. MINIMUM     34.5              33.3     1.2     36.8
MEAN             44.8              41.6     3.2     47.0
DAYS MAX >= 90      0               0.0     0.0        0
DAYS MAX <= 32      0               0.5    -0.5        0
DAYS MIN <= 32     12              13.8    -1.8       12
DAYS MIN <= 0       0               0.0     0.0        0

PRECIPITATION (INCHES)
RECORD
 MAXIMUM         8.09   1972
 MINIMUM         0.51   1904
TOTALS           1.20              3.74   -2.54     2.17
DAILY AVG.       0.04              0.12   -0.08     0.07
DAYS >= .01         8              11.0    -3.0        6
DAYS >= .10         3               6.3    -3.3        3
DAYS >= .50         1               2.4    -1.4        1
DAYS >= 1.00        0               1.0    -1.0        1
GREATEST
 24 HR. TOTAL    0.65   11/30 TO 11/30

SNOWFALL (INCHES)
RECORDS
 TOTAL           13.8   1995
TOTALS            0.1               1.7    -1.6        T
SINCE 7/1         0.1               1.8    -1.7        T
SNOWDEPTH AVG.      0                MM      MM        0
DAYS >= 1.0         0               0.5    -0.5        0
GREATEST
 SNOW DEPTH         0   MM                             0  MM
 24 HR TOTAL      0.1   MM


DEGREE_DAYS
HEATING TOTAL     600               702    -102      533
 SINCE 7/1        934              1245    -311      927
COOLING TOTAL       0                 0       0        0
 SINCE 1/1       1148               702     446      937
.....................................................

WIND (MPH)
AVERAGE WIND SPEED              6.1
HIGHEST WIND SPEED/DIRECTION    41/260    DATE  11/19
HIGHEST GUST SPEED/DIRECTION    54/260    DATE  11/19

SKY COVER
POSSIBLE SUNSHINE (PERCENT)   MM
AVERAGE SKY COVER           0.50
NUMBER OF DAYS FAIR           14
NUMBER OF DAYS PC              6
NUMBER OF DAYS CLOUDY         10

AVERAGE RH (PERCENT)     66

WEATHER CONDITIONS. NUMBER OF DAYS WITH
THUNDERSTORM              0     MIXED PRECIP               0
HEAVY RAIN                1     RAIN                       5
LIGHT RAIN               12     FREEZING RAIN              0
LT FREEZING RAIN          0     HAIL                       0
HEAVY SNOW                0     SNOW                       1
LIGHT SNOW                3     SLEET                      0
FOG                      11     FOG W/VIS <= 1/4 MILE      8
HAZE                      3

-  INDICATES NEGATIVE NUMBERS.
R  INDICATES RECORD WAS SET OR TIED.
MM INDICATES DATA IS MISSING.
T  INDICATES TRACE AMOUNT.

$$

LA CORTE
