000
CXUS51 KCTP 010937
CLMIPT

CLIMATE REPORT...UPDATED
NATIONAL WEATHER SERVICE STATE COLLEGE PA
437 AM EST MON FEB 1 2016

...................................

...THE WILLIAMSPORT PA CLIMATE SUMMARY FOR THE MONTH OF JANUARY 2016...
...7TH LEAST-SNOWY JANUARY ON RECORD...

CLIMATE NORMAL PERIOD 1981 TO 2010
CLIMATE RECORD PERIOD 1895 TO 2016

WEATHER         OBSERVED          NORMAL  DEPART  LAST YEAR`S
                 VALUE   DATE(S)  VALUE   FROM    VALUE  DATE(S)
                                          NORMAL
................................................................
TEMPERATURE (F)
RECORD
 HIGH              70   01/14/1932
                        01/13/1932
 LOW              -20   01/21/1994
HIGHEST            55   01/31                         48  01/04
                        01/10
LOWEST              8   01/06                          2  01/29
AVG. MAXIMUM     36.0              34.2     1.8     32.5
AVG. MINIMUM     20.9              19.3     1.6     16.0
MEAN             28.4              26.8     1.6     24.2
DAYS MAX >= 90      0               0.0     0.0        0
DAYS MAX <= 32     11              12.7    -1.7       13
DAYS MIN <= 32     29              27.7     1.3       30
DAYS MIN <= 0       0               1.5    -1.5        0

PRECIPITATION (INCHES)
RECORD
 MAXIMUM         8.25   1978
 MINIMUM         0.52   1985
TOTALS           2.06              2.70   -0.64     1.71
DAILY AVG.       0.07              0.09   -0.02     0.06
DAYS >= .01         8              11.0    -3.0       15
DAYS >= .10         2               5.4    -3.4        5
DAYS >= .50         1               1.7    -0.7        1
DAYS >= 1.00        1               0.4     0.6        0
GREATEST
 24 HR. TOTAL    1.75   01/09 TO 01/10

SNOWFALL (INCHES)
RECORDS
 TOTAL           40.1   1987
TOTALS            0.9              10.5    -9.6     14.7
SINCE 7/1         0.9              19.2   -18.3     23.8
SNOWDEPTH AVG.      0                 3      -3        2
DAYS >= 1.0         0               3.1    -3.1        4
GREATEST
 SNOW DEPTH         0   MM                             6  01/31
 24 HR TOTAL      0.4   MM    01/26 TO 01/26


DEGREE_DAYS
HEATING TOTAL    1128              1186     -58     1257
 SINCE 7/1       2727              3479    -752     3330
COOLING TOTAL       0                 0       0        0
 SINCE 1/1          0                 0       0        0
.......................................................

WIND (MPH)
AVERAGE WIND SPEED              7.8
HIGHEST WIND SPEED/DIRECTION    31/240    DATE  01/10
HIGHEST GUST SPEED/DIRECTION    49/260    DATE  01/10

SKY COVER
POSSIBLE SUNSHINE (PERCENT)   MM
AVERAGE SKY COVER           0.50
NUMBER OF DAYS FAIR           10
NUMBER OF DAYS PC             14
NUMBER OF DAYS CLOUDY          7

AVERAGE RH (PERCENT)     63

WEATHER CONDITIONS. NUMBER OF DAYS WITH
THUNDERSTORM              0     MIXED PRECIP               0
HEAVY RAIN                1     RAIN                       2
LIGHT RAIN                6     FREEZING RAIN              0
LT FREEZING RAIN          1     HAIL                       0
HEAVY SNOW                1     SNOW                       1
LIGHT SNOW               13     SLEET                      0
FOG                       8     FOG W/VIS <= 1/4 MILE      0
HAZE                      3

-  INDICATES NEGATIVE NUMBERS.
R  INDICATES RECORD WAS SET OR TIED.
MM INDICATES DATA IS MISSING.
T  INDICATES TRACE AMOUNT.

&&

--RECORDS AND RANKINGS--

1/10/16: NEW RECORD DAILY RAINFALL OF 1.75 INCHES.
THE PREVIOUS RECORD OF 0.87 INCHES WAS SET IN 1983.

JANUARY 2016 WAS THE 7TH LEAST-SNOWY ON RECORD WITH 0.9 INCHES.
THE LEAST-SNOWY JANUARY WAS 1913 WITH ONLY A TRACE OF SNOW.

$$
MS
