000
CXUS51 KCTP 012108
CLMIPT

CLIMATE REPORT
NATIONAL WEATHER SERVICE STATE COLLEGE PA
410 PM EST MON DEC 1 2014

...................................

...THE WILLIAMSPORT PA CLIMATE SUMMARY FOR THE MONTH OF NOVEMBER 2014...

CLIMATE NORMAL PERIOD 1981 TO 2010
CLIMATE RECORD PERIOD 1895 TO 2014

WEATHER         OBSERVED          NORMAL  DEPART  LAST YEAR`S
                 VALUE   DATE(S)  VALUE   FROM    VALUE  DATE(S)
                                          NORMAL
................................................................
TEMPERATURE (F)
RECORD
 HIGH              83   11/01/1950
 LOW                3   11/27/1938
HIGHEST            69   11/24                         70  11/01
                        11/04
LOWEST             13   11/22                         13  11/30
AVG. MAXIMUM     46.9              49.9    -3.0     47.3
AVG. MINIMUM     30.4              33.3    -2.9     29.2
MEAN             38.7              41.6    -2.9     38.2
DAYS MAX >= 90      0               0.0     0.0        0
DAYS MAX <= 32      2               0.5     1.5        2
DAYS MIN <= 32     18              13.8     4.2       21
DAYS MIN <= 0       0               0.0     0.0        0

PRECIPITATION (INCHES)
RECORD
 MAXIMUM         8.09   1972
 MINIMUM         0.51   1904
TOTALS           2.16              3.74   -1.58     2.84
DAILY AVG.       0.07              0.12   -0.05     0.09
DAYS >= .01         9              11.0    -2.0       10
DAYS >= .10         4               6.3    -2.3        5
DAYS >= .50         2               2.4    -0.4        1
DAYS >= 1.00        0               1.0    -1.0        1
GREATEST
 24 HR. TOTAL    0.78   11/23 TO 11/24


SNOWFALL (INCHES)
RECORDS
 TOTAL           13.8   1995
TOTALS            5.1               1.7     3.4      2.2
SINCE 7/1         5.1               1.8     3.3      2.2
SNOWDEPTH AVG.      0                MM      MM        0
DAYS >= 1.0         1               0.5     0.5        1
GREATEST
 SNOW DEPTH         4   11/27
 24 HR TOTAL      4.8   MM

DEGREE_DAYS
HEATING TOTAL     782               702      80      797
 SINCE 7/1       1170              1245     -75     1243
COOLING TOTAL       0                 0       0        0
 SINCE 1/1        713               702      11      863
........................................................

WIND (MPH)
AVERAGE WIND SPEED              7.6
HIGHEST WIND SPEED/DIRECTION    31/270    DATE  11/18
HIGHEST GUST SPEED/DIRECTION    41/250    DATE  11/18

SKY COVER
POSSIBLE SUNSHINE (PERCENT)   MM
AVERAGE SKY COVER           0.50
NUMBER OF DAYS FAIR            9
NUMBER OF DAYS PC             13
NUMBER OF DAYS CLOUDY          8

AVERAGE RH (PERCENT)     60

WEATHER CONDITIONS. NUMBER OF DAYS WITH
THUNDERSTORM              0     MIXED PRECIP               0
HEAVY RAIN                1     RAIN                       3
LIGHT RAIN               13     FREEZING RAIN              0
LT FREEZING RAIN          0     HAIL                       0
HEAVY SNOW                1     SNOW                       1
LIGHT SNOW                9     SLEET                      0
FOG                       9     FOG W/VIS <= 1/4 MILE      1
HAZE                      2

-  INDICATES NEGATIVE NUMBERS.
R  INDICATES RECORD WAS SET OR TIED.
MM INDICATES DATA IS MISSING.
T  INDICATES TRACE AMOUNT.

A NUMBER OF RECORDS WERE SET IN NOVEMBER.

THE LOW OF 13 ON THE 22ND BROKE THE OLD RECORD OF 15 SET IN 2008.

THE HIGH OF 69 ON THE 24TH BROKE THE OLD RECORD OF 66 SET IN 1931.

SNOWFALL OF 4.5" ON THE 26TH BROKE THE OLD RECORD OF 1.8" SET
JUST LAST YEAR.

$$

LA CORTE
