000
CXUS51 KCTP 010702
CLMIPT

CLIMATE REPORT
NATIONAL WEATHER SERVICE STATE COLLEGE PA
302 AM EDT TUE JUL 1 2014

...................................

...THE WILLIAMSPORT PA CLIMATE SUMMARY FOR THE MONTH OF JUNE 2014...

CLIMATE NORMAL PERIOD 1981 TO 2010
CLIMATE RECORD PERIOD 1895 TO 2014

WEATHER         OBSERVED          NORMAL  DEPART  LAST YEAR`S
                 VALUE   DATE(S)  VALUE   FROM    VALUE  DATE(S)
                                          NORMAL
................................................................
TEMPERATURE (F)
RECORD
 HIGH             104   06/05/1925
 LOW               36   06/03/1986
                        06/01/1907
HIGHEST            89   06/17                         93  06/24
LOWEST             46   06/01                         46  06/05
                                                          06/04
AVG. MAXIMUM     80.9              79.7     1.2     80.5
AVG. MINIMUM     59.3              57.6     1.7     59.1
MEAN             70.1              68.6     1.5     69.8
DAYS MAX >= 90      0               2.2    -2.2        1
DAYS MAX <= 32      0               0.0     0.0        0
DAYS MIN <= 32      0               0.0     0.0        0
DAYS MIN <= 0       0               0.0     0.0        0

PRECIPITATION (INCHES)
RECORD
 MAXIMUM        16.80   1972
 MINIMUM         0.66   1966
TOTALS           3.46              3.92   -0.46     4.17
DAILY AVG.       0.12              0.13   -0.01     0.14
DAYS >= .01        14              11.9     2.1        9
DAYS >= .10        11               7.8     3.2        5
DAYS >= .50         2               2.6    -0.6        3
DAYS >= 1.00        0               0.9    -0.9        3
GREATEST
 24 HR. TOTAL    0.73   06/12 TO 06/13

SNOWFALL (INCHES)
RECORDS
 TOTAL            0.0   MM
TOTALS            0.0               0.0     0.0      0.0
SINCE 7/1        45.9              36.0     9.9     32.7
SNOWDEPTH AVG.      0                MM      MM        0
DAYS >= 1.0         0               0.0     0.0        0
GREATEST
 SNOW DEPTH         0   MM                             0  MM
 24 HR TOTAL      0.0

DEGREE_DAYS
HEATING TOTAL       8                37     -29        9
 SINCE 7/1       6467              5995      MM     5669
COOLING TOTAL     169               146      23      160
 SINCE 1/1        221               189      32      231

.................................................

WIND (MPH)
AVERAGE WIND SPEED              5.6
HIGHEST WIND SPEED/DIRECTION    36/240    DATE  06/03
HIGHEST GUST SPEED/DIRECTION    46/240    DATE  06/03

SKY COVER
POSSIBLE SUNSHINE (PERCENT)   MM
AVERAGE SKY COVER           0.40
NUMBER OF DAYS FAIR           13
NUMBER OF DAYS PC             10
NUMBER OF DAYS CLOUDY          7

AVERAGE RH (PERCENT)     69

WEATHER CONDITIONS. NUMBER OF DAYS WITH
THUNDERSTORM              7     MIXED PRECIP               0
HEAVY RAIN                7     RAIN                      12
LIGHT RAIN               20     FREEZING RAIN              0
LT FREEZING RAIN          0     HAIL                       0
HEAVY SNOW                0     SNOW                       0
LIGHT SNOW                0     SLEET                      0
FOG                      16     FOG W/VIS <= 1/4 MILE      1
HAZE                      8


-  INDICATES NEGATIVE NUMBERS.
R  INDICATES RECORD WAS SET OR TIED.
MM INDICATES DATA IS MISSING.
T  INDICATES TRACE AMOUNT.

&&

NO RECORDS WERE TIED OR BROKEN THIS MONTH. A CONTINUOUS WEATHER
RECORD HAS BEEN KEPT AT WILLIAMSPORT SINCE 1895.

$$

RXR
