000
CXUS51 KCTP 010906
CLMIPT

PHLCLMIPT 000
TTAA00 KCTP 010832


CLIMATE REPORT
NATIONAL WEATHER SERVICE STATE COLLEGE PA
500 AM EDT MON SEP 1 2014

...................................

...THE WILLIAMSPORT PA CLIMATE SUMMARY FOR THE MONTH OF AUGUST 2014...

CLIMATE NORMAL PERIOD 1981 TO 2010
CLIMATE RECORD PERIOD 1895 TO 2014

WEATHER         OBSERVED          NORMAL  DEPART  LAST YEAR`S
                 VALUE   DATE(S)  VALUE   FROM    VALUE  DATE(S)
                                          NORMAL
................................................................
TEMPERATURE (F)
RECORD
 HIGH             103   08/07/1918
 LOW               38   08/30/1965
                        08/25/1940
HIGHEST            90   08/27                         89  08/26
LOWEST             50   08/29                         47  08/15
                        08/15
AVG. MAXIMUM     80.0              81.6    -1.6     82.1
AVG. MINIMUM     59.2              60.7    -1.5     59.5
MEAN             69.6              71.1    -1.5     70.8
DAYS MAX >= 90      1               2.7    -1.7        0
DAYS MAX <= 32      0               0.0     0.0        0
DAYS MIN <= 32      0               0.0     0.0        0
DAYS MIN <= 0       0               0.0     0.0        0

PRECIPITATION (INCHES)
RECORD
 MAXIMUM         9.65   1912
 MINIMUM         0.53   1930
TOTALS           6.58              3.86    2.72     1.76
DAILY AVG.       0.21              0.12    0.09     0.06
DAYS >= .01        11              10.3     0.7       11
DAYS >= .10         8               6.4     1.6        3
DAYS >= .50         3               2.6     0.4        1
DAYS >= 1.00        1               1.0     0.0        1
GREATEST
 24 HR. TOTAL    3.53   08/12 TO 08/13
                                                                                                                  08/31 TO 08/31

SNOWFALL (INCHES)
RECORDS
 TOTAL            0.0   MM
TOTALS            0.0               0.0     0.0      0.0
SINCE 7/1         0.0               0.0     0.0      0.0
SNOWDEPTH AVG.      0                MM      MM        0
DAYS >= 1.0         0               0.0     0.0        0
GREATEST
 SNOW DEPTH         0   MM                             0  MM
 24 HR TOTAL      0.0
                                                                                                              08/31 TO 08/31

DEGREE_DAYS
HEATING TOTAL       5                10      -5        5
 SINCE 7/1          5                14      -9        5
COOLING TOTAL     158               201     -43      191
 SINCE 1/1        617               634     -17      759
..................................................

WIND (MPH)
AVERAGE WIND SPEED              4.3
HIGHEST WIND SPEED/DIRECTION    25/270    DATE  08/13
HIGHEST GUST SPEED/DIRECTION    35/110    DATE  08/12

SKY COVER
POSSIBLE SUNSHINE (PERCENT)   MM
AVERAGE SKY COVER           0.50
NUMBER OF DAYS FAIR           12
NUMBER OF DAYS PC             14
NUMBER OF DAYS CLOUDY          5

AVERAGE RH (PERCENT)     70

WEATHER CONDITIONS. NUMBER OF DAYS WITH
THUNDERSTORM              7     MIXED PRECIP               0
HEAVY RAIN                9     RAIN                       7
LIGHT RAIN               14     FREEZING RAIN              0
LT FREEZING RAIN          0     HAIL                       0
HEAVY SNOW                0     SNOW                       0
LIGHT SNOW                0     SLEET                      0
FOG                      17     FOG W/VIS <= 1/4 MILE      3
HAZE                      8

-  INDICATES NEGATIVE NUMBERS.
R  INDICATES RECORD WAS SET OR TIED.
MM INDICATES DATA IS MISSING.
T  INDICATES TRACE AMOUNT.

&&

AUGUST 2014 WAS THE 10TH WETTEST ON RECORD. THE 6.58 INCHES
WAS JUST SLIGHTLY HIGHER THAN THE 6.47 INCHES THAT FELL IN
AUGUST 1926.

THE 3.40 INCHES THAT FELL ON THE 12TH WAS A RECORD FOR THE DATE.
THE OLD RECORD WAS 2.22 INCHES SET IN 1905.

$$

MARTIN
