000
CXUS51 KCTP 011718
CLMIPT

PHLCLMIPT 000
TTAA00 KCTP 011656


CLIMATE REPORT
NATIONAL WEATHER SERVICE STATE COLLEGE PA
1256 PM EDT TUE APR 1 2014

...................................

...THE WILLIAMSPORT PA CLIMATE SUMMARY FOR THE MONTH OF MARCH 2014...

CLIMATE NORMAL PERIOD 1981 TO 2010
CLIMATE RECORD PERIOD 1895 TO 2014

WEATHER         OBSERVED          NORMAL  DEPART  LAST YEAR`S
                 VALUE   DATE(S)  VALUE   FROM    VALUE  DATE(S)
                                          NORMAL
................................................................
TEMPERATURE (F)
RECORD
 HIGH              87   03/31/1998
                        03/30/1986
 LOW               -5   03/18/1916
HIGHEST            65   03/11                         60  03/10
LOWEST              3   03/04                         19  03/21
AVG. MAXIMUM     42.4              47.9    -5.5     44.5
AVG. MINIMUM     22.6              28.6    -6.0     28.8
MEAN             32.5              38.2    -5.7     36.6
DAYS MAX >= 90      0               0.0     0.0        0
DAYS MAX <= 32      6               1.9     4.1        1
DAYS MIN <= 32     25              20.4     4.6       27
DAYS MIN <= 0       0               0.1    -0.1        0

PRECIPITATION (INCHES)
RECORD
 MAXIMUM         8.95   1936
 MINIMUM         0.42   1910
TOTALS           2.89              2.97   -0.08     1.74
DAILY AVG.       0.09              0.10   -0.01     0.06
DAYS >= .01         6              11.5    -5.5        7
DAYS >= .10         3               6.5    -3.5        5
DAYS >= .50         2               2.0     0.0        1
DAYS >= 1.00        1               0.5     0.5        0
GREATEST
 24 HR. TOTAL    1.72   03/29 TO 03/29           03/12 TO 03/12
                                                          03/18 TO 03/18
                                                          03/18 TO 03/18

SNOWFALL (INCHES)
RECORDS
 TOTAL           35.6   1916
TOTALS            0.1               6.9    -6.8      5.6
SINCE 7/1        45.9              34.9    11.0     32.7
SNOWDEPTH AVG.      0                MM      MM        0
DAYS >= 1.0         0               1.6    -1.6        2
GREATEST
 SNOW DEPTH         1   03/03                          3  03/19
                        03/02
                        03/01
 24 HR TOTAL      0.1   MM                       03/18 TO 03/18
                                                          03/18 TO 03/18
                                                          03/18 TO 03/18

DEGREE_DAYS
HEATING TOTAL    1000               829     171      870
 SINCE 7/1       5832              5296     536     5036
COOLING TOTAL       0                 0       0        0
 SINCE 1/1          0                 0       0        0
.........................................................

WIND (MPH)
AVERAGE WIND SPEED              7.6
HIGHEST WIND SPEED/DIRECTION    31/170    DATE  03/14
HIGHEST GUST SPEED/DIRECTION    41/170    DATE  03/14

SKY COVER
POSSIBLE SUNSHINE (PERCENT)   MM
AVERAGE SKY COVER           0.50
NUMBER OF DAYS FAIR            9
NUMBER OF DAYS PC             16
NUMBER OF DAYS CLOUDY          6

AVERAGE RH (PERCENT)     56

WEATHER CONDITIONS. NUMBER OF DAYS WITH
THUNDERSTORM              0     MIXED PRECIP               0
HEAVY RAIN                3     RAIN                       4
LIGHT RAIN               10     FREEZING RAIN              0
LT FREEZING RAIN          0     HAIL                       0
HEAVY SNOW                0     SNOW                       0
LIGHT SNOW                6     SLEET                      1
FOG                      10     FOG W/VIS <= 1/4 MILE      3
HAZE                      6

-  INDICATES NEGATIVE NUMBERS.
R  INDICATES RECORD WAS SET OR TIED.
MM INDICATES DATA IS MISSING.
T  INDICATES TRACE AMOUNT.

&&

A RECORD LOW TEMPERATURE OF 13 DEGREES WAS SET AT WILLIAMSPORT
ON MARCH 27. THIS BROKE THE OLD RECORD OF 15 SET IN 2001.

A RECORD DAILY RAINFALL OF 1.72 INCHES WAS SET AT WILLIAMSPORT
ON MARCH 29. THIS BROKE THE OLD RECORD OF 1.56 INCHES SET IN 1931.

$$

HEAD/COLBERT
