000
CXUS53 KEAX 032035
CLMIRK

STLCLMWK2 000
TTAA00 KEAX 032032


CLIMATE REPORT
NATIONAL WEATHER SERVICE KANSAS CITY/PLEASANT HILL MO
329 PM CDT FRI JUL 3 2015

...................................

...THE KIRKSVILLE CLIMATE SUMMARY FOR THE MONTH OF JUNE 2015...

CLIMATE NORMAL PERIOD 1981 TO 2010
CLIMATE RECORD PERIOD 9999 TO 9999

WEATHER         OBSERVED          NORMAL  DEPART  LAST YEAR`S
                 VALUE   DATE(S)  VALUE   FROM    VALUE  DATE(S)
                                          NORMAL
................................................................
TEMPERATURE (F)
HIGHEST            92   06/10        91       1       91  06/18
LOWEST             48   06/02        48       0       51  06/13
AVG. MAXIMUM     81.8              81.0     0.8     82.6
AVG. MINIMUM     63.3              60.7     2.6     62.9
MEAN             72.6              70.8     1.8     72.8
DAYS MAX >= 90      4               2.1     1.9        4
DAYS MAX <= 32      0               0.0     0.0        0
DAYS MIN <= 32      0               0.0     0.0        0
DAYS MIN <= 0       0               0.0     0.0        0

PRECIPITATION (INCHES)
TOTALS          11.19              4.78    6.41     7.42
DAILY AVG.       0.37              0.16    0.21     0.25
DAYS >= .01        17              12.4     4.6       12
DAYS >= .10        12               8.5     3.5        8
DAYS >= .50         8               4.5     3.5        4
DAYS >= 1.00        5               1.5     3.5        4
GREATEST
 24 HR. TOTAL    2.38   06/11 TO 06/11

DEGREE_DAYS
HEATING TOTAL      15                16      -1        6
 SINCE 7/1       5780              5856     -76     6434
COOLING TOTAL     242               192      50      247
 SINCE 1/1        310               254      56      369
.................................................................

WIND (MPH)
AVERAGE WIND SPEED              7.1
HIGHEST WIND SPEED/DIRECTION    37/290    DATE  06/22
HIGHEST GUST SPEED/DIRECTION    54/280    DATE  06/22

SKY COVER
POSSIBLE SUNSHINE (PERCENT)   MM
AVERAGE SKY COVER           0.40
NUMBER OF DAYS FAIR           12
NUMBER OF DAYS PC             16
NUMBER OF DAYS CLOUDY          2

AVERAGE RH (PERCENT)     79

WEATHER CONDITIONS. NUMBER OF DAYS WITH
THUNDERSTORM             12     MIXED PRECIP               0
HEAVY RAIN               11     RAIN                       9
LIGHT RAIN               17     FREEZING RAIN              0
LT FREEZING RAIN          0     HAIL                       0
HEAVY SNOW                0     SNOW                       0
LIGHT SNOW                0     SLEET                      0
FOG                      26     FOG W/VIS <= 1/4 MILE      2
HAZE                      4

-  INDICATES NEGATIVE NUMBERS.
R  INDICATES RECORD WAS SET OR TIED.
MM INDICATES DATA IS MISSING.
T  INDICATES TRACE AMOUNT.

$$
