000
CXUS53 KEAX 032157
CLMIRK

STLCLMWK2 000
TTAA00 KEAX 032152


CLIMATE REPORT
NATIONAL WEATHER SERVICE KANSAS CITY/PLEASANT HILL MO
449 PM CDT WED SEP 3 2014

...................................

...THE KIRKSVILLE CLIMATE SUMMARY FOR THE MONTH OF AUGUST 2014...

CLIMATE NORMAL PERIOD 1981 TO 2010
CLIMATE RECORD PERIOD 9999 TO 9999

WEATHER         OBSERVED          NORMAL  DEPART  LAST YEAR`S
                 VALUE   DATE(S)  VALUE   FROM    VALUE  DATE(S)
                                          NORMAL
................................................................
TEMPERATURE (F)
HIGHEST            93   08/25        95      -2      102  08/30
                        08/24
LOWEST             54   08/14        52       2       45  08/14
                        08/13
AVG. MAXIMUM     84.0              84.4    -0.4     87.7
AVG. MINIMUM     65.3              63.1     2.2     61.0
MEAN             74.6              73.7     0.9     74.3
DAYS MAX >= 90      4               7.2    -3.2       12
DAYS MAX <= 32      0               0.0     0.0        0
DAYS MIN <= 32      0               0.0     0.0        0
DAYS MIN <= 0       0               0.0     0.0        0

PRECIPITATION (INCHES)
TOTALS           8.76              3.82    4.94        T
DAILY AVG.       0.28              0.12    0.16        T
DAYS >= .01        13              11.5     1.5        0
DAYS >= .10         9               7.2     1.8        0
DAYS >= .50         4               3.2     0.8        0
DAYS >= 1.00        1               1.3    -0.3        0
GREATEST
 24 HR. TOTAL    5.75   08/15 TO 08/16

DEGREE_DAYS
HEATING TOTAL       0                 6      -6        5
 SINCE 7/1          6                 7      -1       13
COOLING TOTAL     306               277      29      278
 SINCE 1/1        866               844      22      810
.................................................................

WIND (MPH)
AVERAGE WIND SPEED              6.2
HIGHEST WIND SPEED/DIRECTION    29/130    DATE  08/16
HIGHEST GUST SPEED/DIRECTION    38/190    DATE  08/19

SKY COVER
POSSIBLE SUNSHINE (PERCENT)   MM
AVERAGE SKY COVER           0.30
NUMBER OF DAYS FAIR           20
NUMBER OF DAYS PC              6
NUMBER OF DAYS CLOUDY          5

AVERAGE RH (PERCENT)     79

WEATHER CONDITIONS. NUMBER OF DAYS WITH
THUNDERSTORM              0     MIXED PRECIP               0
HEAVY RAIN                8     RAIN                       8
LIGHT RAIN               14     FREEZING RAIN              0
LT FREEZING RAIN          0     HAIL                       0
HEAVY SNOW                0     SNOW                       0
LIGHT SNOW                0     SLEET                      0
FOG                      29     FOG W/VIS <= 1/4 MILE      5
HAZE                     10

-  INDICATES NEGATIVE NUMBERS.
R  INDICATES RECORD WAS SET OR TIED.
MM INDICATES DATA IS MISSING.
T  INDICATES TRACE AMOUNT.

$$
