000
CXUS53 KEAX 010810
CLMIRK

CLIMATE REPORT
NATIONAL WEATHER SERVICE KANSAS CITY/PLEASANT HILL MO
254 AM CDT FRI APR 1 2016

...................................

...THE KIRKSVILLE CLIMATE SUMMARY FOR THE MONTH OF MARCH 2016...

CLIMATE NORMAL PERIOD 1981 TO 2010
CLIMATE RECORD PERIOD 9999 TO 9999

WEATHER         OBSERVED          NORMAL  DEPART  LAST YEAR`S
                 VALUE   DATE(S)  VALUE   FROM    VALUE  DATE(S)
                                          NORMAL
................................................................
TEMPERATURE (F)
HIGHEST            74   03/15        75      -1       81  03/16
LOWEST             14   03/02        11       3        9  03/05
AVG. MAXIMUM     58.9              50.9     8.0     54.9
AVG. MINIMUM     36.7              30.5     6.2     30.3
MEAN             47.8              40.7     7.1     42.6
DAYS MAX >= 90      0               0.0     0.0        0
DAYS MAX <= 32      0               2.2    -2.2        3
DAYS MIN <= 32     12              18.4    -6.4       18
DAYS MIN <= 0       0               0.2    -0.2        0

PRECIPITATION (INCHES)
TOTALS           1.99              2.55   -0.56     0.82
DAILY AVG.       0.06              0.08   -0.02     0.03
DAYS >= .01         9               9.5    -0.5        7
DAYS >= .10         5               5.9    -0.9        2
DAYS >= .50         0               1.6    -1.6        1
DAYS >= 1.00        0               0.6    -0.6        0
GREATEST
 24 HR. TOTAL    0.48   03/07 TO 03/08
                        03/08 TO 03/08
                        03/08 TO 03/09

DEGREE_DAYS
HEATING TOTAL     526               754    -228      686
 SINCE 7/1       4233              5287   -1054     5365
COOLING TOTAL       0                 0       0        1
 SINCE 1/1          0                 0       0        1
.................................................................

WIND (MPH)
AVERAGE WIND SPEED              9.5
HIGHEST WIND SPEED/DIRECTION    30/190    DATE  03/30
HIGHEST GUST SPEED/DIRECTION    42/280    DATE  03/23

SKY COVER
POSSIBLE SUNSHINE (PERCENT)   MM
AVERAGE SKY COVER           0.50
NUMBER OF DAYS FAIR           12
NUMBER OF DAYS PC             11
NUMBER OF DAYS CLOUDY          8

AVERAGE RH (PERCENT)     69

WEATHER CONDITIONS. NUMBER OF DAYS WITH
THUNDERSTORM              4     MIXED PRECIP               0
HEAVY RAIN                3     RAIN                       3
LIGHT RAIN               12     FREEZING RAIN              0
LT FREEZING RAIN          0     HAIL                       0
HEAVY SNOW                0     SNOW                       0
LIGHT SNOW                3     SLEET                      0
FOG                      15     FOG W/VIS <= 1/4 MILE      2
HAZE                      3

-  INDICATES NEGATIVE NUMBERS.
R  INDICATES RECORD WAS SET OR TIED.
MM INDICATES DATA IS MISSING.
T  INDICATES TRACE AMOUNT.

$$
