000
CXUS53 KEAX 011045
CLMIRK

CLIMATE REPORT
NATIONAL WEATHER SERVICE KANSAS CITY/PLEASANT HILL MO
540 AM CDT FRI AUG 1 2014

...................................

...THE KIRKSVILLE CLIMATE SUMMARY FOR THE MONTH OF JULY 2014...

CLIMATE NORMAL PERIOD 1981 TO 2010
CLIMATE RECORD PERIOD 9999 TO 9999

WEATHER         OBSERVED          NORMAL  DEPART  LAST YEAR`S
                 VALUE   DATE(S)  VALUE   FROM    VALUE  DATE(S)
                                          NORMAL
................................................................
TEMPERATURE (F)
HIGHEST            93   07/22        95      -2       96  07/19
                                                          07/18
LOWEST             51   07/17        54      -3       46  07/28
                        07/03
AVG. MAXIMUM     81.7              85.3    -3.6     85.5
AVG. MINIMUM     59.6              64.8    -5.2     59.9
MEAN             70.7              75.1    -4.4     72.7
DAYS MAX >= 90      2               8.3    -6.3        9
DAYS MAX <= 32      0               0.0     0.0        0
DAYS MIN <= 32      0               0.0     0.0        0
DAYS MIN <= 0       0               0.0     0.0        0

PRECIPITATION (INCHES)
TOTALS           2.81              4.66   -1.85     1.98
DAILY AVG.       0.09              0.15   -0.06     0.06
DAYS >= .01         8               9.5    -1.5        5
DAYS >= .10         6               5.7     0.3        5
DAYS >= .50         2               2.5    -0.5        1
DAYS >= 1.00        1               1.0     0.0        1
GREATEST
 24 HR. TOTAL    1.68   07/05 TO 07/06

DEGREE_DAYS
HEATING TOTAL       6                 1       5        8
 SINCE 7/1          6                 1       5        8
COOLING TOTAL     191               313    -122      257
 SINCE 1/1        560               567      -7      532
.................................................................

WIND (MPH)
AVERAGE WIND SPEED              6.5
HIGHEST WIND SPEED/DIRECTION    45/310    DATE  07/07
HIGHEST GUST SPEED/DIRECTION    67/290    DATE  07/07

SKY COVER
POSSIBLE SUNSHINE (PERCENT)   MM
AVERAGE SKY COVER           0.20
NUMBER OF DAYS FAIR           24
NUMBER OF DAYS PC              7
NUMBER OF DAYS CLOUDY          0

AVERAGE RH (PERCENT)     73

WEATHER CONDITIONS. NUMBER OF DAYS WITH
THUNDERSTORM              0     MIXED PRECIP               0
HEAVY RAIN                4     RAIN                       4
LIGHT RAIN                9     FREEZING RAIN              0
LT FREEZING RAIN          0     HAIL                       0
HEAVY SNOW                0     SNOW                       0
LIGHT SNOW                0     SLEET                      0
FOG                      23     FOG W/VIS <= 1/4 MILE      5
HAZE                      4

-  INDICATES NEGATIVE NUMBERS.
R  INDICATES RECORD WAS SET OR TIED.
MM INDICATES DATA IS MISSING.
T  INDICATES TRACE AMOUNT.

$$
