703
CXUS53 KEAX 010811 RRA
CLMIRK

CLIMATE REPORT
NATIONAL WEATHER SERVICE KANSAS CITY/PLEASANT HILL MO
305 AM CDT WED NOV 1 2017

...................................

...THE KIRKSVILLE CLIMATE SUMMARY FOR THE MONTH OF OCTOBER 2017...

CLIMATE NORMAL PERIOD 1981 TO 2010
CLIMATE RECORD PERIOD 9999 TO 9999

WEATHER         OBSERVED          NORMAL  DEPART  LAST YEAR`S
                 VALUE   DATE(S)  VALUE   FROM    VALUE  DATE(S)
                                          NORMAL
................................................................
TEMPERATURE (F)
HIGHEST            88   10/02        82       6       89  10/17
LOWEST             21R  10/29        26      -5       32  10/21
                                                          10/13
AVG. MAXIMUM     67.1              63.9     3.2     70.7
AVG. MINIMUM     46.6              42.2     4.4     49.7
MEAN             56.9              53.1     3.8     60.2
DAYS MAX >= 90      0               0.1    -0.1        0
DAYS MAX <= 32      0               0.0     0.0        0
DAYS MIN <= 32      3               4.5    -1.5        2
DAYS MIN <= 0       0               0.0     0.0        0

PRECIPITATION (INCHES)
TOTALS           6.57              3.32    3.25     2.72
DAILY AVG.       0.21              0.11    0.10     0.09
DAYS >= .01         9              10.5    -1.5        9
DAYS >= .10         7               5.6     1.4        4
DAYS >= .50         6               2.1     3.9        2
DAYS >= 1.00        2               0.8     1.2        1
GREATEST
 24 HR. TOTAL    1.55   10/06 TO 10/06

DEGREE_DAYS
HEATING TOTAL     286               382     -96      192
 SINCE 7/1        324               489    -165      227
COOLING TOTAL      40                12      28       52
 SINCE 1/1       1121               939     182     1306
.................................................................

WIND (MPH)
AVERAGE WIND SPEED              9.6
HIGHEST WIND SPEED/DIRECTION    31/250    DATE  10/14
HIGHEST GUST SPEED/DIRECTION    57/270    DATE  10/14

SKY COVER
POSSIBLE SUNSHINE (PERCENT)   MM
AVERAGE SKY COVER           0.40
NUMBER OF DAYS FAIR           12
NUMBER OF DAYS PC             12
NUMBER OF DAYS CLOUDY          7

AVERAGE RH (PERCENT)     73

WEATHER CONDITIONS. NUMBER OF DAYS WITH
THUNDERSTORM              4     MIXED PRECIP               0
HEAVY RAIN                6     RAIN                       6
LIGHT RAIN               10     FREEZING RAIN              0
LT FREEZING RAIN          0     HAIL                       0
HEAVY SNOW                0     SNOW                       0
LIGHT SNOW                0     SLEET                      0
FOG                      11     FOG W/VIS <= 1/4 MILE      0
HAZE                      2

-  INDICATES NEGATIVE NUMBERS.
R  INDICATES RECORD WAS SET OR TIED.
MM INDICATES DATA IS MISSING.
T  INDICATES TRACE AMOUNT.

$$
