000
CXUS53 KBIS 011048
CLMISN


CLIMATE REPORT
NATIONAL WEATHER SERVICE BISMARCK ND
446 AM CST THU FEB 1 2018

...................................

...THE WILLISTON ND CLIMATE SUMMARY FOR THE MONTH OF JANUARY 2018...

CLIMATE NORMAL PERIOD 1981 TO 2010
CLIMATE RECORD PERIOD 1894 TO 2018

WEATHER         OBSERVED          NORMAL  DEPART  LAST YEAR`S
                 VALUE   DATE(S)  VALUE   FROM    VALUE  DATE(S)
                                          NORMAL
................................................................
TEMPERATURE (F)
RECORD
 HIGH              58   01/05/2012
 LOW              -42   01/12/1916
                        01/11/1912
                        01/15/1907
HIGHEST            44   01/30                         42  01/18
LOWEST            -30   01/12                        -27  01/07
AVG. MAXIMUM     24.4              21.9     2.5     19.1
AVG. MINIMUM      0.1               0.1     0.0      2.3
MEAN             12.2              11.0     1.2     10.7
DAYS MAX >= 90      0               0.0     0.0        0
DAYS MAX <= 32     19              21.6    -2.6       23
DAYS MIN <= 32     31              30.9     0.1       31
DAYS MIN <= 0      13              14.3    -1.3       14

PRECIPITATION (INCHES)
RECORD
 MAXIMUM         2.02   1896
 MINIMUM         0.01   1898
TOTALS           0.19              0.59   -0.40     0.44
DAILY AVG.       0.01              0.02   -0.01     0.01
DAYS >= .01         2               7.5    -5.5        8
DAYS >= .10         1               1.9    -0.9        2
DAYS >= .50         0               0.1    -0.1        0
DAYS >= 1.00        0               0.0     0.0        0
GREATEST
 24 HR. TOTAL    0.18   01/10 TO 01/10              0.22

SNOWFALL (INCHES)
TOTALS             MM
SINCE 7/1          MM
SNOWDEPTH AVG.     MM
DAYS >= 1.0         0
GREATEST
 SNOW DEPTH        MM
 24 HR TOTAL       MM

DEGREE_DAYS
HEATING TOTAL    1628              1674     -46
 SINCE 7/1       5137              5421    -284
.................................................................

WIND (MPH)
HIGHEST WIND SPEED/DIRECTION    31/350    DATE  01/10
HIGHEST GUST SPEED/DIRECTION    40/280    DATE  01/30

SKY COVER
POSSIBLE SUNSHINE (PERCENT)    0
NUMBER OF DAYS FAIR           19
NUMBER OF DAYS PC              9
NUMBER OF DAYS CLOUDY          3


WEATHER CONDITIONS. NUMBER OF DAYS WITH
THUNDERSTORM              0     MIXED PRECIP               0
HEAVY RAIN                0     RAIN                       0
LIGHT RAIN                0     FREEZING RAIN              0
LT FREEZING RAIN          0     HAIL                       0
HEAVY SNOW                1     SNOW                       1
LIGHT SNOW                5     SLEET                      0
FOG                      13     FOG W/VIS <= 1/4 MILE      3
HAZE                      5

-  INDICATES NEGATIVE NUMBERS.
R  INDICATES RECORD WAS SET OR TIED.
MM INDICATES DATA IS MISSING.
T  INDICATES TRACE AMOUNT.

$$
