712
CXCA52 TJSJ 010440
CLMIST


CLIMATE REPORT
NATIONAL WEATHER SERVICE SAN JUAN, PR
1240 AM AST TUE AUG 1 2017

...................................

...THE CYRIL E. KING AP/ST THOMAS  CLIMATE SUMMARY FOR THE MONTH OF JULY 2017...

CLIMATE NORMAL PERIOD 1981 TO 2010
CLIMATE RECORD PERIOD 1953 TO 2017

WEATHER         OBSERVED          NORMAL  DEPART  LAST YEAR`S
                 VALUE   DATE(S)  VALUE   FROM    VALUE  DATE(S)
                                          NORMAL
................................................................
TEMPERATURE (F)
RECORD
 HIGH              98   07/27/1994
 LOW               66   07/22/1999
HIGHEST            94   07/20        90       4       93  07/23
                                                          07/04
                                                          07/03
LOWEST             75   07/13        78      -3       79  07/31
                                                          07/13
                                                          07/10
AVG. MAXIMUM     89.6              90.0    -0.4     90.5
AVG. MINIMUM     79.3              78.0     1.3     81.5
MEAN             84.4              84.0     0.4     86.0
DAYS MAX >= 90     15              14.4     0.6       24
DAYS MAX <= 32      0               0.0     0.0        0
DAYS MIN <= 32      0               0.0     0.0        0
DAYS MIN <= 0       0               0.0     0.0        0

PRECIPITATION (INCHES)
RECORD
 MAXIMUM         7.41   1958
 MINIMUM         0.03   2007
TOTALS           4.68              2.85    1.83     2.98
DAILY AVG.       0.15              0.09    0.06     0.10
DAYS >= .01        19              14.8     4.2       20
DAYS >= .10         9               6.5     2.5        6
DAYS >= .50         3               1.6     1.4        2
DAYS >= 1.00        1               0.4     0.6        0
GREATEST
 24 HR. TOTAL    2.17   07/13 TO 07/13

SNOWFALL (INCHES)
TOTALS            0.0               0.0     0.0      0.0

DEGREE_DAYS
HEATING TOTAL       0                 0       0        0
COOLING TOTAL     608               589      19      660
.................................................................

WIND (MPH)
AVERAGE WIND SPEED              10.5
HIGHEST WIND SPEED/DIRECTION    24/090    DATE  07/13
HIGHEST GUST SPEED/DIRECTION    31/100    DATE  07/13

SKY COVER
AVERAGE SKY COVER           0.20

AVERAGE RH (PERCENT)     78

WEATHER CONDITIONS. NUMBER OF DAYS WITH
THUNDERSTORM              0     MIXED PRECIP               0
HEAVY RAIN                5     RAIN                       1
LIGHT RAIN               12     FREEZING RAIN              0
LT FREEZING RAIN          0     HAIL                       0
HEAVY SNOW                0     SNOW                       0
LIGHT SNOW                0     SLEET                      0
FOG                      12     FOG W/VIS <= 1/4 MILE      0
HAZE                      4

-  INDICATES NEGATIVE NUMBERS.
R  INDICATES RECORD WAS SET OR TIED.
MM INDICATES DATA IS MISSING.
T  INDICATES TRACE AMOUNT.

$$
