000
CXCA52 TJSJ 010436
CLMIST


CLIMATE REPORT
NATIONAL WEATHER SERVICE SAN JUAN, PR
1234 AM AST WED MAR 1 2017

...................................

...THE CYRIL E. KING AP/ST THOMAS  CLIMATE SUMMARY FOR THE MONTH OF FEBRUARY 2017...

CLIMATE NORMAL PERIOD 1981 TO 2010
CLIMATE RECORD PERIOD 1953 TO 2017

WEATHER         OBSERVED          NORMAL  DEPART  LAST YEAR`S
                 VALUE   DATE(S)  VALUE   FROM    VALUE  DATE(S)
                                          NORMAL
................................................................
TEMPERATURE (F)
RECORD
 HIGH              93   02/24/1996
                        02/09/1993
                        02/01/1993
 LOW               64   02/27/1972
                        02/26/1972
HIGHEST            86   02/28        85       1       88  02/29
                        02/27
                        02/14
LOWEST             68   02/15        73      -5       70  02/05
AVG. MAXIMUM     83.9              85.1    -1.2     83.7
AVG. MINIMUM     72.8              72.5     0.3     74.2
MEAN             78.3              78.8    -0.5     78.9
DAYS MAX >= 90      0               1.6    -1.6        0
DAYS MAX <= 32      0               0.0     0.0        0
DAYS MIN <= 32      0               0.0     0.0        0
DAYS MIN <= 0       0               0.0     0.0        0

PRECIPITATION (INCHES)
RECORD
 MAXIMUM        13.35   2015
 MINIMUM         0.42   1987
TOTALS           1.51              1.43    0.08     1.43
DAILY AVG.       0.05              0.05    0.00     0.05
DAYS >= .01        12              12.5    -0.5       10
DAYS >= .10         4               4.2    -0.2        3
DAYS >= .50         0               0.4    -0.4        1
DAYS >= 1.00        0               0.1    -0.1        0
GREATEST
 24 HR. TOTAL    0.46   02/06 TO 02/06
                        02/05 TO 02/06
                        02/06 TO 02/06

SNOWFALL (INCHES)
TOTALS            0.0               0.0     0.0      0.0

DEGREE_DAYS
HEATING TOTAL       0                 0       0        0
COOLING TOTAL     381               386      -5      282
.................................................................

WIND (MPH)
AVERAGE WIND SPEED              9.1
HIGHEST WIND SPEED/DIRECTION    30/320    DATE  02/21
HIGHEST GUST SPEED/DIRECTION    46/340    DATE  02/21

SKY COVER
AVERAGE SKY COVER           0.30

AVERAGE RH (PERCENT)     75

WEATHER CONDITIONS. NUMBER OF DAYS WITH
THUNDERSTORM              0     MIXED PRECIP               0
HEAVY RAIN                2     RAIN                       1
LIGHT RAIN               12     FREEZING RAIN              0
LT FREEZING RAIN          0     HAIL                       0
HEAVY SNOW                0     SNOW                       0
LIGHT SNOW                0     SLEET                      0
FOG                      12     FOG W/VIS <= 1/4 MILE      0
HAZE                      0

-  INDICATES NEGATIVE NUMBERS.
R  INDICATES RECORD WAS SET OR TIED.
MM INDICATES DATA IS MISSING.
T  INDICATES TRACE AMOUNT.

$$
