000
CXCA52 TJSJ 010532
CLMIST


CLIMATE REPORT
NATIONAL WEATHER SERVICE SAN JUAN, PR
132 AM AST WED JUN 1 2016

...................................

...THE CYRIL E. KING AP/ST THOMAS  CLIMATE SUMMARY FOR THE MONTH OF MAY 2016...

CLIMATE NORMAL PERIOD 1981 TO 2010
CLIMATE RECORD PERIOD 1953 TO 2016

WEATHER         OBSERVED          NORMAL  DEPART  LAST YEAR`S
                 VALUE   DATE(S)  VALUE   FROM    VALUE  DATE(S)
                                          NORMAL
................................................................
TEMPERATURE (F)
RECORD
 HIGH              97   05/23/1996
                        05/19/1995
                        05/07/1994
 LOW               66   05/05/1974
HIGHEST            90   05/18        87       3       91  05/12
                        05/17                             05/05
                        05/16
LOWEST             75   05/02        76      -1       73  05/18
                                                          05/17
AVG. MAXIMUM     88.1              87.6     0.5     87.2
AVG. MINIMUM     79.3              76.2     3.1     77.4
MEAN             83.7              81.9     1.8     82.3
DAYS MAX >= 90      3               5.3    -2.3        2
DAYS MAX <= 32      0               0.0     0.0        0
DAYS MIN <= 32      0               0.0     0.0        0
DAYS MIN <= 0       0               0.0     0.0        0

PRECIPITATION (INCHES)
RECORD
 MAXIMUM         9.98   1979
 MINIMUM         0.06   2008
TOTALS           1.21              3.06   -1.85     6.25
DAILY AVG.       0.04              0.10   -0.06     0.20
DAYS >= .01        14              12.7     1.3        9
DAYS >= .10         5               6.5    -1.5        5
DAYS >= .50         0               2.0    -2.0        3
DAYS >= 1.00        0               0.8    -0.8        2
GREATEST
 24 HR. TOTAL    0.66   04/30 TO 05/01

SNOWFALL (INCHES)
TOTALS            0.0               0.0     0.0      0.0

DEGREE_DAYS
HEATING TOTAL       0                 0       0        0
COOLING TOTAL     586               524      62      543
.................................................................

WIND (MPH)
AVERAGE WIND SPEED              11.6
HIGHEST WIND SPEED/DIRECTION    25/140    DATE  05/06
HIGHEST GUST SPEED/DIRECTION    31/130    DATE  05/01

SKY COVER
AVERAGE SKY COVER           0.30

AVERAGE RH (PERCENT)     74

WEATHER CONDITIONS. NUMBER OF DAYS WITH
THUNDERSTORM              0     MIXED PRECIP               0
HEAVY RAIN                2     RAIN                       5
LIGHT RAIN               14     FREEZING RAIN              0
LT FREEZING RAIN          0     HAIL                       0
HEAVY SNOW                0     SNOW                       0
LIGHT SNOW                0     SLEET                      0
FOG                       8     FOG W/VIS <= 1/4 MILE      0
HAZE                      2

-  INDICATES NEGATIVE NUMBERS.
R  INDICATES RECORD WAS SET OR TIED.
MM INDICATES DATA IS MISSING.
T  INDICATES TRACE AMOUNT.

$$
