000
CXCA52 TJSJ 010429
CLMIST


CLIMATE REPORT
NATIONAL WEATHER SERVICE SAN JUAN, PR
1228 AM AST TUE SEP 1 2015

...................................

...THE CYRIL E. KING AP/ST THOMAS  CLIMATE SUMMARY FOR THE MONTH OF AUGUST 2015...

CLIMATE NORMAL PERIOD 1981 TO 2010
CLIMATE RECORD PERIOD 1953 TO 2015

WEATHER         OBSERVED          NORMAL  DEPART  LAST YEAR`S
                 VALUE   DATE(S)  VALUE   FROM    VALUE  DATE(S)
                                          NORMAL
................................................................
TEMPERATURE (F)
RECORD
 HIGH              99   08/04/1994
                        08/08/1979
 LOW               65   08/07/2001
HIGHEST            95   08/29        90       5       91  08/18
                        08/01                             08/17
                                                          08/15
LOWEST             74   08/17        78      -4       75  08/23
AVG. MAXIMUM     90.7              90.2     0.5     88.4
AVG. MINIMUM     80.2              78.2     2.0     79.0
MEAN             85.4              84.2     1.2     83.7
DAYS MAX >= 90     20              15.4     4.6       12
DAYS MAX <= 32      0               0.0     0.0        0
DAYS MIN <= 32      0               0.0     0.0        0
DAYS MIN <= 0       0               0.0     0.0        0

PRECIPITATION (INCHES)
RECORD
 MAXIMUM         9.14   2011
 MINIMUM         0.70   1993
TOTALS           1.75              3.74   -1.99     7.35
DAILY AVG.       0.06              0.13   -0.07     0.24
DAYS >= .01        13              14.5    -1.5       16
DAYS >= .10         4               6.9    -2.9        9
DAYS >= .50         1               2.2    -1.2        4
DAYS >= 1.00        0               0.8    -0.8        1
GREATEST
 24 HR. TOTAL    0.87   08/16 TO 08/16
                        08/15 TO 08/16
                        08/16 TO 08/16

SNOWFALL (INCHES)
TOTALS            0.0               0.0     0.0      0.0

DEGREE_DAYS
HEATING TOTAL       0                 0       0        0
COOLING TOTAL     641               595      46      585
.................................................................

WIND (MPH)
AVERAGE WIND SPEED              11.5
HIGHEST WIND SPEED/DIRECTION    37/130    DATE  08/28
HIGHEST GUST SPEED/DIRECTION    48/120    DATE  08/27

SKY COVER
AVERAGE SKY COVER           0.30

AVERAGE RH (PERCENT)     71

WEATHER CONDITIONS. NUMBER OF DAYS WITH
THUNDERSTORM              0     MIXED PRECIP               0
HEAVY RAIN                2     RAIN                       3
LIGHT RAIN               14     FREEZING RAIN              0
LT FREEZING RAIN          0     HAIL                       0
HEAVY SNOW                0     SNOW                       0
LIGHT SNOW                0     SLEET                      0
FOG                       6     FOG W/VIS <= 1/4 MILE      0
HAZE                      4

-  INDICATES NEGATIVE NUMBERS.
R  INDICATES RECORD WAS SET OR TIED.
MM INDICATES DATA IS MISSING.
T  INDICATES TRACE AMOUNT.

$$
