000
CXCA52 TJSJ 131244
CLMIST

CLIMATE REPORT
NATIONAL WEATHER SERVICE SAN JUAN, PR
415 PM AST THU JAN 1 2015

...................................

...THE CYRIL E. KING AIRPORT/USVI CLIMATE SUMMARY FOR THE YEAR OF 2014...

CLIMATE NORMAL PERIOD 1981 TO 2010
CLIMATE RECORD PERIOD 1953 TO 2014

WEATHER         OBSERVED          NORMAL  DEPART  LAST YEAR`S
                 VALUE   DATE(S)  VALUE   FROM    VALUE  DATE(S)
                                          NORMAL
................................................................
TEMPERATURE (F)
RECORD
 HIGH              99   06/23/1996
                        08/04/1994
                        08/08/1979
 LOW               60   03/30/1972
                        03/01/1972
HIGHEST            93   07/24        95      -2       93  10/01
LOWEST             69   12/09        65       4       69  03/02
                        12/08                             02/04
                        11/05                             02/02
AVG. MAXIMUM     86.2              87.6    -1.4     86.3
AVG. MINIMUM     76.2              75.5     0.7     76.1
MEAN             81.2              81.6    -0.4     81.2
DAYS MAX >= 90     36              84.8   -48.8       42
DAYS MAX <= 32      0               0.0     0.0        0
DAYS MIN <= 32      0               0.0     0.0        0
DAYS MIN <= 0       0               0.0     0.0        0

PRECIPITATION (INCHES)
RECORD
 MAXIMUM        61.38   2010
 MINIMUM        19.52   1991
TOTALS          36.24             39.34   -3.10    56.63
DAILY AVG.       0.10              0.11   -0.01     0.17
DAYS >= .01       169             168.3     0.7      168
DAYS >= .10        62              78.5   -16.5       95
DAYS >= .50        15              20.6    -5.6       27
DAYS >= 1.00        6               7.7    -1.7       16
GREATEST
 24 HR. TOTAL    3.65 8/22
..................................................

WIND (MPH)
AVERAGE WIND SPEED              10.1
RESULTANT WIND SPEED/DIRECTION   9/111
HIGHEST WIND SPEED/DIRECTION    36/150    DATE  08/02
HIGHEST GUST SPEED/DIRECTION    46/160    DATE  08/02

SKY COVER
AVERAGE SKY COVER           0.40
NUMBER OF DAYS FAIR          220
NUMBER OF DAYS PC            112
NUMBER OF DAYS CLOUDY         28

AVERAGE RH (PERCENT)     76

WEATHER CONDITIONS. NUMBER OF DAYS WITH
HEAVY RAIN               27     RAIN                      33
LIGHT RAIN              119     FREEZING RAIN              0
LT FREEZING RAIN          0     HAIL                       0
HEAVY SNOW                0     SNOW                       0
LIGHT SNOW                0     SLEET                      0
FOG                      85     FOG W/VIS <= 1/4 MILE      2
HAZE                     28

-  INDICATES NEGATIVE NUMBERS.
R  INDICATES RECORD WAS SET OR TIED.
MM INDICATES DATA IS MISSING.
T  INDICATES TRACE AMOUNT.

$$
