000
CXCA52 TJSJ 011234
CLMIST

CLIMATE REPORT
NATIONAL WEATHER SERVICE SAN JUAN, PR
1242 AM AST SUN MAR 1 2015

...................................

...THE CYRIL E. KING AP/ST THOMAS  CLIMATE SUMMARY FOR THE MONTH OF FEBRUARY 2015...

CLIMATE NORMAL PERIOD 1981 TO 2010
CLIMATE RECORD PERIOD 1953 TO 2015

WEATHER         OBSERVED          NORMAL  DEPART  LAST YEAR`S
                 VALUE   DATE(S)  VALUE   FROM    VALUE  DATE(S)
                                          NORMAL
................................................................
TEMPERATURE (F)
RECORD
 HIGH              93   02/24/1996
                        02/09/1993
                        02/01/1993
 LOW               64   02/27/1972
                        02/26/1972
HIGHEST            86   02/28        85      1       86  02/20
                        02/08                             02/19
                        02/02                             02/17

LOWEST             71   02/21        73      -2      72  02/26

AVG. MAXIMUM     83.8              85.1    -1.3     84.2
AVG. MINIMUM     73.2              72.5     0.7     73.9
MEAN             78.5              78.8    -0.3     79.1
DAYS MAX >= 90      0               1.6    -1.6        0
DAYS MAX <= 32      0               0.0     0.0        0
DAYS MIN <= 32      0               0.0     0.0        0
DAYS MIN <= 0       0               0.0     0.0        0

PRECIPITATION (INCHES)
RECORD
 MAXIMUM         3.96   1954
 MINIMUM         0.42   1987
TOTALS          13.35R             1.43   11.92     1.56
DAILY AVG.       0.48              0.05    0.43     0.06
DAYS >= .01        16              12.5     3.5       17
DAYS >= .10         6               4.2     1.8        6
DAYS >= .50         4               0.4     3.6        0
DAYS >= 1.00        2               0.1     1.9        0
GREATEST
 24 HR. TOTAL    8.73   02/14 TO 02/14

SNOWFALL (INCHES)
TOTALS            0.0               0.0     0.0      0.0

DEGREE_DAYS
HEATING TOTAL       0                 0       0        0
COOLING TOTAL     385               386      -1      401
.................................................................

WIND (MPH)
AVERAGE WIND SPEED              10.9
HIGHEST WIND SPEED/DIRECTION    28/090    DATE  02/28
HIGHEST GUST SPEED/DIRECTION    35/090    DATE  02/28

SKY COVER
AVERAGE SKY COVER           0.40

AVERAGE RH (PERCENT)     78

WEATHER CONDITIONS. NUMBER OF DAYS WITH
THUNDERSTORM              0     MIXED PRECIP               0
HEAVY RAIN                3     RAIN                       3
LIGHT RAIN                5     FREEZING RAIN              0
LT FREEZING RAIN          0     HAIL                       0
HEAVY SNOW                0     SNOW                       0
LIGHT SNOW                0     SLEET                      0
FOG                       6     FOG W/VIS <= 1/4 MILE      0
HAZE                      1

-  INDICATES NEGATIVE NUMBERS.
R  INDICATES RECORD WAS SET OR TIED.
MM INDICATES DATA IS MISSING.
T  INDICATES TRACE AMOUNT.

$$
