000
CXCA52 TJSJ 010511
CLMIST


CLIMATE REPORT
NATIONAL WEATHER SERVICE SAN JUAN, PR
106 AM AST FRI MAY 1 2015

...................................

...THE CYRIL E. KING AP/ST THOMAS  CLIMATE SUMMARY FOR THE MONTH OF APRIL 2015...

CLIMATE NORMAL PERIOD 1981 TO 2010
CLIMATE RECORD PERIOD 1953 TO 2015

WEATHER         OBSERVED          NORMAL  DEPART  LAST YEAR`S
                 VALUE   DATE(S)  VALUE   FROM    VALUE  DATE(S)
                                          NORMAL
................................................................
TEMPERATURE (F)
RECORD
 HIGH              96   04/04/1996
                        04/29/1994
                        04/30/1992
 LOW               62   04/11/1972
                        04/10/1984

HIGHEST            87   04/16        87      0        89  04/30
                        04/15
                        04/08

LOWEST             71   04/05        74     -3.0      73  04/12
                                                          04/08

AVG. MAXIMUM     85.2              87.0    -1.8     85.3
AVG. MINIMUM     75.6              74.3     1.3     75.4
MEAN             80.4              80.6    -0.2     80.4
DAYS MAX >= 90      0               5.4    -5.4        0
DAYS MAX <= 32      0               0.0     0.0        0
DAYS MIN <= 32      0               0.0     0.0        0
DAYS MIN <= 0       0               0.0     0.0        0

PRECIPITATION (INCHES)
RECORD
 MAXIMUM        11.20   2003
 MINIMUM         0.23   1953
TOTALS           1.08              2.74   -1.66     2.17
DAILY AVG.       0.04              0.09   -0.05     0.07
DAYS >= .01         9              10.9    -1.9       11
DAYS >= .10         3               4.8    -1.8        7
DAYS >= .50         1               1.2    -0.2        1
DAYS >= 1.00        0               0.4    -0.4        0
GREATEST
 24 HR. TOTAL    0.57   04/04 TO 04/04

SNOWFALL (INCHES)
TOTALS            0.0               0.0     0.0      0.0

DEGREE_DAYS
HEATING TOTAL       0                 0       0        0
COOLING TOTAL     469               469       0      470
.................................................................

WIND (MPH)
AVERAGE WIND SPEED              11.1
HIGHEST WIND SPEED/DIRECTION    26/070    DATE  04/13
HIGHEST GUST SPEED/DIRECTION    32/080    DATE  04/13

SKY COVER
AVERAGE SKY COVER           0.30

AVERAGE RH (PERCENT)     72

WEATHER CONDITIONS. NUMBER OF DAYS WITH
THUNDERSTORM              0     MIXED PRECIP               0
HEAVY RAIN                1     RAIN                       0
LIGHT RAIN                7     FREEZING RAIN              0
LT FREEZING RAIN          0     HAIL                       0
HEAVY SNOW                0     SNOW                       0
LIGHT SNOW                0     SLEET                      0
FOG                       3     FOG W/VIS <= 1/4 MILE      0
HAZE                      1

-  INDICATES NEGATIVE NUMBERS.
R  INDICATES RECORD WAS SET OR TIED.
MM INDICATES DATA IS MISSING.
T  INDICATES TRACE AMOUNT.

$$
