000
CXCA52 TJSJ 010523
CLMIST


CLIMATE REPORT
NATIONAL WEATHER SERVICE SAN JUAN, PR
120 AM AST FRI AUG 1 2014

...................................

...THE CYRIL E. KING AIRPORT/USVI CLIMATE SUMMARY FOR THE MONTH OF JULY 2014...

CLIMATE NORMAL PERIOD 1981 TO 2010
CLIMATE RECORD PERIOD 1956 TO 2014

WEATHER         OBSERVED          NORMAL  DEPART
                 VALUE   DATE(S)  VALUE   FROM
                                          NORMAL
................................................
TEMPERATURE (F)
RECORD
 HIGH              98   07/27/1994
 LOW               66   07/22/1999
HIGHEST            93   07/24        90     3.0
LOWEST             77   07/18        78    -1.0
                        07/03
AVG. MAXIMUM     89.3              90.0    -0.7
AVG. MINIMUM     79.5              78.0     1.5
MEAN             84.4              84.0     0.4
DAYS MAX >= 90     10              14.4    -4.4
DAYS MAX <= 32      0               0.0     0.0
DAYS MIN <= 32      0               0.0     0.0
DAYS MIN <= 0       0               0.0     0.0

PRECIPITATION (INCHES)
RECORD
 MAXIMUM         7.41   1958
 MINIMUM         0.03   2007
TOTALS           0.81              2.85   -2.04
DAILY AVG.       0.03              0.09   -0.06
DAYS >= .01        15              14.8     0.2
DAYS >= .10         2               6.5    -4.5
DAYS >= .50         0               1.6    -1.6
DAYS >= 1.00        0               0.4    -0.4
GREATEST
 24 HR. TOTAL    0.13   07/10 TO 07/11


DEGREE_DAYS
HEATING TOTAL       0                 0       0
 SINCE 7/1          0                 0       0
COOLING TOTAL     607               589      18
 SINCE 1/1       3405              3396       9
.................................................

WIND (MPH)
AVERAGE WIND SPEED              11.2
RESULTANT WIND SPEED/DIRECTION  10/112
HIGHEST WIND SPEED/DIRECTION    25/100    DATE  07/24
HIGHEST GUST SPEED/DIRECTION    32/100    DATE  07/24

SKY COVER

AVERAGE SKY COVER           0.50
NUMBER OF DAYS FAIR           14
NUMBER OF DAYS PC             12
NUMBER OF DAYS CLOUDY          5

AVERAGE RH (PERCENT)     74

WEATHER CONDITIONS. NUMBER OF DAYS WITH
THUNDERSTORM              0     MIXED PRECIP               0
HEAVY RAIN                1     RAIN                       1
LIGHT RAIN               11     FREEZING RAIN              0
LT FREEZING RAIN          0     HAIL                       0
HEAVY SNOW                0     SNOW                       0
LIGHT SNOW                0     SLEET                      0
FOG                       8     FOG W/VIS <= 1/4 MILE      0
HAZE                      1

-  INDICATES NEGATIVE NUMBERS.
R  INDICATES RECORD WAS SET OR TIED.
MM INDICATES DATA IS MISSING.
T  INDICATES TRACE AMOUNT.

$$
