182
CXCA52 TJSJ 010446
CLMIST


CLIMATE REPORT
NATIONAL WEATHER SERVICE SAN JUAN, PR
1245 AM AST THU DEC 1 2016

...................................

...THE CYRIL E. KING AP/ST THOMAS  CLIMATE SUMMARY FOR THE MONTH OF NOVEMBER 2016...

CLIMATE NORMAL PERIOD 1981 TO 2010
CLIMATE RECORD PERIOD 1953 TO 2016

WEATHER         OBSERVED          NORMAL  DEPART  LAST YEAR`S
                 VALUE   DATE(S)  VALUE   FROM    VALUE  DATE(S)
                                          NORMAL
................................................................
TEMPERATURE (F)
RECORD
 HIGH              95   11/25/1995
                        11/01/1993
 LOW               61   11/25/1999
HIGHEST            89   11/24        88       1       89  11/10
                                                          11/05
                                                          11/02
LOWEST             71   11/28        74      -3       73  11/22
                                                          11/21
AVG. MAXIMUM     86.8              87.0    -0.2     86.2
AVG. MINIMUM     77.2              75.2     2.0     76.1
MEAN             82.0              81.1     0.9     81.1
DAYS MAX >= 90      0               4.3    -4.3        0
DAYS MAX <= 32      0               0.0     0.0        0
DAYS MIN <= 32      0               0.0     0.0        0
DAYS MIN <= 0       0               0.0     0.0        0

PRECIPITATION (INCHES)
RECORD
 MAXIMUM        18.39   2003
 MINIMUM         0.78   1962
TOTALS           7.46              5.23    2.23     9.66
DAILY AVG.       0.25              0.16    0.09     0.32
DAYS >= .01        25              17.8     7.2       21
DAYS >= .10        14              10.0     4.0       12
DAYS >= .50         5               3.2     1.8        4
DAYS >= 1.00        2               1.3     0.7        2
GREATEST
 24 HR. TOTAL    2.57   11/19 TO 11/19
                        11/18 TO 11/19
                        11/19 TO 11/19

SNOWFALL (INCHES)
TOTALS            0.0               0.0     0.0      0.0

DEGREE_DAYS
HEATING TOTAL       0                 0       0        0
COOLING TOTAL     516               483      33      491
.................................................................

WIND (MPH)
AVERAGE WIND SPEED              7.5
HIGHEST WIND SPEED/DIRECTION    25/180    DATE  11/06
HIGHEST GUST SPEED/DIRECTION    35/020    DATE  11/19

SKY COVER
AVERAGE SKY COVER           0.30

AVERAGE RH (PERCENT)     84

WEATHER CONDITIONS. NUMBER OF DAYS WITH
THUNDERSTORM              0     MIXED PRECIP               0
HEAVY RAIN                6     RAIN                       6
LIGHT RAIN               20     FREEZING RAIN              0
LT FREEZING RAIN          0     HAIL                       0
HEAVY SNOW                0     SNOW                       0
LIGHT SNOW                0     SLEET                      0
FOG                      21     FOG W/VIS <= 1/4 MILE      0
HAZE                      0

-  INDICATES NEGATIVE NUMBERS.
R  INDICATES RECORD WAS SET OR TIED.
MM INDICATES DATA IS MISSING.
T  INDICATES TRACE AMOUNT.

$$
