000
CXCA52 TJSJ 010501
CLMISX


CLIMATE REPORT
NATIONAL WEATHER SERVICE SAN JUAN, PR
100 AM AST WED JUL 1 2015

...................................

...THE HENRY E. ROHLSEN AP/ST CROIX CLIMATE SUMMARY FOR THE MONTH OF JUNE 2015...

CLIMATE NORMAL PERIOD 1981 TO 2010
CLIMATE RECORD PERIOD 1951 TO 2015

WEATHER         OBSERVED          NORMAL  DEPART  LAST YEAR`S
                 VALUE   DATE(S)  VALUE   FROM    VALUE  DATE(S)
                                          NORMAL
................................................................
TEMPERATURE (F)
RECORD
 HIGH              97   06/18/1993
 LOW               62   06/11/2007
HIGHEST            92   06/29        92       0       93  06/25
LOWEST             75   06/30        81      -6       75  06/04
                        06/10                             06/03
                        06/04
AVG. MAXIMUM     89.9              87.9     2.0     89.8
AVG. MINIMUM     78.1              78.1     0.0     78.0
MEAN             84.0              83.0     1.0     83.9
DAYS MAX >= 90     21               4.2    16.8       16
DAYS MAX <= 32      0               0.0     0.0        0
DAYS MIN <= 32      0               0.0     0.0        0
DAYS MIN <= 0       0               0.0     0.0        0

PRECIPITATION (INCHES)
RECORD
 MAXIMUM         7.83   1987
 MINIMUM         0.10   2001
TOTALS           0.56              2.31   -1.75     0.47
DAILY AVG.       0.02              0.08   -0.06     0.02
DAYS >= .01         7              11.2    -4.2        5
DAYS >= .10         1               5.2    -4.2        2
DAYS >= .50         0               1.1    -1.1        0
DAYS >= 1.00        0               0.3    -0.3        0
GREATEST
 24 HR. TOTAL    0.35   06/29 TO 06/30
                        06/30 TO 06/30

SNOWFALL (INCHES)
TOTALS            0.0               0.0     0.0      0.0

DEGREE_DAYS
HEATING TOTAL       0                 0       0        0
COOLING TOTAL     576               540      36      571
.................................................................

WIND (MPH)
AVERAGE WIND SPEED              12.9
HIGHEST WIND SPEED/DIRECTION    32/100    DATE  06/22
HIGHEST GUST SPEED/DIRECTION    41/100    DATE  06/22

SKY COVER
AVERAGE SKY COVER           0.50

AVERAGE RH (PERCENT)     71

WEATHER CONDITIONS. NUMBER OF DAYS WITH
THUNDERSTORM              0     MIXED PRECIP               0
HEAVY RAIN                1     RAIN                       1
LIGHT RAIN               11     FREEZING RAIN              0
LT FREEZING RAIN          0     HAIL                       0
HEAVY SNOW                0     SNOW                       0
LIGHT SNOW                0     SLEET                      0
FOG                       7     FOG W/VIS <= 1/4 MILE      0
HAZE                      5

-  INDICATES NEGATIVE NUMBERS.
R  INDICATES RECORD WAS SET OR TIED.
MM INDICATES DATA IS MISSING.
T  INDICATES TRACE AMOUNT.

$$
