000
CXCA52 TJSJ 021839
CLMISX


CLIMATE REPORT
NATIONAL WEATHER SERVICE SAN JUAN, PR
238 PM AST SAT JUL 2 2016

...................................

...THE HENRY E. ROHLSEN AP/ST CROIX CLIMATE SUMMARY FOR THE MONTH OF JUNE 2016...

CLIMATE NORMAL PERIOD 1981 TO 2010
CLIMATE RECORD PERIOD 1951 TO 2016

WEATHER         OBSERVED          NORMAL  DEPART  LAST YEAR`S
                 VALUE   DATE(S)  VALUE   FROM    VALUE  DATE(S)
                                          NORMAL
................................................................
TEMPERATURE (F)
RECORD
 HIGH              97   06/18/1993
 LOW               62   06/11/2007
HIGHEST            91   06/30        92      -1       92  06/29
                        06/29
                        06/24
LOWEST             75   06/27        81      -6       75  06/30
                                                          06/10
                                                          06/04
AVG. MAXIMUM     89.2              87.9     1.3     89.9
AVG. MINIMUM     78.7              78.1     0.6     78.1
MEAN             83.9              83.0     0.9     84.0
DAYS MAX >= 90     13               4.2     8.8       21
DAYS MAX <= 32      0               0.0     0.0        0
DAYS MIN <= 32      0               0.0     0.0        0
DAYS MIN <= 0       0               0.0     0.0        0

PRECIPITATION (INCHES)
RECORD
 MAXIMUM         7.83   1987
 MINIMUM         0.10   2001
TOTALS           0.86              2.31   -1.45     0.56
DAILY AVG.       0.03              0.08   -0.05     0.02
DAYS >= .01         7              11.2    -4.2        7
DAYS >= .10         4               5.2    -1.2        1
DAYS >= .50         0               1.1    -1.1        0
DAYS >= 1.00        0               0.3    -0.3        0
GREATEST
 24 HR. TOTAL    0.31   06/08 TO 06/08

SNOWFALL (INCHES)
TOTALS            0.0               0.0     0.0      0.0

DEGREE_DAYS
HEATING TOTAL       0                 0       0        0
COOLING TOTAL     573               540      33      576
.................................................................

WIND (MPH)
AVERAGE WIND SPEED              12.0
HIGHEST WIND SPEED/DIRECTION    28/080    DATE  06/21
HIGHEST GUST SPEED/DIRECTION    33/100    DATE  06/09

SKY COVER
AVERAGE SKY COVER           0.40

AVERAGE RH (PERCENT)     74

WEATHER CONDITIONS. NUMBER OF DAYS WITH
THUNDERSTORM              0     MIXED PRECIP               0
HEAVY RAIN                0     RAIN                       2
LIGHT RAIN               11     FREEZING RAIN              0
LT FREEZING RAIN          0     HAIL                       0
HEAVY SNOW                0     SNOW                       0
LIGHT SNOW                0     SLEET                      0
FOG                       3     FOG W/VIS <= 1/4 MILE      0
HAZE                      0

-  INDICATES NEGATIVE NUMBERS.
R  INDICATES RECORD WAS SET OR TIED.
MM INDICATES DATA IS MISSING.
T  INDICATES TRACE AMOUNT.

$$
