458
CXCA52 TJSJ 020444
CLMISX


CLIMATE REPORT
NATIONAL WEATHER SERVICE SAN JUAN, PR
1244 AM AST FRI SEP 2 2016

...................................

...THE HENRY E. ROHLSEN AP/ST CROIX CLIMATE SUMMARY FOR THE MONTH OF AUGUST 2016...

CLIMATE NORMAL PERIOD 1981 TO 2010
CLIMATE RECORD PERIOD 1951 TO 2016

WEATHER         OBSERVED          NORMAL  DEPART  LAST YEAR`S
                 VALUE   DATE(S)  VALUE   FROM    VALUE  DATE(S)
                                          NORMAL
................................................................
TEMPERATURE (F)
RECORD
 HIGH              95   08/25/1999
                        08/19/1972
 LOW               63   08/17/1978
HIGHEST            94   08/30        91       3       93  08/26
                                                          08/24
LOWEST             75   08/21        81      -6       74  08/02
                        08/10
                        08/05
AVG. MAXIMUM     90.5              89.2     1.3     90.6
AVG. MINIMUM     78.7              78.4     0.3     78.0
MEAN             84.6              83.8     0.8     84.3
DAYS MAX >= 90     25              10.1    14.9       26
DAYS MAX <= 32      0               0.0     0.0        0
DAYS MIN <= 32      0               0.0     0.0        0
DAYS MIN <= 0       0               0.0     0.0        0

PRECIPITATION (INCHES)
RECORD
 MAXIMUM        11.04   1989
 MINIMUM         1.35   2005
TOTALS           2.87              3.15   -0.28     3.00
DAILY AVG.       0.09              0.11   -0.02     0.10
DAYS >= .01         9              15.6    -6.6       10
DAYS >= .10         5               7.9    -2.9        6
DAYS >= .50         1               1.8    -0.8        1
DAYS >= 1.00        1               0.5     0.5        1
GREATEST
 24 HR. TOTAL    1.49   08/05 TO 08/05
                        08/04 TO 08/05
                        08/05 TO 08/05

SNOWFALL (INCHES)
TOTALS            0.0               0.0     0.0      0.0

DEGREE_DAYS
HEATING TOTAL       0                 0       0        0
COOLING TOTAL     614               583      31      607
.................................................................

WIND (MPH)
AVERAGE WIND SPEED              9.6
HIGHEST WIND SPEED/DIRECTION    30/090    DATE  08/04
HIGHEST GUST SPEED/DIRECTION    36/090    DATE  08/04

SKY COVER
AVERAGE SKY COVER           0.30

AVERAGE RH (PERCENT)     77

WEATHER CONDITIONS. NUMBER OF DAYS WITH
THUNDERSTORM              0     MIXED PRECIP               0
HEAVY RAIN                3     RAIN                       3
LIGHT RAIN               15     FREEZING RAIN              0
LT FREEZING RAIN          0     HAIL                       0
HEAVY SNOW                0     SNOW                       0
LIGHT SNOW                0     SLEET                      0
FOG                       8     FOG W/VIS <= 1/4 MILE      0
HAZE                      3

-  INDICATES NEGATIVE NUMBERS.
R  INDICATES RECORD WAS SET OR TIED.
MM INDICATES DATA IS MISSING.
T  INDICATES TRACE AMOUNT.

$$
