000
CXCA52 TJSJ 010516
CLMISX


CLIMATE REPORT
NATIONAL WEATHER SERVICE SAN JUAN, PR
115 AM AST MON DEC 1 2014

...................................

...THE HENRY E. ROHLSEN AIRPORT/USVI CLIMATE SUMMARY FOR THE MONTH OF NOVEMBER 2014...

CLIMATE NORMAL PERIOD 1981 TO 2010
CLIMATE RECORD PERIOD 1951 TO 2014

WEATHER         OBSERVED          NORMAL  DEPART
                 VALUE   DATE(S)  VALUE   FROM
                                          NORMAL
................................................
TEMPERATURE (F)
RECORD
 HIGH              93   11/08/1993
                        11/03/1960
                        11/02/1960
 LOW               61   11/12/2005
HIGHEST            90   11/02        90       0
LOWEST             70   11/28        78      -8
AVG. MAXIMUM     87.0              86.3     0.7
AVG. MINIMUM     75.2              75.0     0.2
MEAN             81.1              80.7     0.4
DAYS MAX >= 90      1               1.3    -0.3
DAYS MAX <= 32      0               0.0     0.0
DAYS MIN <= 32      0               0.0     0.0
DAYS MIN <= 0       0               0.0     0.0

PRECIPITATION (INCHES)
RECORD
 MAXIMUM        18.03   2003
 MINIMUM         1.11   1976
TOTALS           8.65              5.46    3.19
DAILY AVG.       0.29              0.20    0.09
DAYS >= .01        13              16.2    -3.2
DAYS >= .10         7               9.1    -2.1
DAYS >= .50         3               2.8     0.2
DAYS >= 1.00        2               1.3     0.7
GREATEST
 24 HR. TOTAL    4.80   11/07 TO 11/07

DEGREE_DAYS
HEATING TOTAL       0                 0       0
 SINCE 7/1          0                 0       0
COOLING TOTAL     391               470     -79
 SINCE 1/1       5496              5397      99
.................................................

WIND (MPH)
AVERAGE WIND SPEED              10.0
RESULTANT WIND SPEED/DIRECTION   9/077
HIGHEST WIND SPEED/DIRECTION    31/090    DATE  11/25
HIGHEST GUST SPEED/DIRECTION    38/090    DATE  11/25

SKY COVER
AVERAGE SKY COVER           0.30

AVERAGE RH (PERCENT)     77

WEATHER CONDITIONS. NUMBER OF DAYS WITH
THUNDERSTORM              0     MIXED PRECIP               0
HEAVY RAIN                4     RAIN                       3
LIGHT RAIN               13     FREEZING RAIN              0
LT FREEZING RAIN          0     HAIL                       0
HEAVY SNOW                0     SNOW                       0
LIGHT SNOW                0     SLEET                      0
FOG                       4     FOG W/VIS <= 1/4 MILE      0
HAZE                      0

-  INDICATES NEGATIVE NUMBERS.
R  INDICATES RECORD WAS SET OR TIED.
MM INDICATES DATA IS MISSING.
T  INDICATES TRACE AMOUNT.

$$
