000
CXCA52 TJSJ 012041
CLMISX

CLIMATE REPORT...CORRECTION
NATIONAL WEATHER SERVICE SAN JUAN, PR
415 PM AST THU JAN 1 2015

...................................

...THE HENRY E. ROHLSEN AIRPORT/USVI CLIMATE SUMMARY FOR THE YEAR OF
2014...

CLIMATE NORMAL PERIOD 1981 TO 2010
CLIMATE RECORD PERIOD 1951 TO 2014

WEATHER         OBSERVED          NORMAL  DEPART  LAST YEAR`S
                 VALUE   DATE(S)  VALUE   FROM    VALUE  DATE(S)
                                          NORMAL
................................................................
TEMPERATURE (F)
RECORD
 HIGH              98   10/01/1972
 LOW               60   03/29/1977
HIGHEST            93   07/12        95      -2       92  08/03
                        07/10
                        06/25
LOWEST             68   12/28        65       3       63  01/16
                        12/08
                        12/18
AVG. MAXIMUM     87.4              86.6     0.8     86.8
AVG. MINIMUM     75.2              75.4    -0.2     74.7
MEAN             81.3              81.0     0.3     80.7
DAYS MAX >= 90     84              38.8    45.2       67
DAYS MAX <= 32      0               0.0     0.0        0
DAYS MIN <= 32      0               0.0     0.0        0
DAYS MIN <= 0       0               0.0     0.0        0

PRECIPITATION (INCHES)
RECORD
 MAXIMUM        61.10   1979
 MINIMUM        21.61   2002
TOTALS          39.90             38.67    1.23    43.99
DAILY AVG.       0.11              0.11    0.00     0.12
DAYS >= .01       161             174.0   -13.0      175
DAYS >= .10        64              82.0   -18.0       81
DAYS >= .50        20              18.8     1.2       21
DAYS >= 1.00        9               6.8     2.2       10
GREATEST
 24 HR. TOTAL    4.80   11/7

..................................................

WIND (MPH)
AVERAGE WIND SPEED              9.8
RESULTANT WIND SPEED/DIRECTION   9/087
HIGHEST WIND SPEED/DIRECTION    31/090    DATE  11/25
HIGHEST GUST SPEED/DIRECTION    58/350    DATE  08/28

SKY COVER
AVERAGE SKY COVER           0.30
NUMBER OF DAYS FAIR          237
NUMBER OF DAYS PC            123
NUMBER OF DAYS CLOUDY          5

AVERAGE RH (PERCENT)     74

WEATHER CONDITIONS. NUMBER OF DAYS WITH
HEAVY RAIN               33     RAIN                      34
LIGHT RAIN              138     FREEZING RAIN              0
LT FREEZING RAIN          0     HAIL                       0
HEAVY SNOW                0     SNOW                       0
LIGHT SNOW                0     SLEET                      0
FOG                      76     FOG W/VIS <= 1/4 MILE      0
HAZE                     30

-  INDICATES NEGATIVE NUMBERS.
R  INDICATES RECORD WAS SET OR TIED.
MM INDICATES DATA IS MISSING.
T  INDICATES TRACE AMOUNT.

$$
