000
CXCA52 TJSJ 031337
CLMISX

CLIMATE REPORT
NATIONAL WEATHER SERVICE SAN JUAN, PR
1239 AM AST MON SEP 1 2014

...................................

...THE HENRY E. ROHLSEN AIRPORT/USVI CLIMATE SUMMARY FOR THE MONTH OF AUGUST 2014...

CLIMATE NORMAL PERIOD 1981 TO 2010
CLIMATE RECORD PERIOD 1951 TO 2014

WEATHER         OBSERVED          NORMAL  DEPART
                 VALUE   DATE(S)  VALUE   FROM
                                          NORMAL
................................................
TEMPERATURE (F)
RECORD
 HIGH              95   08/25/1999
                        08/19/1972
 LOW               63   08/17/1978
HIGHEST            91   08/27        91       0
                        08/21
                        08/20
LOWEST             73   08/29        81      -8
AVG. MAXIMUM     89.2              89.2     0.0
AVG. MINIMUM     77.8              78.4    -0.6
MEAN             83.5              83.8    -0.3
DAYS MAX >= 90     16              10.1     5.9
DAYS MAX <= 32      0               0.0     0.0
DAYS MIN <= 32      0               0.0     0.0
DAYS MIN <= 0       0               0.0     0.0

PRECIPITATION (INCHES)
RECORD
 MAXIMUM        11.41   1979
 MINIMUM         1.35   2005
TOTALS           5.65              3.15    2.50
DAILY AVG.       0.18              0.10    0.08
DAYS >= .01        19              15.6     3.4
DAYS >= .10        14               7.9     6.1
DAYS >= .50         4               1.8     2.2
DAYS >= 1.00        1               0.5     0.5
GREATEST
 24 HR. TOTAL    2.26   08/22 TO 08/23

DEGREE_DAYS
HEATING TOTAL       0                 0       0
 SINCE 7/1          0                 0       0
COOLING TOTAL     580               583      -3
 SINCE 1/1       4010              3853     157
.................................................

WIND (MPH)
AVERAGE WIND SPEED              11.2
RESULTANT WIND SPEED/DIRECTION  10/083
HIGHEST WIND SPEED/DIRECTION    29/100    DATE  08/08
HIGHEST GUST SPEED/DIRECTION    58/350    DATE  08/28

SKY COVER
AVERAGE SKY COVER           0.30
NUMBER OF DAYS FAIR           19
NUMBER OF DAYS PC             12
NUMBER OF DAYS CLOUDY          0

AVERAGE RH (PERCENT)     76

WEATHER CONDITIONS. NUMBER OF DAYS WITH
THUNDERSTORM              0     MIXED PRECIP               0
HEAVY RAIN                8     RAIN                       8
LIGHT RAIN               20     FREEZING RAIN              0
LT FREEZING RAIN          0     HAIL                       0
HEAVY SNOW                0     SNOW                       0
LIGHT SNOW                0     SLEET                      0
FOG                      17     FOG W/VIS <= 1/4 MILE      0
HAZE                      5

-  INDICATES NEGATIVE NUMBERS.
R  INDICATES RECORD WAS SET OR TIED.
MM INDICATES DATA IS MISSING.
T  INDICATES TRACE AMOUNT.

$$
