000
CXHW53 PHFO 011615
CLMITO


CLIMATE REPORT
NATIONAL WEATHER SERVICE HONOLULU HI
605 AM HST FRI AUG 1 2014

...................................

...THE HILO HI CLIMATE SUMMARY FOR THE MONTH OF JULY 2014...

CLIMATE NORMAL PERIOD 1981 TO 2010
CLIMATE RECORD PERIOD 1946 TO 2014

WEATHER         OBSERVED          NORMAL  DEPART  LAST YEAR`S
                 VALUE   DATE(S)  VALUE   FROM    VALUE  DATE(S)
                                          NORMAL
................................................................
TEMPERATURE (F)
RECORD
 HIGH              91   07/24/2004
                        07/17/2004
 LOW               62   07/11/1970
HIGHEST            87   07/26        83       4       87  07/30
                                                          07/08
LOWEST             66   07/09        69      -3       67  07/14
                        07/06
AVG. MAXIMUM     82.5              82.8    -0.3     84.4
AVG. MINIMUM     69.4              69.3     0.1     69.7
MEAN             76.0              76.1    -0.1     77.1
DAYS MAX >= 90      0               0.0     0.0        0
DAYS MAX <= 32      0               0.0     0.0        0
DAYS MIN <= 32      0               0.0     0.0        0
DAYS MIN <= 0       0               0.0     0.0        0

PRECIPITATION (INCHES)
RECORD
 MAXIMUM        28.59   1982
 MINIMUM         3.54   1999
TOTALS          15.99             10.81    5.18     4.29
DAILY AVG.       0.52              0.35    0.17     0.14
DAYS >= .01        28              26.8     1.2       28
DAYS >= .10        20              19.5     0.5       15
DAYS >= .50         7               6.1     0.9        3
DAYS >= 1.00        5               2.2     2.8        0
GREATEST
 24 HR. TOTAL    4.61   07/13 TO 07/14              0.66

SNOWFALL (INCHES)
RECORDS
 TOTAL             MM   5
TOTALS            0.0               0.0     0.0      0.0
SINCE 7/1         0.0               0.0     0.0      0.0
SNOWDEPTH AVG.      0                MM      MM        0
DAYS >= 1.0         0               0.0     0.0        0
GREATEST
 SNOW DEPTH         0   MM                             0  MM
 24 HR TOTAL      0.0   07/31 TO 07/31               0.0

DEGREE_DAYS
HEATING TOTAL       0                 0       0        0
 SINCE 7/1          0                 0       0        0
COOLING TOTAL     346               343       3      381
 SINCE 1/1       1868              1717     151     1855
.................................................................

WIND (MPH)
AVERAGE WIND SPEED              6.1
HIGHEST WIND SPEED/DIRECTION    22/120    DATE  07/21
HIGHEST GUST SPEED/DIRECTION    27/130    DATE  07/21

SKY COVER
POSSIBLE SUNSHINE (PERCENT)   MM
AVERAGE SKY COVER           0.80
NUMBER OF DAYS FAIR            0
NUMBER OF DAYS PC             10
NUMBER OF DAYS CLOUDY         21

AVERAGE RH (PERCENT)     82

WEATHER CONDITIONS. NUMBER OF DAYS WITH
THUNDERSTORM              0     MIXED PRECIP               0
HEAVY RAIN                9     RAIN                      18
LIGHT RAIN               27     FREEZING RAIN              0
LT FREEZING RAIN          0     HAIL                       0
HEAVY SNOW                0     SNOW                       0
LIGHT SNOW                0     SLEET                      0
FOG                      24     FOG W/VIS <= 1/4 MILE      0
HAZE                      0

-  INDICATES NEGATIVE NUMBERS.
R  INDICATES RECORD WAS SET OR TIED.
MM INDICATES DATA IS MISSING.
T  INDICATES TRACE AMOUNT.

$$
