000
CXHW53 PHFO 011618
CLMITO


CLIMATE REPORT
NATIONAL WEATHER SERVICE HONOLULU HI
609 AM HST TUE SEP 1 2015

...................................

...THE HILO HI CLIMATE SUMMARY FOR THE MONTH OF AUGUST 2015...

CLIMATE NORMAL PERIOD 1981 TO 2010
CLIMATE RECORD PERIOD 1946 TO 2015

WEATHER         OBSERVED          NORMAL  DEPART  LAST YEAR`S
                 VALUE   DATE(S)  VALUE   FROM    VALUE  DATE(S)
                                          NORMAL
................................................................
TEMPERATURE (F)
RECORD
 HIGH              93   08/15/1950
 LOW               64   08/12/1999
                        08/24/1988
                        08/20/1983
HIGHEST            90   08/29        83       7       87  08/31
                        08/28                             08/30
                        08/22
LOWEST             69   08/06        69       0       67  08/30
                                                          08/28
AVG. MAXIMUM     86.6              83.2     3.4     85.1
AVG. MINIMUM     72.9              69.7     3.2     70.9
MEAN             79.7              76.4     3.3     78.0
DAYS MAX >= 90      4               0.0     4.0        0
DAYS MAX <= 32      0               0.0     0.0        0
DAYS MIN <= 32      0               0.0     0.0        0
DAYS MIN <= 0       0               0.0     0.0        0

PRECIPITATION (INCHES)
RECORD
 MAXIMUM        26.92   1991
 MINIMUM         2.66   1971
TOTALS          17.20              9.85    7.35    10.81
DAILY AVG.       0.55              0.32    0.23     0.35
DAYS >= .01        25              26.8    -1.8       28
DAYS >= .10        18              17.9     0.1       18
DAYS >= .50        10               5.2     4.8        5
DAYS >= 1.00        5               1.8     3.2        4
GREATEST
 24 HR. TOTAL    3.35   08/13 TO 08/14              3.44

SNOWFALL (INCHES)
RECORDS
 TOTAL             MM   5
TOTALS            0.0               0.0     0.0      0.0
SINCE 7/1         0.0               0.0     0.0      0.0
SNOWDEPTH AVG.      0                MM      MM        0
DAYS >= 1.0         0               0.0     0.0        0
GREATEST
 SNOW DEPTH         0   MM                             0  MM
 24 HR TOTAL      0.0   08/31 TO 08/31               0.0

DEGREE_DAYS
HEATING TOTAL       0                 0       0        0
 SINCE 7/1          0                 0       0        0
COOLING TOTAL     463               355     108      409
 SINCE 1/1       2606              2072     534     2277
.................................................................

WIND (MPH)
AVERAGE WIND SPEED              6.3
HIGHEST WIND SPEED/DIRECTION    23/130    DATE  08/22
HIGHEST GUST SPEED/DIRECTION    28/130    DATE  08/22

SKY COVER
POSSIBLE SUNSHINE (PERCENT)   MM
AVERAGE SKY COVER           0.60
NUMBER OF DAYS FAIR            4
NUMBER OF DAYS PC             18
NUMBER OF DAYS CLOUDY          9

AVERAGE RH (PERCENT)     82

WEATHER CONDITIONS. NUMBER OF DAYS WITH
THUNDERSTORM              0     MIXED PRECIP               1
HEAVY RAIN               12     RAIN                      15
LIGHT RAIN               25     FREEZING RAIN              0
LT FREEZING RAIN          0     HAIL                       0
HEAVY SNOW                0     SNOW                       0
LIGHT SNOW                0     SLEET                      0
FOG                      25     FOG W/VIS <= 1/4 MILE      0
HAZE                      5

-  INDICATES NEGATIVE NUMBERS.
R  INDICATES RECORD WAS SET OR TIED.
MM INDICATES DATA IS MISSING.
T  INDICATES TRACE AMOUNT.

$$
