000
CXHW53 PHFO 031503
CLMITO


CLIMATE REPORT
NATIONAL WEATHER SERVICE HONOLULU HI
500 AM HST MON APR 3 2017

...................................

...THE HILO HI CLIMATE SUMMARY FOR THE MONTH OF MARCH 2017...

CLIMATE NORMAL PERIOD 1981 TO 2010
CLIMATE RECORD PERIOD 1946 TO 2017

WEATHER         OBSERVED          NORMAL  DEPART  LAST YEAR`S
                 VALUE   DATE(S)  VALUE   FROM    VALUE  DATE(S)
                                          NORMAL
................................................................
TEMPERATURE (F)
RECORD
 HIGH              93   03/23/1972
 LOW               48   03/06/2013
HIGHEST            86   03/04        79       7       MM  MM
                        03/02
LOWEST             63   03/04        65      -2       MM  MM
AVG. MAXIMUM     82.6              79.0     3.6       MM
AVG. MINIMUM     66.3              64.6     1.7       MM
MEAN             74.5              71.8     2.7       MM
DAYS MAX >= 90      0               0.0     0.0       MM
DAYS MAX <= 32      0               0.0     0.0       MM
DAYS MIN <= 32      0               0.0     0.0       MM
DAYS MIN <= 0       0               0.0     0.0       MM

PRECIPITATION (INCHES)
RECORD
 MAXIMUM        49.93   1980
 MINIMUM         0.88   1972
TOTALS           3.40             13.43  -10.03       MM
DAILY AVG.       0.11              0.43   -0.32       MM
DAYS >= .01        14              21.4    -7.4       MM
DAYS >= .10        10              14.9    -4.9       MM
DAYS >= .50         3               6.4    -3.4       MM
DAYS >= 1.00        0               3.5    -3.5       MM
GREATEST
 24 HR. TOTAL    0.62   03/24 TO 03/24                MM

SNOWFALL (INCHES)
RECORDS
 TOTAL             MM   5
TOTALS            0.0               0.0     0.0       MM
SINCE 7/1         0.0               0.0     0.0       MM
SNOWDEPTH AVG.      0                MM      MM       MM
DAYS >= 1.0         0               0.0     0.0       MM
GREATEST
 SNOW DEPTH         0   MM                            MM  MM
 24 HR TOTAL      0.0   03/31 TO 03/31                MM

DEGREE_DAYS
HEATING TOTAL       0                 0       0       MM
 SINCE 7/1          0                 0       0       MM
COOLING TOTAL     302               211      91       MM
 SINCE 1/1        711               581     130       MM
.................................................................

WIND (MPH)
AVERAGE WIND SPEED              6.9
HIGHEST WIND SPEED/DIRECTION    24/090    DATE  03/31
HIGHEST GUST SPEED/DIRECTION    30/140    DATE  03/02

SKY COVER
POSSIBLE SUNSHINE (PERCENT)   MM
AVERAGE SKY COVER           0.50
NUMBER OF DAYS FAIR            8
NUMBER OF DAYS PC             19
NUMBER OF DAYS CLOUDY          3

AVERAGE RH (PERCENT)     75

WEATHER CONDITIONS. NUMBER OF DAYS WITH
THUNDERSTORM              0     MIXED PRECIP               0
HEAVY RAIN                7     RAIN                       8
LIGHT RAIN               15     FREEZING RAIN              0
LT FREEZING RAIN          0     HAIL                       0
HEAVY SNOW                0     SNOW                       0
LIGHT SNOW                0     SLEET                      0
FOG                      15     FOG W/VIS <= 1/4 MILE      0
HAZE                      3

-  INDICATES NEGATIVE NUMBERS.
R  INDICATES RECORD WAS SET OR TIED.
MM INDICATES DATA IS MISSING.
T  INDICATES TRACE AMOUNT.

$$
