000
CXHW53 PHFO 011722
CLMITO


CLIMATE REPORT
NATIONAL WEATHER SERVICE HONOLULU HI
722 AM HST WED MAR 1 2017

...................................

...THE HILO HI CLIMATE SUMMARY FOR THE MONTH OF FEBRUARY 2017...

CLIMATE NORMAL PERIOD 1981 TO 2010
CLIMATE RECORD PERIOD 1946 TO 2017

WEATHER         OBSERVED          NORMAL  DEPART  LAST YEAR`S
                 VALUE   DATE(S)  VALUE   FROM    VALUE  DATE(S)
                                          NORMAL
................................................................
TEMPERATURE (F)
RECORD
 HIGH              92   02/20/1968
 LOW               53   02/21/1962
HIGHEST            86   02/06        79       7       89  02/29
                                                          02/27
LOWEST             60   02/06        64      -4       61  02/09
                                                          02/08
AVG. MAXIMUM     79.1              78.8     0.3     83.4
AVG. MINIMUM     64.4              63.5     0.9     65.2
MEAN             71.8              71.2     0.6     74.3
DAYS MAX >= 90      0               0.0     0.0        0
DAYS MAX <= 32      0               0.0     0.0        0
DAYS MIN <= 32      0               0.0     0.0        0
DAYS MIN <= 0       0               0.0     0.0        0

PRECIPITATION (INCHES)
RECORD
 MAXIMUM        45.55   1979
 MINIMUM         0.52   2000
TOTALS           6.15              9.56   -3.41     3.28
DAILY AVG.       0.22              0.34   -0.12     0.11
DAYS >= .01        10              15.8    -5.8       16
DAYS >= .10         6              10.3    -4.3        9
DAYS >= .50         3               4.8    -1.8        2
DAYS >= 1.00        2               2.4    -0.4        0
GREATEST
 24 HR. TOTAL    4.20   02/26 TO 02/27              1.15

SNOWFALL (INCHES)
RECORDS
 TOTAL            0.0   5
                        0
                        -26215
TOTALS            0.0               0.0     0.0      0.0
SINCE 7/1         0.0               0.0     0.0      0.0
SNOWDEPTH AVG.      0                MM      MM        0
DAYS >= 1.0         0               0.0     0.0        0
GREATEST
 SNOW DEPTH         0   MM                             0  MM
 24 HR TOTAL      0.0   02/28 TO 02/28               0.0

DEGREE_DAYS
HEATING TOTAL       0                 0       0        0
 SINCE 7/1          0                 0       0        0
COOLING TOTAL     199               172      27      277
 SINCE 1/1        409               370      39      564
.................................................................

WIND (MPH)
AVERAGE WIND SPEED              6.7
HIGHEST WIND SPEED/DIRECTION    21/100    DATE  02/21
HIGHEST GUST SPEED/DIRECTION    27/340    DATE  02/19

SKY COVER
POSSIBLE SUNSHINE (PERCENT)   MM
AVERAGE SKY COVER           0.50
NUMBER OF DAYS FAIR            8
NUMBER OF DAYS PC             15
NUMBER OF DAYS CLOUDY          5

AVERAGE RH (PERCENT)     74

WEATHER CONDITIONS. NUMBER OF DAYS WITH
THUNDERSTORM              0     MIXED PRECIP               0
HEAVY RAIN                4     RAIN                       6
LIGHT RAIN               14     FREEZING RAIN              0
LT FREEZING RAIN          0     HAIL                       0
HEAVY SNOW                0     SNOW                       0
LIGHT SNOW                0     SLEET                      0
FOG                      11     FOG W/VIS <= 1/4 MILE      0
HAZE                      6

-  INDICATES NEGATIVE NUMBERS.
R  INDICATES RECORD WAS SET OR TIED.
MM INDICATES DATA IS MISSING.
T  INDICATES TRACE AMOUNT.

$$
