000
CXUS53 KGLD 051447
CLMITR

CLIMATE REPORT
NATIONAL WEATHER SERVICE GOODLAND
844 AM MDT WED JUL 5 2017

...................................

...THE BURLINGTON CLIMATE SUMMARY FOR THE MONTH OF JUNE 2017...

CLIMATE NORMAL PERIOD 1981 TO 2010
CLIMATE RECORD PERIOD 1896 TO 2017

WEATHER         OBSERVED          NORMAL  DEPART  LAST YEAR`S
                 VALUE   DATE(S)  VALUE   FROM    VALUE  DATE(S)
                                          NORMAL
................................................................
TEMPERATURE (F)
RECORD
 HIGH             112   06/15/1952
 LOW               31   06/04/1919
HIGHEST            99   06/21        99       0      104  06/21
LOWEST             47   06/14        45       2       47  06/05
AVG. MAXIMUM     84.6              82.8     1.8     90.1
AVG. MINIMUM     55.7              54.2     1.5     58.0
MEAN             70.2              68.5     1.7     74.0
DAYS MAX >= 90      8               6.9     1.1       16
DAYS MAX <= 32      0               0.0     0.0        0
DAYS MIN <= 32      0               0.0     0.0        0
DAYS MIN <= 0       0               0.0     0.0        0

PRECIPITATION (INCHES)
RECORD
 MAXIMUM         7.87   1965
 MINIMUM         0.00   1952
TOTALS           4.24              2.88    1.36     4.00
DAILY AVG.       0.14              0.10    0.04     0.13
DAYS >= .01         9                MM      MM        6
DAYS >= .10         5                MM      MM        5
DAYS >= .50         3                MM      MM        4
DAYS >= 1.00        2                MM      MM        1
GREATEST
 24 HR. TOTAL    1.51   06/02 TO 06/02              1.38

.................................................................



-  INDICATES NEGATIVE NUMBERS.
R  INDICATES RECORD WAS SET OR TIED.
MM INDICATES DATA IS MISSING.
T  INDICATES TRACE AMOUNT.

$$
