000
CXUS53 KGLD 022002
CLMITR

CLIMATE REPORT
NATIONAL WEATHER SERVICE GOODLAND
1250 PM MST TUE FEB 2 2016

...................................

...THE BURLINGTON CLIMATE SUMMARY FOR THE MONTH OF JANUARY 2016...

CLIMATE NORMAL PERIOD 1981 TO 2010
CLIMATE RECORD PERIOD 1896 TO 2016

WEATHER         OBSERVED          NORMAL  DEPART  LAST YEAR`S
                 VALUE   DATE(S)  VALUE   FROM    VALUE  DATE(S)
                                          NORMAL
................................................................
TEMPERATURE (F)
RECORD
 HIGH              79   01/27/1951
 LOW              -25   01/04/1959
HIGHEST            65   01/30        66      -1       74  01/27
LOWEST              6   01/10        -1       7       -7  01/04
                        01/01
AVG. MAXIMUM     47.3              42.1     5.2     43.4
AVG. MINIMUM     16.8              16.7     0.1     19.7
MEAN             32.0              29.4     2.6     31.5
DAYS MAX >= 90      0               0.0     0.0        0
DAYS MAX <= 32      3               7.3    -4.3        8
DAYS MIN <= 32     31              30.5     0.5       27
DAYS MIN <= 0       0               1.0    -1.0        2

PRECIPITATION (INCHES)
RECORD
 MAXIMUM         1.77   1960
 MINIMUM         0.00   2007
TOTALS           0.01              0.38   -0.37     0.28
DAILY AVG.       0.00              0.01   -0.01     0.01
DAYS >= .01         1               2.8    -1.8        2
DAYS >= .10         0               1.3    -1.3        1
DAYS >= .50         0               0.1    -0.1        0
DAYS >= 1.00        0               0.0     0.0        0
GREATEST
 24 HR. TOTAL    0.01   01/07 TO 01/08              0.25


.................................................................



-  INDICATES NEGATIVE NUMBERS.
R  INDICATES RECORD WAS SET OR TIED.
MM INDICATES DATA IS MISSING.
T  INDICATES TRACE AMOUNT.

$$
