000
CXUS53 KGLD 050325
CLMITR

CLIMATE REPORT
NATIONAL WEATHER SERVICE GOODLAND
820 PM MST SUN FEB 4 2018

...................................

...THE BURLINGTON CLIMATE SUMMARY FOR THE MONTH OF JANUARY 2018...

CLIMATE NORMAL PERIOD 1981 TO 2010
CLIMATE RECORD PERIOD 1896 TO 2018

WEATHER         OBSERVED          NORMAL  DEPART  LAST YEAR`S
                 VALUE   DATE(S)  VALUE   FROM    VALUE  DATE(S)
                                          NORMAL
................................................................
TEMPERATURE (F)
RECORD
 HIGH              79   01/27/1951
 LOW              -25   01/04/1959
HIGHEST            74   01/19        66       8       63  01/30
LOWEST             -7   01/16                -6       -9  01/06
AVG. MAXIMUM     48.2              42.1     6.1     41.9
AVG. MINIMUM     15.6              16.7    -1.1     18.0
MEAN             31.9              29.4     2.5     29.9
DAYS MAX >= 90      0               0.0     0.0        0
DAYS MAX <= 32      4               7.3    -3.3        8
DAYS MIN <= 32     30              30.5    -0.5       31
DAYS MIN <= 0       4               1.0     3.0        4

PRECIPITATION (INCHES)
RECORD
 MAXIMUM         1.77   1960
 MINIMUM         0.00   2007
TOTALS           1.06              0.38    0.68     0.56
DAILY AVG.       0.03              0.01    0.02     0.02
DAYS >= .01         4               2.8     1.2        5
DAYS >= .10         1               1.3    -0.3        2
DAYS >= .50         1               0.1     0.9        0
DAYS >= 1.00        0               0.0     0.0        0
GREATEST
 24 HR. TOTAL    0.91   01/21 TO 01/21              0.44


.................................................................



-  INDICATES NEGATIVE NUMBERS.
R  INDICATES RECORD WAS SET OR TIED.
MM INDICATES DATA IS MISSING.
T  INDICATES TRACE AMOUNT.

$$
