000
CXUS53 KGLD 071429
CLMITR

CLIMATE REPORT
NATIONAL WEATHER SERVICE GOODLAND
724 AM MST TUE FEB 7 2017

...................................

...THE BURLINGTON CLIMATE SUMMARY FOR THE MONTH OF JANUARY 2017...

CLIMATE NORMAL PERIOD 1981 TO 2010
CLIMATE RECORD PERIOD 1896 TO 2017

WEATHER         OBSERVED          NORMAL  DEPART  LAST YEAR`S
                 VALUE   DATE(S)  VALUE   FROM    VALUE  DATE(S)
                                          NORMAL
................................................................
TEMPERATURE (F)
RECORD
 HIGH              79   01/27/1951
 LOW              -25   01/04/1959
HIGHEST            63   01/30        66      -3       65  01/30
LOWEST             -9   01/06        -1      -8        6  01/10
                                                          01/01
AVG. MAXIMUM     41.9              42.1    -0.2     47.3
AVG. MINIMUM     18.0              16.7     1.3     16.8
MEAN             29.9              29.4     0.5     32.0
DAYS MAX >= 90      0               0.0     0.0        0
DAYS MAX <= 32      8               7.3     0.7        3
DAYS MIN <= 32     31              30.5     0.5       31
DAYS MIN <= 0       4               1.0     3.0        0

PRECIPITATION (INCHES)
RECORD
 MAXIMUM         1.77   1960
 MINIMUM         0.00   2007
TOTALS           0.56              0.38    0.18     0.01
DAILY AVG.       0.02              0.01    0.01     0.00
DAYS >= .01         5               2.8     2.2        1
DAYS >= .10         2               1.3     0.7        0
DAYS >= .50         0               0.1    -0.1        0
DAYS >= 1.00        0               0.0     0.0        0
GREATEST
 24 HR. TOTAL    0.44   01/15 TO 01/16


.................................................................



-  INDICATES NEGATIVE NUMBERS.
R  INDICATES RECORD WAS SET OR TIED.
MM INDICATES DATA IS MISSING.
T  INDICATES TRACE AMOUNT.

$$
