000
CXUS54 KJAN 011844
CLMJAN


CLIMATE REPORT
NATIONAL WEATHER SERVICE JACKSON MS
141 PM CDT WED NOV 1 2017

...................................

...THE JACKSON CLIMATE SUMMARY FOR THE MONTH OF OCTOBER 2017...

CLIMATE NORMAL PERIOD 1981 TO 2010
CLIMATE RECORD PERIOD 1896 TO 2017

WEATHER         OBSERVED          NORMAL  DEPART  LAST YEAR`S
                 VALUE   DATE(S)  VALUE   FROM    VALUE  DATE(S)
                                          NORMAL
................................................................
TEMPERATURE (F)
RECORD
 HIGH              98   10/04/1911
 LOW               26   10/31/1993
                        10/31/1917
HIGHEST            92   10/15        89       3       92  10/07
                                                          10/06
                                                          10/04
LOWEST             33   10/29        35      -2       40  10/22
AVG. MAXIMUM     81.3              77.2     4.1     86.5
AVG. MINIMUM     56.5              53.1     3.4     56.3
MEAN             68.9              65.1     3.8     71.4
DAYS MAX >= 90      5               0.8     4.2        7
DAYS MAX <= 32      0               0.0     0.0        0
DAYS MIN <= 32      0               0.2    -0.2        0
DAYS MIN <= 0       0               0.0     0.0        0

PRECIPITATION (INCHES)
RECORD
 MAXIMUM        10.58   1918
 MINIMUM         0.00   2005
                        1963
                        1924
TOTALS           2.08              3.92   -1.84     0.49
DAILY AVG.       0.07              0.13   -0.06     0.02
DAYS >= .01         7               7.6    -0.6        2
DAYS >= .10         4               4.9    -0.9        2
DAYS >= .50         2               2.5    -0.5        0
DAYS >= 1.00        0               1.3    -1.3        0
GREATEST
 24 HR. TOTAL    0.79   10/10 TO 10/10              0.49

SNOWFALL (INCHES)
RECORDS
 TOTAL            0.0   MM
TOTALS            0.0               0.0     0.0      0.0
SINCE 7/1         0.0               0.0     0.0      0.0
DAYS >= TRACE       0
DAYS >= 1.0         0               0.0     0.0        0
GREATEST
 24 HR TOTAL      0.0   10/31 TO 10/31

DEGREE_DAYS
HEATING TOTAL      65               100     -35       15
 SINCE 7/1         67               107     -40       15
COOLING TOTAL     195               105      90      223
 SINCE 1/1       2464              2231     233     2770
.................................................................

WIND (MPH)
AVERAGE WIND SPEED              6.3
HIGHEST WIND SPEED/DIRECTION    39/150    DATE  10/22
HIGHEST GUST SPEED/DIRECTION    47/140    DATE  10/22

SKY COVER
POSSIBLE SUNSHINE (PERCENT)   MM
AVERAGE SKY COVER           0.30
NUMBER OF DAYS FAIR           19
NUMBER OF DAYS PC             11
NUMBER OF DAYS CLOUDY          1

AVERAGE RH (PERCENT)     67

WEATHER CONDITIONS. NUMBER OF DAYS WITH
THUNDERSTORM              2     MIXED PRECIP               0
HEAVY RAIN                3     RAIN                       4
LIGHT RAIN                9     FREEZING RAIN              0
LT FREEZING RAIN          0     HAIL                       0
HEAVY SNOW                0     SNOW                       0
LIGHT SNOW                0     SLEET                      0
FOG                       7     FOG W/VIS <= 1/4 MILE      0
HAZE                      0

-  INDICATES NEGATIVE NUMBERS.
R  INDICATES RECORD WAS SET OR TIED.
MM INDICATES DATA IS MISSING.
T  INDICATES TRACE AMOUNT.

$$
