000
CXUS54 KJAN 011850
CLMJAN


CLIMATE REPORT
NATIONAL WEATHER SERVICE JACKSON MS
149 PM CDT MON AUG 1 2016

...................................

...THE JACKSON CLIMATE SUMMARY FOR THE MONTH OF JULY 2016...

CLIMATE NORMAL PERIOD 1981 TO 2010
CLIMATE RECORD PERIOD 1896 TO 2016

WEATHER         OBSERVED          NORMAL  DEPART  LAST YEAR`S
                 VALUE   DATE(S)  VALUE   FROM    VALUE  DATE(S)
                                          NORMAL
................................................................
TEMPERATURE (F)
RECORD
 HIGH             107   07/29/1930
 LOW               51   07/15/1967
HIGHEST            99   07/21        98       1      101  07/30
                                                          07/29
LOWEST             67   07/01        65       2       67  07/06
AVG. MAXIMUM     94.3              91.6     2.7     95.0
AVG. MINIMUM     73.5              71.6     1.9     74.4
MEAN             83.9              81.6     2.3     84.7
DAYS MAX >= 90     29              22.0     7.0       27
DAYS MAX <= 32      0               0.0     0.0        0
DAYS MIN <= 32      0               0.0     0.0        0
DAYS MIN <= 0       0               0.0     0.0        0

PRECIPITATION (INCHES)
RECORD
 MAXIMUM        13.25   1979
 MINIMUM         0.21   1924
TOTALS           8.30              4.81    3.49     1.49
DAILY AVG.       0.27              0.16    0.11     0.05
DAYS >= .01        13              10.7     2.3        4
DAYS >= .10         6               7.3    -1.3        3
DAYS >= .50         5               3.2     1.8        1
DAYS >= 1.00        4               1.3     2.7        1
GREATEST
 24 HR. TOTAL    3.08   07/23 TO 07/23              1.24

SNOWFALL (INCHES)
RECORDS
 TOTAL            0.0   MM
TOTALS            0.0               0.0     0.0      0.0
SINCE 7/1         0.0               0.0     0.0      0.0
DAYS >= TRACE       0
DAYS >= 1.0         0               0.0     0.0        0
GREATEST
 24 HR TOTAL      0.0   07/31 TO 07/31

DEGREE_DAYS
HEATING TOTAL       0                 0       0        0
 SINCE 7/1          0                 0       0        0
COOLING TOTAL     593               515      78      618
 SINCE 1/1       1497              1295     202     1553
.................................................................

WIND (MPH)
AVERAGE WIND SPEED              5.3
HIGHEST WIND SPEED/DIRECTION    30/190    DATE  07/11
HIGHEST GUST SPEED/DIRECTION    40/200    DATE  07/11

SKY COVER
POSSIBLE SUNSHINE (PERCENT)   MM
AVERAGE SKY COVER           0.40
NUMBER OF DAYS FAIR           18
NUMBER OF DAYS PC             12
NUMBER OF DAYS CLOUDY          1

AVERAGE RH (PERCENT)     71

WEATHER CONDITIONS. NUMBER OF DAYS WITH
THUNDERSTORM             13     MIXED PRECIP               0
HEAVY RAIN                6     RAIN                       7
LIGHT RAIN               17     FREEZING RAIN              0
LT FREEZING RAIN          0     HAIL                       0
HEAVY SNOW                0     SNOW                       0
LIGHT SNOW                0     SLEET                      0
FOG                      10     FOG W/VIS <= 1/4 MILE      0
HAZE                      2

-  INDICATES NEGATIVE NUMBERS.
R  INDICATES RECORD WAS SET OR TIED.
MM INDICATES DATA IS MISSING.
T  INDICATES TRACE AMOUNT.

$$
