000
CXUS52 KJAX 020915
CLMJAX

CLIMATE REPORT
NATIONAL WEATHER SERVICE JACKSONVILLE FL
238 PM EDT THU JUN 1 2017

...................................

...THE JACKSONVILLE CLIMATE SUMMARY FOR THE MONTH OF MAY 2017...

CLIMATE NORMAL PERIOD 1981 TO 2010
CLIMATE RECORD PERIOD 1871 TO 2017

WEATHER         OBSERVED          NORMAL  DEPART  LAST YEAR`S
                 VALUE   DATE(S)  VALUE   FROM    VALUE  DATE(S)
                                          NORMAL
................................................................
TEMPERATURE (F)
RECORD
 HIGH             100   05/13/1967
 LOW               45   05/06/2016
                        05/08/1992
                        05/06/1973
HIGHEST            96   05/29        84      12       94  05/30
                        05/11
LOWEST             51   05/09        63     -12       45  05/06
                        05/06
AVG. MAXIMUM     88.1              85.5     2.6     86.2
AVG. MINIMUM     62.7              62.7     0.0     62.3
MEAN             75.4              74.1     1.3     74.3
DAYS MAX >= 90     13               6.9     6.1        6
DAYS MAX <= 32      0               0.0     0.0        0
DAYS MIN <= 32      0               0.0     0.0        0
DAYS MIN <= 0       0               0.0     0.0        0

PRECIPITATION (INCHES)
RECORD
 MAXIMUM        14.80   1903
 MINIMUM         0.09   1927
TOTALS           8.65              2.48    6.17     2.29
DAILY AVG.       0.28              0.08    0.20     0.07
DAYS >= .01        10               6.4     3.6        5
DAYS >= .10         9               3.7     5.3        4
DAYS >= .50         6               1.6     4.4        3
DAYS >= 1.00        2               0.5     1.5        0
GREATEST
 24 HR. TOTAL    3.70

SNOWFALL (INCHES)
RECORDS
 TOTAL             MM   MM
TOTALS            0.0               0.0     0.0      0.0
SINCE 7/1         0.0                 T     0.0      0.0
SNOWDEPTH AVG.      0                MM      MM        0
DAYS >= 1.0         0               0.0     0.0        0
GREATEST
 SNOW DEPTH         0   MM                             0  MM
 24 HR TOTAL      0.0

DEGREE_DAYS
HEATING TOTAL       0                 5      -5        6
 SINCE 7/1        782              1349    -567      949
COOLING TOTAL     329               288      41      301
 SINCE 1/1        656               484     172      577
.................................................................

WIND (MPH)
AVERAGE WIND SPEED              7.5
HIGHEST WIND SPEED/DIRECTION    48/330    DATE  05/31
HIGHEST GUST SPEED/DIRECTION    66/320    DATE  05/31

SKY COVER
POSSIBLE SUNSHINE (PERCENT)   MM
AVERAGE SKY COVER           0.50
NUMBER OF DAYS FAIR            9
NUMBER OF DAYS PC             15
NUMBER OF DAYS CLOUDY          7

AVERAGE RH (PERCENT)     69

WEATHER CONDITIONS. NUMBER OF DAYS WITH
THUNDERSTORM              0     MIXED PRECIP               0
HEAVY RAIN                5     RAIN                       4
LIGHT RAIN                8     FREEZING RAIN              0
LT FREEZING RAIN          0     HAIL                       1
HEAVY SNOW                0     SNOW                       0
LIGHT SNOW                0     SLEET                      0
FOG                      16     FOG W/VIS <= 1/4 MILE      3
HAZE                      6

-  INDICATES NEGATIVE NUMBERS.
R  INDICATES RECORD WAS SET OR TIED.
MM INDICATES DATA IS MISSING.
T  INDICATES TRACE AMOUNT.

$$
