000
CXUS52 KJAX 011541
CLMJAX

CLIMATE REPORT
NATIONAL WEATHER SERVICE JACKSONVILLE FL
1130 AM EDT MON JUN 1 2015

...................................

...THE JACKSONVILLE CLIMATE SUMMARY FOR THE MONTH OF MAY 2015...

CLIMATE NORMAL PERIOD 1981 TO 2010
CLIMATE RECORD PERIOD 1871 TO 2015

WEATHER         OBSERVED          NORMAL  DEPART  LAST YEAR`S
                 VALUE   DATE(S)  VALUE   FROM    VALUE  DATE(S)
                                          NORMAL
................................................................
TEMPERATURE (F)
RECORD
 HIGH             100   05/13/1967
 LOW               45   05/08/1992
                        05/06/1973
                        05/04/1971
HIGHEST            94   05/21        84      10       93  05/23
LOWEST             49   05/02        63     -14       52  05/04
AVG. MAXIMUM     85.7              85.5     0.2     84.5
AVG. MINIMUM     63.5              62.7     0.8     63.1
MEAN             74.6              74.1     0.5     73.8
DAYS MAX >= 90      7               6.9     0.1        8
DAYS MAX <= 32      0               0.0     0.0        0
DAYS MIN <= 32      0               0.0     0.0        0
DAYS MIN <= 0       0               0.0     0.0        0

PRECIPITATION (INCHES)
RECORD
 MAXIMUM        14.80   1903
 MINIMUM         0.09   1927
TOTALS           1.08              2.48   -1.40     5.48
DAILY AVG.       0.03              0.08   -0.05     0.18
DAYS >= .01         2               6.4    -4.4        8
DAYS >= .10         2               3.7    -1.7        5
DAYS >= .50         1               1.6    -0.6        4
DAYS >= 1.00        0               0.5    -0.5        2
GREATEST
 24 HR. TOTAL    0.94

SNOWFALL (INCHES)
RECORDS
 TOTAL             MM   MM
TOTALS            0.0               0.0     0.0      0.0
SINCE 7/1           T                 T     0.0      0.0
SNOWDEPTH AVG.      0                MM      MM        0
DAYS >= 1.0         0               0.0     0.0        0
GREATEST
 SNOW DEPTH         0   MM                             0  MM
 24 HR TOTAL      0.0

DEGREE_DAYS
HEATING TOTAL       2                 5      -3        6
 SINCE 7/1       1337              1349     -12     1309
COOLING TOTAL     309               288      21      285
 SINCE 1/1        645               484     161      484
.................................................................

WIND (MPH)
AVERAGE WIND SPEED              7.2
HIGHEST WIND SPEED/DIRECTION    24/350    DATE  05/19
HIGHEST GUST SPEED/DIRECTION    31/350    DATE  05/19

SKY COVER
POSSIBLE SUNSHINE (PERCENT)   MM
AVERAGE SKY COVER           0.50
NUMBER OF DAYS FAIR            8
NUMBER OF DAYS PC             20
NUMBER OF DAYS CLOUDY          3

AVERAGE RH (PERCENT)     71

WEATHER CONDITIONS. NUMBER OF DAYS WITH
THUNDERSTORM              0     MIXED PRECIP               0
HEAVY RAIN                1     RAIN                       1
LIGHT RAIN                5     FREEZING RAIN              0
LT FREEZING RAIN          0     HAIL                       0
HEAVY SNOW                0     SNOW                       0
LIGHT SNOW                0     SLEET                      0
FOG                      12     FOG W/VIS <= 1/4 MILE      1
HAZE                      3

-  INDICATES NEGATIVE NUMBERS.
R  INDICATES RECORD WAS SET OR TIED.
MM INDICATES DATA IS MISSING.
T  INDICATES TRACE AMOUNT.

$$
