000
CXUS52 KJAX 031828
CLMJAX

CLIMATE REPORT
NATIONAL WEATHER SERVICE JACKSONVILLE FL
226 PM EDT WED SEP 3 2014

...................................

...THE JACKSONVILLE CLIMATE SUMMARY FOR THE MONTH OF AUGUST 2014...

CLIMATE NORMAL PERIOD 1981 TO 2010
CLIMATE RECORD PERIOD 1871 TO 2014

WEATHER         OBSERVED          NORMAL  DEPART  LAST YEAR`S
                 VALUE   DATE(S)  VALUE   FROM    VALUE  DATE(S)
                                          NORMAL
................................................................
TEMPERATURE (F)
RECORD
 HIGH             102   08/01/1999
 LOW               63   08/09/2002
                        08/29/1984
HIGHEST            99   08/22        89      10       95  08/13
                                                          08/12
                                                          08/11
LOWEST             64   08/28        72      -8       69  08/28
AVG. MAXIMUM     91.8              90.9     0.9     90.1
AVG. MINIMUM     72.5              72.7    -0.2     73.5
MEAN             82.2              81.8     0.4     81.8
DAYS MAX >= 90     23              19.3     3.7       18
DAYS MAX <= 32      0               0.0     0.0        0
DAYS MIN <= 32      0               0.0     0.0        0
DAYS MIN <= 0       0               0.0     0.0        0

PRECIPITATION (INCHES)
RECORD
 MAXIMUM        16.83   2008
 MINIMUM         0.76   1930
TOTALS           3.03              6.80   -3.77     5.95
DAILY AVG.       0.10              0.22   -0.12     0.19
DAYS >= .01        11              15.0    -4.0       15
DAYS >= .10         6               9.8    -3.8       12
DAYS >= .50         3               4.1    -1.1        4
DAYS >= 1.00        0               1.9    -1.9        2
GREATEST
 24 HR. TOTAL    1.29

SNOWFALL (INCHES)
RECORDS
 TOTAL             MM   MM
TOTALS            0.0               0.0     0.0      0.0
SINCE 7/1         0.0               0.0     0.0      0.0
SNOWDEPTH AVG.      0                MM      MM        0
DAYS >= 1.0         0               0.0     0.0        0
GREATEST
 SNOW DEPTH         0   MM                             0  MM
 24 HR TOTAL      0.0

DEGREE_DAYS
HEATING TOTAL       0                 0       0        0
 SINCE 7/1          0                 0       0        0
COOLING TOTAL     536               521      15      530
 SINCE 1/1       1988              1990      -2     1929
.................................................................

WIND (MPH)
AVERAGE WIND SPEED              6.3
HIGHEST WIND SPEED/DIRECTION    31/280    DATE  08/19
HIGHEST GUST SPEED/DIRECTION    48/260    DATE  08/19

SKY COVER
POSSIBLE SUNSHINE (PERCENT)   MM
AVERAGE SKY COVER           0.50
NUMBER OF DAYS FAIR            5
NUMBER OF DAYS PC             22
NUMBER OF DAYS CLOUDY          4

AVERAGE RH (PERCENT)     77

WEATHER CONDITIONS. NUMBER OF DAYS WITH
THUNDERSTORM              0     MIXED PRECIP               0
HEAVY RAIN                7     RAIN                       5
LIGHT RAIN               15     FREEZING RAIN              0
LT FREEZING RAIN          0     HAIL                       0
HEAVY SNOW                0     SNOW                       0
LIGHT SNOW                0     SLEET                      0
FOG                      15     FOG W/VIS <= 1/4 MILE      0
HAZE                      1

-  INDICATES NEGATIVE NUMBERS.
R  INDICATES RECORD WAS SET OR TIED.
MM INDICATES DATA IS MISSING.
T  INDICATES TRACE AMOUNT.

$$
