000
CXUS52 KJAX 011557
CLMJAX

CLIMATE REPORT
NATIONAL WEATHER SERVICE JACKSONVILLE FL
1056 AM EST THU DEC 1 2016

...................................

...THE JACKSONVILLE CLIMATE SUMMARY FOR THE MONTH OF NOVEMBER 2016...

CLIMATE NORMAL PERIOD 1981 TO 2010
CLIMATE RECORD PERIOD 1871 TO 2016

WEATHER         OBSERVED          NORMAL  DEPART  LAST YEAR`S
                 VALUE   DATE(S)  VALUE   FROM    VALUE  DATE(S)
                                          NORMAL
................................................................
TEMPERATURE (F)
RECORD
 HIGH              89   11/03/2015
                        11/01/2015
                        00/11/2583
 LOW               21   11/25/1970
HIGHEST            85   11/04        73      12       89  11/03
                                                          11/01
LOWEST             30   11/21        51     -21       37  11/23
AVG. MAXIMUM     75.5              73.5     2.0     77.8
AVG. MINIMUM     50.4              50.9    -0.5     59.1
MEAN             63.0              62.2     0.8     68.5
DAYS MAX >= 90      0               0.0     0.0        0
DAYS MAX <= 32      0               0.0     0.0        0
DAYS MIN <= 32      1               0.7     0.3        0
DAYS MIN <= 0       0               0.0     0.0        0

PRECIPITATION (INCHES)
RECORD
 MAXIMUM         7.12   1947
 MINIMUM            T   1970
TOTALS           0.02              2.11   -2.09     3.92
DAILY AVG.       0.00              0.07   -0.07     0.13
DAYS >= .01         1               6.8    -5.8        6
DAYS >= .10         0               3.8    -3.8        3
DAYS >= .50         0               1.2    -1.2        2
DAYS >= 1.00        0               0.7    -0.7        2
GREATEST
 24 HR. TOTAL    0.02

SNOWFALL (INCHES)
RECORDS
 TOTAL              T   1911
TOTALS            0.0               0.0     0.0      0.0
SINCE 7/1         0.0               0.0     0.0      0.0
SNOWDEPTH AVG.      0                MM      MM        0
DAYS >= 1.0         0               0.0     0.0        0
GREATEST
 SNOW DEPTH         0   MM                             0  MM
 24 HR TOTAL      0.0

DEGREE_DAYS
HEATING TOTAL     115               145     -30       47
 SINCE 7/1        130               173     -43       54
COOLING TOTAL      58                61      -3      161
 SINCE 1/1       2951              2644     307     2960
.................................................................

WIND (MPH)
AVERAGE WIND SPEED              5.9
HIGHEST WIND SPEED/DIRECTION    24/040    DATE  11/07
HIGHEST GUST SPEED/DIRECTION    30/180    DATE  11/30

SKY COVER
POSSIBLE SUNSHINE (PERCENT)   MM
AVERAGE SKY COVER           0.50
NUMBER OF DAYS FAIR           12
NUMBER OF DAYS PC             13
NUMBER OF DAYS CLOUDY          5

AVERAGE RH (PERCENT)     73

WEATHER CONDITIONS. NUMBER OF DAYS WITH
THUNDERSTORM              0     MIXED PRECIP               0
HEAVY RAIN                0     RAIN                       0
LIGHT RAIN                0     FREEZING RAIN              0
LT FREEZING RAIN          0     HAIL                       0
HEAVY SNOW                0     SNOW                       0
LIGHT SNOW                0     SLEET                      0
FOG                      13     FOG W/VIS <= 1/4 MILE      4
HAZE                      2

-  INDICATES NEGATIVE NUMBERS.
R  INDICATES RECORD WAS SET OR TIED.
MM INDICATES DATA IS MISSING.
T  INDICATES TRACE AMOUNT.

$$
