000
CXUS52 KJAX 010915
CLMJAX

CLIMATE REPORT
NATIONAL WEATHER SERVICE JACKSONVILLE FL
413 AM EST SUN JAN 1 2017

...................................

...THE JACKSONVILLE CLIMATE SUMMARY FOR THE YEAR OF 2016...

CLIMATE NORMAL PERIOD 1981 TO 2010
CLIMATE RECORD PERIOD 1871 TO 2016

WEATHER         OBSERVED          NORMAL  DEPART  LAST YEAR`S
                 VALUE   DATE(S)  VALUE   FROM    VALUE  DATE(S)
                                          NORMAL
................................................................
TEMPERATURE (F)
RECORD
 HIGH             104   07/11/1879
                        07/28/1872
 LOW                7   01/21/1985
HIGHEST           101   07/28        78      23       98  07/12
                                                          06/19
LOWEST             26   01/24        58     -32       24  02/20
AVG. MAXIMUM     81.1              79.3     1.8     80.5
AVG. MINIMUM     58.6              57.8     0.8     60.5
MEAN             69.8              68.6     1.2     70.5
DAYS MAX >= 90     97              73.2    23.8       78
DAYS MAX <= 32      0               0.1    -0.1        0
DAYS MIN <= 32     15              15.6    -0.6        8
DAYS MIN <= 0       0               0.0     0.0        0

PRECIPITATION (INCHES)
RECORD
 MAXIMUM        82.27   1947
 MINIMUM        30.44   1927
TOTALS          38.52             52.39  -13.87    44.54
DAILY AVG.       0.11              0.14   -0.03     0.12
DAYS >= .01        94             113.5   -19.5      118
DAYS >= .10        57              74.7   -17.7       78
DAYS >= .50        20              32.3   -12.3       32
DAYS >= 1.00        9              15.6    -6.6       13
GREATEST
 24 HR. TOTAL    6.29   MM                       12/31 TO 12/31
                                                          12/31 TO 12/31
                                                          12/31 TO 12/31
 STORM TOTAL       MM                                 MM
 (MM/DD(HH))            MM                    12/31(00) TO 12/31(00)
                                                 12/31(00) TO 12/31(00)1
                                                 12/31(00) TO 12/31(00)1

SNOWFALL (INCHES)
RECORDS
 TOTAL            1.9   1899
 24 HR TOTAL      1.9   02/13/1899 TO 02/13/1899
 SNOW DEPTH         1   02/13/1899
                        12/23/1989
TOTALS            0.0                 T     0.0        T
 LIQUID EQUIV    0.00              0.00    0.00       MM
SINCE 7/1         0.0                 T     0.0      0.0
 LIQUID 7/1      0.00              0.00    0.00     0.00
SNOWDEPTH AVG.      0                MM      MM        0
DAYS >= TRACE       0               0.0     0.0        1
DAYS >= 1.0         0               0.0     0.0        0
GREATEST
 SNOW DEPTH         0   MM                             0  MM
 24 HR TOTAL      0.0   MM                       12/31 TO 12/31
                                                          12/31 TO 12/31
                                                          12/31 TO 12/31
 STORM TOTAL       MM                                 MM
 (MM/DD(HH))            MM                    12/31(00) TO 12/31(00)
                                                 12/31(00) TO 12/31(00)1
                                                 12/31(00) TO 12/31(00)1

DEGREE_DAYS
HEATING TOTAL    1118              1350    -232      966
 SINCE 7/1        310               496    -186      141
COOLING TOTAL    2994              2664     330     3101
 SINCE 1/1       2994              2665     329     3101

FREEZE DATES
RECORD
 EARLIEST     11/03/1954
 LATEST       04/08/2007
EARLIEST                        12/06
LATEST                          02/26
..................................................

WIND (MPH)
AVERAGE WIND SPEED              6.8
RESULTANT WIND SPEED/DIRECTION   0/027
HIGHEST WIND SPEED/DIRECTION    45/360    DATE  10/07
HIGHEST GUST SPEED/DIRECTION    64/010    DATE  10/07

AVERAGE RH (PERCENT)     73


-  INDICATES NEGATIVE NUMBERS.
R  INDICATES RECORD WAS SET OR TIED.
MM INDICATES DATA IS MISSING.
T  INDICATES TRACE AMOUNT.

$$
