000
CXUS52 KJAX 011655
CLMJAX

CLIMATE REPORT
NATIONAL WEATHER SERVICE JACKSONVILLE FL
1219 PM EDT WED OCT 1 2014

...................................

...THE JACKSONVILLE CLIMATE SUMMARY FOR THE MONTH OF SEPTEMBER 2014...

CLIMATE NORMAL PERIOD 1981 TO 2010
CLIMATE RECORD PERIOD 1871 TO 2014

WEATHER         OBSERVED          NORMAL  DEPART  LAST YEAR`S
                 VALUE   DATE(S)  VALUE   FROM    VALUE  DATE(S)
                                          NORMAL
................................................................
TEMPERATURE (F)
RECORD
 HIGH              99   09/03/1912
 LOW               48   09/20/1981
                        09/19/1981
HIGHEST            94   09/01        86       8       93  09/13
                                                          09/04
LOWEST             62   09/22        69      -7       63  09/30
AVG. MAXIMUM     85.6              86.9    -1.3     86.6
AVG. MINIMUM     69.8              69.5     0.3     70.3
MEAN             77.7              78.2    -0.5     78.4
DAYS MAX >= 90      9               7.9     1.1       10
DAYS MAX <= 32      0               0.0     0.0        0
DAYS MIN <= 32      0               0.0     0.0        0
DAYS MIN <= 0       0               0.0     0.0        0

PRECIPITATION (INCHES)
RECORD
 MAXIMUM        21.79   1908
 MINIMUM         0.07   1931
TOTALS           9.80              8.19    1.61     3.58
DAILY AVG.       0.33              0.27    0.06     0.12
DAYS >= .01        13              12.2     0.8       10
DAYS >= .10        11               8.6     2.4        7
DAYS >= .50         7               4.4     2.6        2
DAYS >= 1.00        4               2.4     1.6        1
GREATEST
 24 HR. TOTAL    3.05

SNOWFALL (INCHES)
RECORDS
 TOTAL             MM   MM
TOTALS            0.0               0.0     0.0      0.0
SINCE 7/1         0.0               0.0     0.0      0.0
SNOWDEPTH AVG.      0                MM      MM        0
DAYS >= 1.0         0               0.0     0.0        0
GREATEST
 SNOW DEPTH         0   MM                             0  MM
 24 HR TOTAL      0.0

DEGREE_DAYS
HEATING TOTAL       0                 0       0        0
 SINCE 7/1          0                 0       0        0
COOLING TOTAL     391               396      -5      410
 SINCE 1/1       2379              2386      -7     2339
.................................................................

WIND (MPH)
AVERAGE WIND SPEED              5.3
HIGHEST WIND SPEED/DIRECTION    24/040    DATE  09/23
HIGHEST GUST SPEED/DIRECTION    30/040    DATE  09/23

SKY COVER
POSSIBLE SUNSHINE (PERCENT)   MM
AVERAGE SKY COVER           0.70
NUMBER OF DAYS FAIR            1
NUMBER OF DAYS PC             13
NUMBER OF DAYS CLOUDY         16

AVERAGE RH (PERCENT)     82

WEATHER CONDITIONS. NUMBER OF DAYS WITH
THUNDERSTORM              0     MIXED PRECIP               0
HEAVY RAIN                7     RAIN                       8
LIGHT RAIN               14     FREEZING RAIN              0
LT FREEZING RAIN          0     HAIL                       0
HEAVY SNOW                0     SNOW                       0
LIGHT SNOW                0     SLEET                      0
FOG                      22     FOG W/VIS <= 1/4 MILE      1
HAZE                      3

-  INDICATES NEGATIVE NUMBERS.
R  INDICATES RECORD WAS SET OR TIED.
MM INDICATES DATA IS MISSING.
T  INDICATES TRACE AMOUNT.

$$
