065
CXUS52 KJAX 011043
CLMJAX

CLIMATE REPORT
NATIONAL WEATHER SERVICE JACKSONVILLE FL
643 AM EDT SAT APR 1 2017

...................................

...THE JACKSONVILLE CLIMATE SUMMARY FOR THE MONTH OF MARCH 2017...

CLIMATE NORMAL PERIOD 1981 TO 2010
CLIMATE RECORD PERIOD 1871 TO 2017

WEATHER         OBSERVED          NORMAL  DEPART  LAST YEAR`S
                 VALUE   DATE(S)  VALUE   FROM    VALUE  DATE(S)
                                          NORMAL
................................................................
TEMPERATURE (F)
RECORD
 HIGH              91   03/10/1974
                        03/12/1967
                        03/23/1935
 LOW               23   03/03/1980
HIGHEST            88   03/30        73      15       88  03/31
                        03/29                             03/15
                        03/01
LOWEST             28   03/16        50     -22       37  03/22
AVG. MAXIMUM     75.1              73.7     1.4     78.4
AVG. MINIMUM     49.4              49.7    -0.3     53.9
MEAN             62.3              61.7     0.6     66.1
DAYS MAX >= 90      0               0.0     0.0        0
DAYS MAX <= 32      0               0.0     0.0        0
DAYS MIN <= 32      2               0.8     1.2        0
DAYS MIN <= 0       0               0.0     0.0        0

PRECIPITATION (INCHES)
RECORD
 MAXIMUM        12.52   1948
 MINIMUM         0.12   1945
TOTALS           1.07              3.95   -2.88     1.83
DAILY AVG.       0.03              0.13   -0.10     0.06
DAYS >= .01         4               8.2    -4.2        9
DAYS >= .10         3               5.9    -2.9        6
DAYS >= .50         1               2.5    -1.5        1
DAYS >= 1.00        0               1.2    -1.2        0
GREATEST
 24 HR. TOTAL    0.60

SNOWFALL (INCHES)
RECORDS
 TOTAL            0.5   1986
TOTALS            0.0                 T     0.0      0.0
SINCE 7/1         0.0                 T     0.0      0.0
SNOWDEPTH AVG.      0                MM      MM        0
DAYS >= 1.0         0               0.0     0.0        0
GREATEST
 SNOW DEPTH         0   MM                             0  MM
 24 HR TOTAL      0.0

DEGREE_DAYS
HEATING TOTAL     158               156       2       74
 SINCE 7/1        761              1289    -528      922
COOLING TOTAL      79                54      25      118
 SINCE 1/1        151                83      68      142
.................................................................

WIND (MPH)
AVERAGE WIND SPEED              7.9
HIGHEST WIND SPEED/DIRECTION    30/280    DATE  03/14
HIGHEST GUST SPEED/DIRECTION    37/270    DATE  03/14

SKY COVER
POSSIBLE SUNSHINE (PERCENT)   MM
AVERAGE SKY COVER           0.40
NUMBER OF DAYS FAIR           10
NUMBER OF DAYS PC             18
NUMBER OF DAYS CLOUDY          3

AVERAGE RH (PERCENT)     68

WEATHER CONDITIONS. NUMBER OF DAYS WITH
THUNDERSTORM              0     MIXED PRECIP               0
HEAVY RAIN                1     RAIN                       2
LIGHT RAIN                5     FREEZING RAIN              0
LT FREEZING RAIN          0     HAIL                       0
HEAVY SNOW                0     SNOW                       0
LIGHT SNOW                0     SLEET                      0
FOG                      11     FOG W/VIS <= 1/4 MILE      0
HAZE                      0

-  INDICATES NEGATIVE NUMBERS.
R  INDICATES RECORD WAS SET OR TIED.
MM INDICATES DATA IS MISSING.
T  INDICATES TRACE AMOUNT.

$$
